85.101.144.158 - - [12/Jul/2007:07:28:52 -0700] "GET /index.html HTTP/1.1" 404 275 "http://www.grammies-attic.com/new-white-cotton-blend-knee-socks.html" "Mozilla/4.0 (compatible; MSIE 7.0; Windows NT 5.1; .NET CLR 1.1.4322)" "site.grammies-attic.com"
85.101.144.158 - - [12/Jul/2007:07:28:52 -0700] "GET /logo-files/images/logo-with-horizontal-nav-07.gif HTTP/1.1" 200 23079 "http://www.grammies-attic.com/new-white-cotton-blend-knee-socks.html" "Mozilla/4.0 (compatible; MSIE 7.0; Windows NT 5.1; .NET CLR 1.1.4322)" "site.grammies-attic.com"
85.101.144.158 - - [12/Jul/2007:07:28:54 -0700] "GET /logo-files/images/logo-with-horizontal-nav-08.gif HTTP/1.1" 200 1958 "http://www.grammies-attic.com/new-white-cotton-blend-knee-socks.html" "Mozilla/4.0 (compatible; MSIE 7.0; Windows NT 5.1; .NET CLR 1.1.4322)" "site.grammies-attic.com"
85.101.144.158 - - [12/Jul/2007:07:28:56 -0700] "GET /logo-files/images/logo-with-horizontal-nav-09.gif HTTP/1.1" 200 1012 "http://www.grammies-attic.com/new-white-cotton-blend-knee-socks.html" "Mozilla/4.0 (compatible; MSIE 7.0; Windows NT 5.1; .NET CLR 1.1.4322)" "site.grammies-attic.com"
85.101.144.158 - - [12/Jul/2007:07:28:58 -0700] "GET /logo-files/images/logo-with-horizontal-nav-10.gif HTTP/1.1" 200 835 "http://www.grammies-attic.com/new-white-cotton-blend-knee-socks.html" "Mozilla/4.0 (compatible; MSIE 7.0; Windows NT 5.1; .NET CLR 1.1.4322)" "site.grammies-attic.com"
85.101.144.158 - - [12/Jul/2007:07:28:58 -0700] "GET /logo-files/images/logo-with-horizontal-nav-11.gif HTTP/1.1" 200 1355 "http://www.grammies-attic.com/new-white-cotton-blend-knee-socks.html" "Mozilla/4.0 (compatible; MSIE 7.0; Windows NT 5.1; .NET CLR 1.1.4322)" "site.grammies-attic.com"
85.101.144.158 - - [12/Jul/2007:07:28:59 -0700] "GET /logo-files/images/logo-with-horizontal-nav-12.gif HTTP/1.1" 200 853 "http://www.grammies-attic.com/new-white-cotton-blend-knee-socks.html" "Mozilla/4.0 (compatible; MSIE 7.0; Windows NT 5.1; .NET CLR 1.1.4322)" "site.grammies-attic.com"
85.101.144.158 - - [12/Jul/2007:07:29:00 -0700] "GET /logo-files/images/logo-with-horizontal-nav-13.gif HTTP/1.1" 200 1051 "http://www.grammies-attic.com/new-white-cotton-blend-knee-socks.html" "Mozilla/4.0 (compatible; MSIE 7.0; Windows NT 5.1; .NET CLR 1.1.4322)" "site.grammies-attic.com"
85.101.144.158 - - [12/Jul/2007:07:29:01 -0700] "GET /logo-files/images/logo-with-horizontal-nav-14.gif HTTP/1.1" 200 814 "http://www.grammies-attic.com/new-white-cotton-blend-knee-socks.html" "Mozilla/4.0 (compatible; MSIE 7.0; Windows NT 5.1; .NET CLR 1.1.4322)" "site.grammies-attic.com"
85.101.144.158 - - [12/Jul/2007:07:29:01 -0700] "GET /logo-files/images/logo-with-horizontal-nav-15.gif HTTP/1.1" 200 815 "http://www.grammies-attic.com/new-white-cotton-blend-knee-socks.html" "Mozilla/4.0 (compatible; MSIE 7.0; Windows NT 5.1; .NET CLR 1.1.4322)" "site.grammies-attic.com"
85.101.144.158 - - [12/Jul/2007:07:29:02 -0700] "GET /logo-files/images/logo-with-horizontal-nav-16.gif HTTP/1.1" 200 1303 "http://www.grammies-attic.com/new-white-cotton-blend-knee-socks.html" "Mozilla/4.0 (compatible; MSIE 7.0; Windows NT 5.1; .NET CLR 1.1.4322)" "site.grammies-attic.com"
85.101.144.158 - - [12/Jul/2007:07:29:03 -0700] "GET /logo-files/images/logo-with-horizontal-nav-17.gif HTTP/1.1" 200 874 "http://www.grammies-attic.com/new-white-cotton-blend-knee-socks.html" "Mozilla/4.0 (compatible; MSIE 7.0; Windows NT 5.1; .NET CLR 1.1.4322)" "site.grammies-attic.com"
85.101.144.158 - - [12/Jul/2007:07:29:04 -0700] "GET /logo-files/images/logo-with-horizontal-nav-18.gif HTTP/1.1" 200 815 "http://www.grammies-attic.com/new-white-cotton-blend-knee-socks.html" "Mozilla/4.0 (compatible; MSIE 7.0; Windows NT 5.1; .NET CLR 1.1.4322)" "site.grammies-attic.com"
85.101.144.158 - - [12/Jul/2007:07:29:04 -0700] "GET /logo-files/images/logo-with-horizontal-nav-19.gif HTTP/1.1" 200 1477 "http://www.grammies-attic.com/new-white-cotton-blend-knee-socks.html" "Mozilla/4.0 (compatible; MSIE 7.0; Windows NT 5.1; .NET CLR 1.1.4322)" "site.grammies-attic.com"
85.101.144.158 - - [12/Jul/2007:07:29:05 -0700] "GET /logo-files/images/logo-with-horizontal-nav-20.gif HTTP/1.1" 200 814 "http://www.grammies-attic.com/new-white-cotton-blend-knee-socks.html" "Mozilla/4.0 (compatible; MSIE 7.0; Windows NT 5.1; .NET CLR 1.1.4322)" "site.grammies-attic.com"
85.101.144.158 - - [12/Jul/2007:07:29:06 -0700] "GET /logo-files/images/logo-with-horizontal-nav-21.gif HTTP/1.1" 200 1070 "http://www.grammies-attic.com/new-white-cotton-blend-knee-socks.html" "Mozilla/4.0 (compatible; MSIE 7.0; Windows NT 5.1; .NET CLR 1.1.4322)" "site.grammies-attic.com"
85.101.144.158 - - [12/Jul/2007:07:29:07 -0700] "GET /logo-files/images/logo-with-horizontal-nav-22.gif HTTP/1.1" 200 835 "http://www.grammies-attic.com/new-white-cotton-blend-knee-socks.html" "Mozilla/4.0 (compatible; MSIE 7.0; Windows NT 5.1; .NET CLR 1.1.4322)" "site.grammies-attic.com"
85.101.144.158 - - [12/Jul/2007:07:29:07 -0700] "GET /logo-files/images/logo-with-horizontal-nav-23.gif HTTP/1.1" 200 1308 "http://www.grammies-attic.com/new-white-cotton-blend-knee-socks.html" "Mozilla/4.0 (compatible; MSIE 7.0; Windows NT 5.1; .NET CLR 1.1.4322)" "site.grammies-attic.com"
85.101.144.158 - - [12/Jul/2007:07:29:08 -0700] "GET /logo-files/images/logo-with-horizontal-nav-24.gif HTTP/1.1" 200 1102 "http://www.grammies-attic.com/new-white-cotton-blend-knee-socks.html" "Mozilla/4.0 (compatible; MSIE 7.0; Windows NT 5.1; .NET CLR 1.1.4322)" "site.grammies-attic.com"
85.101.144.158 - - [12/Jul/2007:07:29:10 -0700] "GET /logo-files/images/logo-with-horizontal-nav-26.gif HTTP/1.1" 200 817 "http://www.grammies-attic.com/new-white-cotton-blend-knee-socks.html" "Mozilla/4.0 (compatible; MSIE 7.0; Windows NT 5.1; .NET CLR 1.1.4322)" "site.grammies-attic.com"
85.101.144.158 - - [12/Jul/2007:07:29:10 -0700] "GET /logo-files/images/logo-with-horizontal-nav-27.gif HTTP/1.1" 200 1435 "http://www.grammies-attic.com/new-white-cotton-blend-knee-socks.html" "Mozilla/4.0 (compatible; MSIE 7.0; Windows NT 5.1; .NET CLR 1.1.4322)" "site.grammies-attic.com"
85.101.144.158 - - [12/Jul/2007:07:29:12 -0700] "GET /logo-files/images/logo-with-horizontal-nav-29.gif HTTP/1.1" 200 920 "http://www.grammies-attic.com/new-white-cotton-blend-knee-socks.html" "Mozilla/4.0 (compatible; MSIE 7.0; Windows NT 5.1; .NET CLR 1.1.4322)" "site.grammies-attic.com"
85.101.144.158 - - [12/Jul/2007:07:29:13 -0700] "GET /logo-files/images/logo-with-horizontal-nav-30.gif HTTP/1.1" 200 837 "http://www.grammies-attic.com/new-white-cotton-blend-knee-socks.html" "Mozilla/4.0 (compatible; MSIE 7.0; Windows NT 5.1; .NET CLR 1.1.4322)" "site.grammies-attic.com"
85.101.144.158 - - [12/Jul/2007:07:29:13 -0700] "GET /logo-files/images/logo-with-horizontal-nav-31.gif HTTP/1.1" 200 824 "http://www.grammies-attic.com/new-white-cotton-blend-knee-socks.html" "Mozilla/4.0 (compatible; MSIE 7.0; Windows NT 5.1; .NET CLR 1.1.4322)" "site.grammies-attic.com"
85.101.144.158 - - [12/Jul/2007:07:29:14 -0700] "GET /CROPPEDBAR.gif HTTP/1.1" 200 527 "http://www.grammies-attic.com/new-white-cotton-blend-knee-socks.html" "Mozilla/4.0 (compatible; MSIE 7.0; Windows NT 5.1; .NET CLR 1.1.4322)" "site.grammies-attic.com"
65.100.211.65 - - [12/Jul/2007:07:29:51 -0700] "GET /index.html HTTP/1.1" 404 275 "http://www.grammies-attic.com/saco-sailor-suits-for-boys-all-sizes.html" "Mozilla/4.0 (compatible; MSIE 7.0; Windows NT 5.1; .NET CLR 1.1.4322)" "site.grammies-attic.com"
65.100.211.65 - - [12/Jul/2007:07:30:07 -0700] "GET /index.html HTTP/1.1" 404 275 "http://www.grammies-attic.com/new-samara-red-velvet-sailor-suit-with-front-zipper-sz6-9mo.html" "Mozilla/4.0 (compatible; MSIE 7.0; Windows NT 5.1; .NET CLR 1.1.4322)" "site.grammies-attic.com"
65.100.211.65 - - [12/Jul/2007:07:30:12 -0700] "GET /index.html HTTP/1.1" 404 275 "http://www.grammies-attic.com/saco-sailor-suits-for-boys-all-sizes.html" "Mozilla/4.0 (compatible; MSIE 7.0; Windows NT 5.1; .NET CLR 1.1.4322)" "site.grammies-attic.com"
68.194.15.227 - - [12/Jul/2007:07:30:13 -0700] "GET /index.html HTTP/1.1" 404 275 "http://www.grammies-attic.com/new-baby-dove-pintucked-cotton-romper-with-embroidery.html" "Mozilla/4.0 (compatible; MSIE 6.0; Windows NT 5.1; SV1)" "site.grammies-attic.com"
65.100.211.65 - - [12/Jul/2007:07:30:16 -0700] "GET /index.html HTTP/1.1" 404 275 "http://www.grammies-attic.com/new-lauren-marie-white-linen-romper-with-openwork-embroidered-sailor-collar.html" "Mozilla/4.0 (compatible; MSIE 7.0; Windows NT 5.1; .NET CLR 1.1.4322)" "site.grammies-attic.com"
68.194.15.227 - - [12/Jul/2007:07:30:17 -0700] "GET /index.html HTTP/1.1" 404 275 "http://www.grammies-attic.com/boys-christening-sizes-newborn-to-6-months.html" "Mozilla/4.0 (compatible; MSIE 6.0; Windows NT 5.1; SV1)" "site.grammies-attic.com"
68.194.15.227 - - [12/Jul/2007:07:30:20 -0700] "GET /index.html HTTP/1.1" 404 275 "http://www.grammies-attic.com/new-chabre-white-linen-romper-with-pleated-front.html" "Mozilla/4.0 (compatible; MSIE 6.0; Windows NT 5.1; SV1)" "site.grammies-attic.com"
68.194.15.227 - - [12/Jul/2007:07:30:20 -0700] "GET /images/bailey-babies.bmp HTTP/1.1" 200 10846 "http://www.grammies-attic.com/new-chabre-white-linen-romper-with-pleated-front.html" "Mozilla/4.0 (compatible; MSIE 6.0; Windows NT 5.1; SV1)" "site.grammies-attic.com"
65.100.211.65 - - [12/Jul/2007:07:30:21 -0700] "GET /index.html HTTP/1.1" 404 275 "http://www.grammies-attic.com/saco-sailor-suits-for-boys-all-sizes.html" "Mozilla/4.0 (compatible; MSIE 7.0; Windows NT 5.1; .NET CLR 1.1.4322)" "site.grammies-attic.com"
68.194.15.227 - - [12/Jul/2007:07:30:28 -0700] "GET /index.html HTTP/1.1" 404 275 "http://www.grammies-attic.com/boys-christening-sizes-newborn-to-6-months.html" "Mozilla/4.0 (compatible; MSIE 6.0; Windows NT 5.1; SV1)" "site.grammies-attic.com"
68.194.15.227 - - [12/Jul/2007:07:30:33 -0700] "GET /index.html HTTP/1.1" 404 275 "http://www.grammies-attic.com/new-rosalina-white-linen-button-on-shorts-set-with-embroidered-cross.html" "Mozilla/4.0 (compatible; MSIE 6.0; Windows NT 5.1; SV1)" "site.grammies-attic.com"
68.194.15.227 - - [12/Jul/2007:07:30:37 -0700] "GET /index.html HTTP/1.1" 404 275 "http://www.grammies-attic.com/boys-christening-sizes-newborn-to-6-months.html" "Mozilla/4.0 (compatible; MSIE 6.0; Windows NT 5.1; SV1)" "site.grammies-attic.com"
65.100.211.65 - - [12/Jul/2007:07:30:40 -0700] "GET /index.html HTTP/1.1" 404 275 "http://www.grammies-attic.com/new-sophie-dess-white-cotton-sailor-shirt-with-navy-striped-shorts.html" "Mozilla/4.0 (compatible; MSIE 7.0; Windows NT 5.1; .NET CLR 1.1.4322)" "site.grammies-attic.com"
68.194.15.227 - - [12/Jul/2007:07:30:48 -0700] "GET /index.html HTTP/1.1" 404 275 "http://www.grammies-attic.com/new-sarah-louise-white-pintucked-romper-with-embroidery.html" "Mozilla/4.0 (compatible; MSIE 6.0; Windows NT 5.1; SV1)" "site.grammies-attic.com"
68.194.15.227 - - [12/Jul/2007:07:30:49 -0700] "GET /images/Sarah-Louise-smallest.jpg HTTP/1.1" 200 12832 "http://www.grammies-attic.com/new-sarah-louise-white-pintucked-romper-with-embroidery.html" "Mozilla/4.0 (compatible; MSIE 6.0; Windows NT 5.1; SV1)" "site.grammies-attic.com"
65.100.211.65 - - [12/Jul/2007:07:30:50 -0700] "GET /index.html HTTP/1.1" 404 275 "http://www.grammies-attic.com/saco-sailor-suits-for-boys-all-sizes.html" "Mozilla/4.0 (compatible; MSIE 7.0; Windows NT 5.1; .NET CLR 1.1.4322)" "site.grammies-attic.com"
68.194.15.227 - - [12/Jul/2007:07:30:52 -0700] "GET /index.html HTTP/1.1" 404 275 "http://www.grammies-attic.com/boys-christening-sizes-newborn-to-6-months.html" "Mozilla/4.0 (compatible; MSIE 6.0; Windows NT 5.1; SV1)" "site.grammies-attic.com"
68.194.15.227 - - [12/Jul/2007:07:30:59 -0700] "GET /index.html HTTP/1.1" 404 275 "http://www.grammies-attic.com/new-willbeth-white-linen-romper-with-matching-sailor-style-hat.html" "Mozilla/4.0 (compatible; MSIE 6.0; Windows NT 5.1; SV1)" "site.grammies-attic.com"
65.100.211.65 - - [12/Jul/2007:07:31:02 -0700] "GET /index.html HTTP/1.1" 404 275 "http://www.grammies-attic.com/new-petit-ami-navy-checked-smocked-sailor-romper.html" "Mozilla/4.0 (compatible; MSIE 7.0; Windows NT 5.1; .NET CLR 1.1.4322)" "site.grammies-attic.com"
68.194.15.227 - - [12/Jul/2007:07:31:03 -0700] "GET /index.html HTTP/1.1" 404 275 "http://www.grammies-attic.com/boys-christening-sizes-newborn-to-6-months.html" "Mozilla/4.0 (compatible; MSIE 6.0; Windows NT 5.1; SV1)" "site.grammies-attic.com"
68.194.15.227 - - [12/Jul/2007:07:31:15 -0700] "GET /index.html HTTP/1.1" 404 275 "http://www.grammies-attic.com/new-willbeth-white-smocked-linen-romper.html" "Mozilla/4.0 (compatible; MSIE 6.0; Windows NT 5.1; SV1)" "site.grammies-attic.com"
68.194.15.227 - - [12/Jul/2007:07:31:21 -0700] "GET /index.html HTTP/1.1" 404 275 "http://www.grammies-attic.com/boys-christening-sizes-newborn-to-6-months.html" "Mozilla/4.0 (compatible; MSIE 6.0; Windows NT 5.1; SV1)" "site.grammies-attic.com"
68.194.15.227 - - [12/Jul/2007:07:31:23 -0700] "GET /index.html HTTP/1.1" 404 275 "http://www.grammies-attic.com/new-sophie-dess-white-smocked-baby-romper-with-white-embroidery.html" "Mozilla/4.0 (compatible; MSIE 6.0; Windows NT 5.1; SV1)" "site.grammies-attic.com"
68.194.15.227 - - [12/Jul/2007:07:31:23 -0700] "GET /images/Sophie-Dess-smallest.jpg HTTP/1.1" 200 8235 "http://www.grammies-attic.com/new-sophie-dess-white-smocked-baby-romper-with-white-embroidery.html" "Mozilla/4.0 (compatible; MSIE 6.0; Windows NT 5.1; SV1)" "site.grammies-attic.com"
65.100.211.65 - - [12/Jul/2007:07:31:29 -0700] "GET /index.html HTTP/1.1" 404 275 "http://www.grammies-attic.com/saco-sailor-suits-for-boys-all-sizes.html" "Mozilla/4.0 (compatible; MSIE 7.0; Windows NT 5.1; .NET CLR 1.1.4322)" "site.grammies-attic.com"
65.100.211.65 - - [12/Jul/2007:07:31:36 -0700] "GET /index.html HTTP/1.1" 404 275 "http://www.grammies-attic.com/new-rare-editions-white-sailor-shortal-with-matching-sailor-hat.html" "Mozilla/4.0 (compatible; MSIE 7.0; Windows NT 5.1; .NET CLR 1.1.4322)" "site.grammies-attic.com"
68.194.15.227 - - [12/Jul/2007:07:31:47 -0700] "GET /index.html HTTP/1.1" 404 275 "http://www.grammies-attic.com/new-sophie-dess-white-smocked-baby-romper-with-white-embroidery.html" "Mozilla/4.0 (compatible; MSIE 6.0; Windows NT 5.1; SV1)" "site.grammies-attic.com"
68.194.15.227 - - [12/Jul/2007:07:31:48 -0700] "GET /index.html HTTP/1.1" 404 275 "http://www.grammies-attic.com/boys-christening-sizes-newborn-to-6-months.html" "Mozilla/4.0 (compatible; MSIE 6.0; Windows NT 5.1; SV1)" "site.grammies-attic.com"
65.100.211.65 - - [12/Jul/2007:07:31:50 -0700] "GET /index.html HTTP/1.1" 404 275 "http://www.grammies-attic.com/saco-sailor-suits-for-boys-all-sizes.html" "Mozilla/4.0 (compatible; MSIE 7.0; Windows NT 5.1; .NET CLR 1.1.4322)" "site.grammies-attic.com"
65.100.211.65 - - [12/Jul/2007:07:31:56 -0700] "GET /index.html HTTP/1.1" 404 275 "http://www.grammies-attic.com/new-castro-red-plaid-button-on-sailor-suit-for-toddlers.html" "Mozilla/4.0 (compatible; MSIE 7.0; Windows NT 5.1; .NET CLR 1.1.4322)" "site.grammies-attic.com"
68.194.15.227 - - [12/Jul/2007:07:31:58 -0700] "GET /index.html HTTP/1.1" 404 275 "http://www.grammies-attic.com/white-linen-button-on-shorts-set-and-matching-hat-with-blue-embroidery-sz6mo.html" "Mozilla/4.0 (compatible; MSIE 6.0; Windows NT 5.1; SV1)" "site.grammies-attic.com"
68.194.15.227 - - [12/Jul/2007:07:32:01 -0700] "GET /index.html HTTP/1.1" 404 275 "http://www.grammies-attic.com/boys-christening-sizes-newborn-to-6-months.html" "Mozilla/4.0 (compatible; MSIE 6.0; Windows NT 5.1; SV1)" "site.grammies-attic.com"
65.100.211.65 - - [12/Jul/2007:07:32:01 -0700] "GET /index.html HTTP/1.1" 404 275 "http://www.grammies-attic.com/saco-sailor-suits-for-boys-all-sizes.html" "Mozilla/4.0 (compatible; MSIE 7.0; Windows NT 5.1; .NET CLR 1.1.4322)" "site.grammies-attic.com"
65.100.211.65 - - [12/Jul/2007:07:32:06 -0700] "GET /index.html HTTP/1.1" 404 275 "http://www.grammies-attic.com/new-castro-navy-and-green-plaid-button-on-sailor-suit-for-babies.html" "Mozilla/4.0 (compatible; MSIE 7.0; Windows NT 5.1; .NET CLR 1.1.4322)" "site.grammies-attic.com"
65.100.211.65 - - [12/Jul/2007:07:32:11 -0700] "GET /index.html HTTP/1.1" 404 275 "http://www.grammies-attic.com/saco-sailor-suits-for-boys-all-sizes.html" "Mozilla/4.0 (compatible; MSIE 7.0; Windows NT 5.1; .NET CLR 1.1.4322)" "site.grammies-attic.com"
68.194.15.227 - - [12/Jul/2007:07:32:20 -0700] "GET /index.html HTTP/1.1" 404 275 "http://www.grammies-attic.com/new-willbeth-white-cotton-cardigan-sweater-with-delicate-cable-stitching.html" "Mozilla/4.0 (compatible; MSIE 6.0; Windows NT 5.1; SV1)" "site.grammies-attic.com"
205.176.83.47 - - [12/Jul/2007:07:32:28 -0700] "GET /logo-files/images/logo-with-horizontal-nav-ba.gif HTTP/1.1" 200 3521 "http://www.grammies-attic.com/fefrourcu.html" "Mozilla/4.0 (compatible; MSIE 7.0; Windows NT 5.1; .NET CLR 1.1.4322; .NET CLR 2.0.50727; .NET CLR 3.0.04506.30)" "site.grammies-attic.com"
205.176.83.47 - - [12/Jul/2007:07:32:28 -0700] "GET /credit-cards-5-copy.jpg HTTP/1.1" 200 39453 "http://www.grammies-attic.com/fefrourcu.html" "Mozilla/4.0 (compatible; MSIE 7.0; Windows NT 5.1; .NET CLR 1.1.4322; .NET CLR 2.0.50727; .NET CLR 3.0.04506.30)" "site.grammies-attic.com"
205.176.83.47 - - [12/Jul/2007:07:32:29 -0700] "GET /logo-files/images/spacer.gif HTTP/1.1" 200 43 "http://www.grammies-attic.com/fefrourcu.html" "Mozilla/4.0 (compatible; MSIE 7.0; Windows NT 5.1; .NET CLR 1.1.4322; .NET CLR 2.0.50727; .NET CLR 3.0.04506.30)" "site.grammies-attic.com"
68.194.15.227 - - [12/Jul/2007:07:32:29 -0700] "GET /index.html HTTP/1.1" 404 275 "http://www.grammies-attic.com/boys-christening-sizes-newborn-to-6-months.html" "Mozilla/4.0 (compatible; MSIE 6.0; Windows NT 5.1; SV1)" "site.grammies-attic.com"
205.176.83.47 - - [12/Jul/2007:07:32:29 -0700] "GET /logo-files/images/logo-with-horizontal-nav-03.gif HTTP/1.1" 200 1009 "http://www.grammies-attic.com/fefrourcu.html" "Mozilla/4.0 (compatible; MSIE 7.0; Windows NT 5.1; .NET CLR 1.1.4322; .NET CLR 2.0.50727; .NET CLR 3.0.04506.30)" "site.grammies-attic.com"
205.176.83.47 - - [12/Jul/2007:07:32:30 -0700] "GET /logo-files/images/logo-with-horizontal-nav-04.gif HTTP/1.1" 200 6253 "http://www.grammies-attic.com/fefrourcu.html" "Mozilla/4.0 (compatible; MSIE 7.0; Windows NT 5.1; .NET CLR 1.1.4322; .NET CLR 2.0.50727; .NET CLR 3.0.04506.30)" "site.grammies-attic.com"
205.176.83.47 - - [12/Jul/2007:07:32:31 -0700] "GET /logo-files/images/logo-with-horizontal-nav-05.gif HTTP/1.1" 200 1209 "http://www.grammies-attic.com/fefrourcu.html" "Mozilla/4.0 (compatible; MSIE 7.0; Windows NT 5.1; .NET CLR 1.1.4322; .NET CLR 2.0.50727; .NET CLR 3.0.04506.30)" "site.grammies-attic.com"
205.176.83.47 - - [12/Jul/2007:07:32:31 -0700] "GET /index.html HTTP/1.1" 404 275 "http://www.grammies-attic.com/fefrourcu.html" "Mozilla/4.0 (compatible; MSIE 7.0; Windows NT 5.1; .NET CLR 1.1.4322; .NET CLR 2.0.50727; .NET CLR 3.0.04506.30)" "site.grammies-attic.com"
205.176.83.47 - - [12/Jul/2007:07:32:31 -0700] "GET /logo-files/images/logo-with-horizontal-nav-07.gif HTTP/1.1" 200 23079 "http://www.grammies-attic.com/fefrourcu.html" "Mozilla/4.0 (compatible; MSIE 7.0; Windows NT 5.1; .NET CLR 1.1.4322; .NET CLR 2.0.50727; .NET CLR 3.0.04506.30)" "site.grammies-attic.com"
205.176.83.47 - - [12/Jul/2007:07:32:32 -0700] "GET /logo-files/images/logo-with-horizontal-nav-08.gif HTTP/1.1" 200 1958 "http://www.grammies-attic.com/fefrourcu.html" "Mozilla/4.0 (compatible; MSIE 7.0; Windows NT 5.1; .NET CLR 1.1.4322; .NET CLR 2.0.50727; .NET CLR 3.0.04506.30)" "site.grammies-attic.com"
205.176.83.47 - - [12/Jul/2007:07:32:32 -0700] "GET /logo-files/images/logo-with-horizontal-nav-09.gif HTTP/1.1" 200 1012 "http://www.grammies-attic.com/fefrourcu.html" "Mozilla/4.0 (compatible; MSIE 7.0; Windows NT 5.1; .NET CLR 1.1.4322; .NET CLR 2.0.50727; .NET CLR 3.0.04506.30)" "site.grammies-attic.com"
205.176.83.47 - - [12/Jul/2007:07:32:33 -0700] "GET /logo-files/images/logo-with-horizontal-nav-10.gif HTTP/1.1" 200 835 "http://www.grammies-attic.com/fefrourcu.html" "Mozilla/4.0 (compatible; MSIE 7.0; Windows NT 5.1; .NET CLR 1.1.4322; .NET CLR 2.0.50727; .NET CLR 3.0.04506.30)" "site.grammies-attic.com"
205.176.83.47 - - [12/Jul/2007:07:32:33 -0700] "GET /logo-files/images/logo-with-horizontal-nav-11.gif HTTP/1.1" 200 1355 "http://www.grammies-attic.com/fefrourcu.html" "Mozilla/4.0 (compatible; MSIE 7.0; Windows NT 5.1; .NET CLR 1.1.4322; .NET CLR 2.0.50727; .NET CLR 3.0.04506.30)" "site.grammies-attic.com"
205.176.83.47 - - [12/Jul/2007:07:32:33 -0700] "GET /logo-files/images/logo-with-horizontal-nav-12.gif HTTP/1.1" 200 853 "http://www.grammies-attic.com/fefrourcu.html" "Mozilla/4.0 (compatible; MSIE 7.0; Windows NT 5.1; .NET CLR 1.1.4322; .NET CLR 2.0.50727; .NET CLR 3.0.04506.30)" "site.grammies-attic.com"
205.176.83.47 - - [12/Jul/2007:07:32:33 -0700] "GET /logo-files/images/logo-with-horizontal-nav-13.gif HTTP/1.1" 200 1051 "http://www.grammies-attic.com/fefrourcu.html" "Mozilla/4.0 (compatible; MSIE 7.0; Windows NT 5.1; .NET CLR 1.1.4322; .NET CLR 2.0.50727; .NET CLR 3.0.04506.30)" "site.grammies-attic.com"
146.126.61.241 - - [12/Jul/2007:07:32:34 -0700] "GET /logo-files/images/logo-with-horizontal-nav-ba.gif HTTP/1.1" 200 3521 "http://grammies-attic.com/" "Mozilla/4.0 (compatible; MSIE 6.0; Windows NT 5.1; SV1; .NET CLR 1.1.4322; .NET CLR 2.0.50727; .NET CLR 1.0.3705)" "site.grammies-attic.com"
146.126.61.241 - - [12/Jul/2007:07:32:34 -0700] "GET /credit-cards-5-copy.jpg HTTP/1.1" 200 39453 "http://grammies-attic.com/" "Mozilla/4.0 (compatible; MSIE 6.0; Windows NT 5.1; SV1; .NET CLR 1.1.4322; .NET CLR 2.0.50727; .NET CLR 1.0.3705)" "site.grammies-attic.com"
205.176.83.47 - - [12/Jul/2007:07:32:34 -0700] "GET /logo-files/images/logo-with-horizontal-nav-14.gif HTTP/1.1" 200 814 "http://www.grammies-attic.com/fefrourcu.html" "Mozilla/4.0 (compatible; MSIE 7.0; Windows NT 5.1; .NET CLR 1.1.4322; .NET CLR 2.0.50727; .NET CLR 3.0.04506.30)" "site.grammies-attic.com"
205.176.83.47 - - [12/Jul/2007:07:32:34 -0700] "GET /logo-files/images/logo-with-horizontal-nav-15.gif HTTP/1.1" 200 815 "http://www.grammies-attic.com/fefrourcu.html" "Mozilla/4.0 (compatible; MSIE 7.0; Windows NT 5.1; .NET CLR 1.1.4322; .NET CLR 2.0.50727; .NET CLR 3.0.04506.30)" "site.grammies-attic.com"
146.126.61.241 - - [12/Jul/2007:07:32:34 -0700] "GET /logo-files/images/spacer.gif HTTP/1.1" 200 43 "http://grammies-attic.com/" "Mozilla/4.0 (compatible; MSIE 6.0; Windows NT 5.1; SV1; .NET CLR 1.1.4322; .NET CLR 2.0.50727; .NET CLR 1.0.3705)" "site.grammies-attic.com"
205.176.83.47 - - [12/Jul/2007:07:32:34 -0700] "GET /logo-files/images/logo-with-horizontal-nav-16.gif HTTP/1.1" 200 1303 "http://www.grammies-attic.com/fefrourcu.html" "Mozilla/4.0 (compatible; MSIE 7.0; Windows NT 5.1; .NET CLR 1.1.4322; .NET CLR 2.0.50727; .NET CLR 3.0.04506.30)" "site.grammies-attic.com"
146.126.61.241 - - [12/Jul/2007:07:32:36 -0700] "GET /logo-files/images/logo-with-horizontal-nav-03.gif HTTP/1.1" 200 1009 "http://grammies-attic.com/" "Mozilla/4.0 (compatible; MSIE 6.0; Windows NT 5.1; SV1; .NET CLR 1.1.4322; .NET CLR 2.0.50727; .NET CLR 1.0.3705)" "site.grammies-attic.com"
146.126.61.241 - - [12/Jul/2007:07:32:37 -0700] "GET /logo-files/images/logo-with-horizontal-nav-04.gif HTTP/1.1" 200 6253 "http://grammies-attic.com/" "Mozilla/4.0 (compatible; MSIE 6.0; Windows NT 5.1; SV1; .NET CLR 1.1.4322; .NET CLR 2.0.50727; .NET CLR 1.0.3705)" "site.grammies-attic.com"
146.126.61.241 - - [12/Jul/2007:07:32:37 -0700] "GET /logo-files/images/logo-with-horizontal-nav-05.gif HTTP/1.1" 200 1209 "http://grammies-attic.com/" "Mozilla/4.0 (compatible; MSIE 6.0; Windows NT 5.1; SV1; .NET CLR 1.1.4322; .NET CLR 2.0.50727; .NET CLR 1.0.3705)" "site.grammies-attic.com"
205.176.83.47 - - [12/Jul/2007:07:32:37 -0700] "GET /index.html HTTP/1.1" 404 275 "http://www.grammies-attic.com/special-occasion-for-girls.html" "Mozilla/4.0 (compatible; MSIE 7.0; Windows NT 5.1; .NET CLR 1.1.4322; .NET CLR 2.0.50727; .NET CLR 3.0.04506.30)" "site.grammies-attic.com"
205.176.83.47 - - [12/Jul/2007:07:32:37 -0700] "GET /logo-files/images/logo-with-horizontal-nav-16.gif HTTP/1.1" 200 1303 "http://www.grammies-attic.com/special-occasion-for-girls.html" "Mozilla/4.0 (compatible; MSIE 7.0; Windows NT 5.1; .NET CLR 1.1.4322; .NET CLR 2.0.50727; .NET CLR 3.0.04506.30)" "site.grammies-attic.com"
205.176.83.47 - - [12/Jul/2007:07:32:38 -0700] "GET /logo-files/images/logo-with-horizontal-nav-17.gif HTTP/1.1" 200 874 "http://www.grammies-attic.com/special-occasion-for-girls.html" "Mozilla/4.0 (compatible; MSIE 7.0; Windows NT 5.1; .NET CLR 1.1.4322; .NET CLR 2.0.50727; .NET CLR 3.0.04506.30)" "site.grammies-attic.com"
146.126.61.241 - - [12/Jul/2007:07:32:38 -0700] "GET /index.html HTTP/1.1" 404 275 "http://grammies-attic.com/" "Mozilla/4.0 (compatible; MSIE 6.0; Windows NT 5.1; SV1; .NET CLR 1.1.4322; .NET CLR 2.0.50727; .NET CLR 1.0.3705)" "site.grammies-attic.com"
146.126.61.241 - - [12/Jul/2007:07:32:38 -0700] "GET /logo-files/images/logo-with-horizontal-nav-07.gif HTTP/1.1" 200 23079 "http://grammies-attic.com/" "Mozilla/4.0 (compatible; MSIE 6.0; Windows NT 5.1; SV1; .NET CLR 1.1.4322; .NET CLR 2.0.50727; .NET CLR 1.0.3705)" "site.grammies-attic.com"
205.176.83.47 - - [12/Jul/2007:07:32:38 -0700] "GET /logo-files/images/logo-with-horizontal-nav-18.gif HTTP/1.1" 200 815 "http://www.grammies-attic.com/special-occasion-for-girls.html" "Mozilla/4.0 (compatible; MSIE 7.0; Windows NT 5.1; .NET CLR 1.1.4322; .NET CLR 2.0.50727; .NET CLR 3.0.04506.30)" "site.grammies-attic.com"
205.176.83.47 - - [12/Jul/2007:07:32:39 -0700] "GET /logo-files/images/logo-with-horizontal-nav-19.gif HTTP/1.1" 200 1477 "http://www.grammies-attic.com/special-occasion-for-girls.html" "Mozilla/4.0 (compatible; MSIE 7.0; Windows NT 5.1; .NET CLR 1.1.4322; .NET CLR 2.0.50727; .NET CLR 3.0.04506.30)" "site.grammies-attic.com"
205.176.83.47 - - [12/Jul/2007:07:32:39 -0700] "GET /logo-files/images/logo-with-horizontal-nav-20.gif HTTP/1.1" 200 814 "http://www.grammies-attic.com/special-occasion-for-girls.html" "Mozilla/4.0 (compatible; MSIE 7.0; Windows NT 5.1; .NET CLR 1.1.4322; .NET CLR 2.0.50727; .NET CLR 3.0.04506.30)" "site.grammies-attic.com"
146.126.61.241 - - [12/Jul/2007:07:32:39 -0700] "GET /logo-files/images/logo-with-horizontal-nav-08.gif HTTP/1.1" 200 1958 "http://grammies-attic.com/" "Mozilla/4.0 (compatible; MSIE 6.0; Windows NT 5.1; SV1; .NET CLR 1.1.4322; .NET CLR 2.0.50727; .NET CLR 1.0.3705)" "site.grammies-attic.com"
205.176.83.47 - - [12/Jul/2007:07:32:39 -0700] "GET /logo-files/images/logo-with-horizontal-nav-21.gif HTTP/1.1" 200 1070 "http://www.grammies-attic.com/special-occasion-for-girls.html" "Mozilla/4.0 (compatible; MSIE 7.0; Windows NT 5.1; .NET CLR 1.1.4322; .NET CLR 2.0.50727; .NET CLR 3.0.04506.30)" "site.grammies-attic.com"
205.176.83.47 - - [12/Jul/2007:07:32:39 -0700] "GET /logo-files/images/logo-with-horizontal-nav-22.gif HTTP/1.1" 200 835 "http://www.grammies-attic.com/special-occasion-for-girls.html" "Mozilla/4.0 (compatible; MSIE 7.0; Windows NT 5.1; .NET CLR 1.1.4322; .NET CLR 2.0.50727; .NET CLR 3.0.04506.30)" "site.grammies-attic.com"
146.126.61.241 - - [12/Jul/2007:07:32:40 -0700] "GET /logo-files/images/logo-with-horizontal-nav-09.gif HTTP/1.1" 200 1012 "http://grammies-attic.com/" "Mozilla/4.0 (compatible; MSIE 6.0; Windows NT 5.1; SV1; .NET CLR 1.1.4322; .NET CLR 2.0.50727; .NET CLR 1.0.3705)" "site.grammies-attic.com"
205.176.83.47 - - [12/Jul/2007:07:32:40 -0700] "GET /logo-files/images/logo-with-horizontal-nav-24.gif HTTP/1.1" 200 1102 "http://www.grammies-attic.com/special-occasion-for-girls.html" "Mozilla/4.0 (compatible; MSIE 7.0; Windows NT 5.1; .NET CLR 1.1.4322; .NET CLR 2.0.50727; .NET CLR 3.0.04506.30)" "site.grammies-attic.com"
205.176.83.47 - - [12/Jul/2007:07:32:40 -0700] "GET /logo-files/images/logo-with-horizontal-nav-23.gif HTTP/1.1" 200 1308 "http://www.grammies-attic.com/special-occasion-for-girls.html" "Mozilla/4.0 (compatible; MSIE 7.0; Windows NT 5.1; .NET CLR 1.1.4322; .NET CLR 2.0.50727; .NET CLR 3.0.04506.30)" "site.grammies-attic.com"
146.126.61.241 - - [12/Jul/2007:07:32:40 -0700] "GET /logo-files/images/logo-with-horizontal-nav-12.gif HTTP/1.1" 200 853 "http://grammies-attic.com/" "Mozilla/4.0 (compatible; MSIE 6.0; Windows NT 5.1; SV1; .NET CLR 1.1.4322; .NET CLR 2.0.50727; .NET CLR 1.0.3705)" "site.grammies-attic.com"
146.126.61.241 - - [12/Jul/2007:07:32:40 -0700] "GET /logo-files/images/logo-with-horizontal-nav-13.gif HTTP/1.1" 200 1051 "http://grammies-attic.com/" "Mozilla/4.0 (compatible; MSIE 6.0; Windows NT 5.1; SV1; .NET CLR 1.1.4322; .NET CLR 2.0.50727; .NET CLR 1.0.3705)" "site.grammies-attic.com"
205.176.83.47 - - [12/Jul/2007:07:32:40 -0700] "GET /logo-files/images/logo-with-horizontal-nav-25.gif HTTP/1.1" 200 1677 "http://www.grammies-attic.com/special-occasion-for-girls.html" "Mozilla/4.0 (compatible; MSIE 7.0; Windows NT 5.1; .NET CLR 1.1.4322; .NET CLR 2.0.50727; .NET CLR 3.0.04506.30)" "site.grammies-attic.com"
205.176.83.47 - - [12/Jul/2007:07:32:40 -0700] "GET /logo-files/images/logo-with-horizontal-nav-26.gif HTTP/1.1" 200 817 "http://www.grammies-attic.com/special-occasion-for-girls.html" "Mozilla/4.0 (compatible; MSIE 7.0; Windows NT 5.1; .NET CLR 1.1.4322; .NET CLR 2.0.50727; .NET CLR 3.0.04506.30)" "site.grammies-attic.com"
205.176.83.47 - - [12/Jul/2007:07:32:41 -0700] "GET /logo-files/images/logo-with-horizontal-nav-27.gif HTTP/1.1" 200 1435 "http://www.grammies-attic.com/special-occasion-for-girls.html" "Mozilla/4.0 (compatible; MSIE 7.0; Windows NT 5.1; .NET CLR 1.1.4322; .NET CLR 2.0.50727; .NET CLR 3.0.04506.30)" "site.grammies-attic.com"
205.176.83.47 - - [12/Jul/2007:07:32:41 -0700] "GET /logo-files/images/logo-with-horizontal-nav-28.gif HTTP/1.1" 200 1097 "http://www.grammies-attic.com/special-occasion-for-girls.html" "Mozilla/4.0 (compatible; MSIE 7.0; Windows NT 5.1; .NET CLR 1.1.4322; .NET CLR 2.0.50727; .NET CLR 3.0.04506.30)" "site.grammies-attic.com"
146.126.61.241 - - [12/Jul/2007:07:32:41 -0700] "GET /logo-files/images/logo-with-horizontal-nav-14.gif HTTP/1.1" 200 814 "http://grammies-attic.com/" "Mozilla/4.0 (compatible; MSIE 6.0; Windows NT 5.1; SV1; .NET CLR 1.1.4322; .NET CLR 2.0.50727; .NET CLR 1.0.3705)" "site.grammies-attic.com"
205.176.83.47 - - [12/Jul/2007:07:32:41 -0700] "GET /logo-files/images/logo-with-horizontal-nav-29.gif HTTP/1.1" 200 920 "http://www.grammies-attic.com/special-occasion-for-girls.html" "Mozilla/4.0 (compatible; MSIE 7.0; Windows NT 5.1; .NET CLR 1.1.4322; .NET CLR 2.0.50727; .NET CLR 3.0.04506.30)" "site.grammies-attic.com"
205.176.83.47 - - [12/Jul/2007:07:32:41 -0700] "GET /logo-files/images/logo-with-horizontal-nav-30.gif HTTP/1.1" 200 837 "http://www.grammies-attic.com/special-occasion-for-girls.html" "Mozilla/4.0 (compatible; MSIE 7.0; Windows NT 5.1; .NET CLR 1.1.4322; .NET CLR 2.0.50727; .NET CLR 3.0.04506.30)" "site.grammies-attic.com"
205.176.83.47 - - [12/Jul/2007:07:32:41 -0700] "GET /images/blue-sold-1.gif HTTP/1.1" 200 1135 "http://www.grammies-attic.com/special-occasion-for-girls.html" "Mozilla/4.0 (compatible; MSIE 7.0; Windows NT 5.1; .NET CLR 1.1.4322; .NET CLR 2.0.50727; .NET CLR 3.0.04506.30)" "site.grammies-attic.com"
146.126.61.241 - - [12/Jul/2007:07:32:41 -0700] "GET /logo-files/images/logo-with-horizontal-nav-14.gif HTTP/1.1" 200 814 "http://www.grammies-attic.com/eaco.html" "Mozilla/4.0 (compatible; MSIE 6.0; Windows NT 5.1; SV1; .NET CLR 1.1.4322; .NET CLR 2.0.50727; .NET CLR 1.0.3705)" "site.grammies-attic.com"
146.126.61.241 - - [12/Jul/2007:07:32:42 -0700] "GET /logo-files/images/logo-with-horizontal-nav-15.gif HTTP/1.1" 200 815 "http://www.grammies-attic.com/eaco.html" "Mozilla/4.0 (compatible; MSIE 6.0; Windows NT 5.1; SV1; .NET CLR 1.1.4322; .NET CLR 2.0.50727; .NET CLR 1.0.3705)" "site.grammies-attic.com"
205.176.83.47 - - [12/Jul/2007:07:32:42 -0700] "GET /CROPPEDBAR.gif HTTP/1.1" 200 527 "http://www.grammies-attic.com/special-occasion-for-girls.html" "Mozilla/4.0 (compatible; MSIE 7.0; Windows NT 5.1; .NET CLR 1.1.4322; .NET CLR 2.0.50727; .NET CLR 3.0.04506.30)" "site.grammies-attic.com"
146.126.61.241 - - [12/Jul/2007:07:32:42 -0700] "GET /logo-files/images/logo-with-horizontal-nav-16.gif HTTP/1.1" 200 1303 "http://www.grammies-attic.com/eaco.html" "Mozilla/4.0 (compatible; MSIE 6.0; Windows NT 5.1; SV1; .NET CLR 1.1.4322; .NET CLR 2.0.50727; .NET CLR 1.0.3705)" "site.grammies-attic.com"
146.126.61.241 - - [12/Jul/2007:07:32:42 -0700] "GET /logo-files/images/logo-with-horizontal-nav-18.gif HTTP/1.1" 200 815 "http://www.grammies-attic.com/eaco.html" "Mozilla/4.0 (compatible; MSIE 6.0; Windows NT 5.1; SV1; .NET CLR 1.1.4322; .NET CLR 2.0.50727; .NET CLR 1.0.3705)" "site.grammies-attic.com"
146.126.61.241 - - [12/Jul/2007:07:32:42 -0700] "GET /logo-files/images/logo-with-horizontal-nav-19.gif HTTP/1.1" 200 1477 "http://www.grammies-attic.com/eaco.html" "Mozilla/4.0 (compatible; MSIE 6.0; Windows NT 5.1; SV1; .NET CLR 1.1.4322; .NET CLR 2.0.50727; .NET CLR 1.0.3705)" "site.grammies-attic.com"
146.126.61.241 - - [12/Jul/2007:07:32:42 -0700] "GET /logo-files/images/logo-with-horizontal-nav-20.gif HTTP/1.1" 200 814 "http://www.grammies-attic.com/eaco.html" "Mozilla/4.0 (compatible; MSIE 6.0; Windows NT 5.1; SV1; .NET CLR 1.1.4322; .NET CLR 2.0.50727; .NET CLR 1.0.3705)" "site.grammies-attic.com"
146.126.61.241 - - [12/Jul/2007:07:32:42 -0700] "GET /logo-files/images/logo-with-horizontal-nav-21.gif HTTP/1.1" 200 1070 "http://www.grammies-attic.com/eaco.html" "Mozilla/4.0 (compatible; MSIE 6.0; Windows NT 5.1; SV1; .NET CLR 1.1.4322; .NET CLR 2.0.50727; .NET CLR 1.0.3705)" "site.grammies-attic.com"
146.126.61.241 - - [12/Jul/2007:07:32:42 -0700] "GET /logo-files/images/logo-with-horizontal-nav-22.gif HTTP/1.1" 200 835 "http://www.grammies-attic.com/eaco.html" "Mozilla/4.0 (compatible; MSIE 6.0; Windows NT 5.1; SV1; .NET CLR 1.1.4322; .NET CLR 2.0.50727; .NET CLR 1.0.3705)" "site.grammies-attic.com"
146.126.61.241 - - [12/Jul/2007:07:32:43 -0700] "GET /logo-files/images/logo-with-horizontal-nav-23.gif HTTP/1.1" 200 1308 "http://www.grammies-attic.com/eaco.html" "Mozilla/4.0 (compatible; MSIE 6.0; Windows NT 5.1; SV1; .NET CLR 1.1.4322; .NET CLR 2.0.50727; .NET CLR 1.0.3705)" "site.grammies-attic.com"
146.126.61.241 - - [12/Jul/2007:07:32:43 -0700] "GET /logo-files/images/logo-with-horizontal-nav-24.gif HTTP/1.1" 200 1102 "http://www.grammies-attic.com/eaco.html" "Mozilla/4.0 (compatible; MSIE 6.0; Windows NT 5.1; SV1; .NET CLR 1.1.4322; .NET CLR 2.0.50727; .NET CLR 1.0.3705)" "site.grammies-attic.com"
146.126.61.241 - - [12/Jul/2007:07:32:43 -0700] "GET /logo-files/images/logo-with-horizontal-nav-25.gif HTTP/1.1" 200 1677 "http://www.grammies-attic.com/eaco.html" "Mozilla/4.0 (compatible; MSIE 6.0; Windows NT 5.1; SV1; .NET CLR 1.1.4322; .NET CLR 2.0.50727; .NET CLR 1.0.3705)" "site.grammies-attic.com"
146.126.61.241 - - [12/Jul/2007:07:32:43 -0700] "GET /logo-files/images/logo-with-horizontal-nav-26.gif HTTP/1.1" 200 817 "http://www.grammies-attic.com/eaco.html" "Mozilla/4.0 (compatible; MSIE 6.0; Windows NT 5.1; SV1; .NET CLR 1.1.4322; .NET CLR 2.0.50727; .NET CLR 1.0.3705)" "site.grammies-attic.com"
146.126.61.241 - - [12/Jul/2007:07:32:43 -0700] "GET /logo-files/images/logo-with-horizontal-nav-27.gif HTTP/1.1" 200 1435 "http://www.grammies-attic.com/eaco.html" "Mozilla/4.0 (compatible; MSIE 6.0; Windows NT 5.1; SV1; .NET CLR 1.1.4322; .NET CLR 2.0.50727; .NET CLR 1.0.3705)" "site.grammies-attic.com"
146.126.61.241 - - [12/Jul/2007:07:32:43 -0700] "GET /logo-files/images/logo-with-horizontal-nav-28.gif HTTP/1.1" 200 1097 "http://www.grammies-attic.com/eaco.html" "Mozilla/4.0 (compatible; MSIE 6.0; Windows NT 5.1; SV1; .NET CLR 1.1.4322; .NET CLR 2.0.50727; .NET CLR 1.0.3705)" "site.grammies-attic.com"
146.126.61.241 - - [12/Jul/2007:07:32:43 -0700] "GET /logo-files/images/logo-with-horizontal-nav-29.gif HTTP/1.1" 200 920 "http://www.grammies-attic.com/eaco.html" "Mozilla/4.0 (compatible; MSIE 6.0; Windows NT 5.1; SV1; .NET CLR 1.1.4322; .NET CLR 2.0.50727; .NET CLR 1.0.3705)" "site.grammies-attic.com"
146.126.61.241 - - [12/Jul/2007:07:32:43 -0700] "GET /logo-files/images/logo-with-horizontal-nav-30.gif HTTP/1.1" 200 837 "http://www.grammies-attic.com/eaco.html" "Mozilla/4.0 (compatible; MSIE 6.0; Windows NT 5.1; SV1; .NET CLR 1.1.4322; .NET CLR 2.0.50727; .NET CLR 1.0.3705)" "site.grammies-attic.com"
146.126.61.241 - - [12/Jul/2007:07:32:43 -0700] "GET /logo-files/images/logo-with-horizontal-nav-31.gif HTTP/1.1" 200 824 "http://www.grammies-attic.com/eaco.html" "Mozilla/4.0 (compatible; MSIE 6.0; Windows NT 5.1; SV1; .NET CLR 1.1.4322; .NET CLR 2.0.50727; .NET CLR 1.0.3705)" "site.grammies-attic.com"
146.126.61.241 - - [12/Jul/2007:07:32:43 -0700] "GET /images/blue-sold-1.gif HTTP/1.1" 200 1135 "http://www.grammies-attic.com/eaco.html" "Mozilla/4.0 (compatible; MSIE 6.0; Windows NT 5.1; SV1; .NET CLR 1.1.4322; .NET CLR 2.0.50727; .NET CLR 1.0.3705)" "site.grammies-attic.com"
146.126.61.241 - - [12/Jul/2007:07:32:44 -0700] "GET /CROPPEDBAR.gif HTTP/1.1" 200 527 "http://www.grammies-attic.com/eaco.html" "Mozilla/4.0 (compatible; MSIE 6.0; Windows NT 5.1; SV1; .NET CLR 1.1.4322; .NET CLR 2.0.50727; .NET CLR 1.0.3705)" "site.grammies-attic.com"
205.176.83.47 - - [12/Jul/2007:07:32:45 -0700] "GET /index.html HTTP/1.1" 404 275 "http://www.grammies-attic.com/fefrourcu.html" "Mozilla/4.0 (compatible; MSIE 7.0; Windows NT 5.1; .NET CLR 1.1.4322; .NET CLR 2.0.50727; .NET CLR 3.0.04506.30)" "site.grammies-attic.com"
146.126.61.241 - - [12/Jul/2007:07:32:53 -0700] "GET /index.html HTTP/1.1" 404 275 "http://www.grammies-attic.com/boys-take-home.html" "Mozilla/4.0 (compatible; MSIE 6.0; Windows NT 5.1; SV1; .NET CLR 1.1.4322; .NET CLR 2.0.50727; .NET CLR 1.0.3705)" "site.grammies-attic.com"
146.126.61.241 - - [12/Jul/2007:07:33:18 -0700] "GET /index.html HTTP/1.1" 404 275 "http://www.grammies-attic.com/saco-sailor-suits-for-boys.html" "Mozilla/4.0 (compatible; MSIE 6.0; Windows NT 5.1; SV1; .NET CLR 1.1.4322; .NET CLR 2.0.50727; .NET CLR 1.0.3705)" "site.grammies-attic.com"
146.126.61.241 - - [12/Jul/2007:07:33:24 -0700] "GET /index.html HTTP/1.1" 404 275 "http://www.grammies-attic.com/saco-sailor-dresses-and-outfits-for-girls.html" "Mozilla/4.0 (compatible; MSIE 6.0; Windows NT 5.1; SV1; .NET CLR 1.1.4322; .NET CLR 2.0.50727; .NET CLR 1.0.3705)" "site.grammies-attic.com"
146.126.61.241 - - [12/Jul/2007:07:33:24 -0700] "GET /images/sailor-baby1-small.jpg HTTP/1.1" 200 52660 "http://www.grammies-attic.com/saco-sailor-dresses-and-outfits-for-girls.html" "Mozilla/4.0 (compatible; MSIE 6.0; Windows NT 5.1; SV1; .NET CLR 1.1.4322; .NET CLR 2.0.50727; .NET CLR 1.0.3705)" "site.grammies-attic.com"
146.126.61.241 - - [12/Jul/2007:07:33:25 -0700] "GET /images/sailor-baby3-small.jpg HTTP/1.1" 200 42366 "http://www.grammies-attic.com/saco-sailor-dresses-and-outfits-for-girls.html" "Mozilla/4.0 (compatible; MSIE 6.0; Windows NT 5.1; SV1; .NET CLR 1.1.4322; .NET CLR 2.0.50727; .NET CLR 1.0.3705)" "site.grammies-attic.com"
146.126.61.241 - - [12/Jul/2007:07:33:31 -0700] "GET /index.html HTTP/1.1" 404 275 "http://www.grammies-attic.com/saco-sailor-dresses-and-outfits-for-girls-sizes-9-to-12-months.html" "Mozilla/4.0 (compatible; MSIE 6.0; Windows NT 5.1; SV1; .NET CLR 1.1.4322; .NET CLR 2.0.50727; .NET CLR 1.0.3705)" "site.grammies-attic.com"
146.126.61.241 - - [12/Jul/2007:07:33:43 -0700] "GET /index.html HTTP/1.1" 404 275 "http://www.grammies-attic.com/saco-sailor-dresses-and-outfits-for-girls.html" "Mozilla/4.0 (compatible; MSIE 6.0; Windows NT 5.1; SV1; .NET CLR 1.1.4322; .NET CLR 2.0.50727; .NET CLR 1.0.3705)" "site.grammies-attic.com"
146.126.61.241 - - [12/Jul/2007:07:33:55 -0700] "GET /index.html HTTP/1.1" 404 275 "http://search.store.yahoo.com/cgi-bin/nsearch?catalog=yhst-2003691491864&query=rare+editions" "Mozilla/4.0 (compatible; MSIE 6.0; Windows NT 5.1; SV1; .NET CLR 1.1.4322; .NET CLR 2.0.50727; .NET CLR 1.0.3705)" "site.grammies-attic.com"
68.101.10.147 - - [12/Jul/2007:07:34:04 -0700] "GET /logo-files/images/logo-with-horizontal-nav-ba.gif HTTP/1.1" 200 3521 "http://www.grammies-attic.com/diaper-covers.html" "Mozilla/4.0 (compatible; MSIE 7.0; Windows NT 6.0; SLCC1; .NET CLR 2.0.50727; Media Center PC 5.0; .NET CLR 3.0.04506)" "site.grammies-attic.com"
68.101.10.147 - - [12/Jul/2007:07:34:04 -0700] "GET /credit-cards-5-copy.jpg HTTP/1.1" 200 39453 "http://www.grammies-attic.com/diaper-covers.html" "Mozilla/4.0 (compatible; MSIE 7.0; Windows NT 6.0; SLCC1; .NET CLR 2.0.50727; Media Center PC 5.0; .NET CLR 3.0.04506)" "site.grammies-attic.com"
68.101.10.147 - - [12/Jul/2007:07:34:04 -0700] "GET /logo-files/images/spacer.gif HTTP/1.1" 200 43 "http://www.grammies-attic.com/diaper-covers.html" "Mozilla/4.0 (compatible; MSIE 7.0; Windows NT 6.0; SLCC1; .NET CLR 2.0.50727; Media Center PC 5.0; .NET CLR 3.0.04506)" "site.grammies-attic.com"
68.101.10.147 - - [12/Jul/2007:07:34:05 -0700] "GET /logo-files/images/logo-with-horizontal-nav-04.gif HTTP/1.1" 200 6253 "http://www.grammies-attic.com/diaper-covers.html" "Mozilla/4.0 (compatible; MSIE 7.0; Windows NT 6.0; SLCC1; .NET CLR 2.0.50727; Media Center PC 5.0; .NET CLR 3.0.04506)" "site.grammies-attic.com"
68.101.10.147 - - [12/Jul/2007:07:34:05 -0700] "GET /logo-files/images/logo-with-horizontal-nav-05.gif HTTP/1.1" 200 1209 "http://www.grammies-attic.com/diaper-covers.html" "Mozilla/4.0 (compatible; MSIE 7.0; Windows NT 6.0; SLCC1; .NET CLR 2.0.50727; Media Center PC 5.0; .NET CLR 3.0.04506)" "site.grammies-attic.com"
68.101.10.147 - - [12/Jul/2007:07:34:05 -0700] "GET /logo-files/images/logo-with-horizontal-nav-07.gif HTTP/1.1" 200 23079 "http://www.grammies-attic.com/diaper-covers.html" "Mozilla/4.0 (compatible; MSIE 7.0; Windows NT 6.0; SLCC1; .NET CLR 2.0.50727; Media Center PC 5.0; .NET CLR 3.0.04506)" "site.grammies-attic.com"
68.101.10.147 - - [12/Jul/2007:07:34:05 -0700] "GET /index.html HTTP/1.1" 404 275 "http://www.grammies-attic.com/diaper-covers.html" "Mozilla/4.0 (compatible; MSIE 7.0; Windows NT 6.0; SLCC1; .NET CLR 2.0.50727; Media Center PC 5.0; .NET CLR 3.0.04506)" "site.grammies-attic.com"
146.126.61.241 - - [12/Jul/2007:07:34:05 -0700] "GET /index.html HTTP/1.1" 404 275 "http://www.grammies-attic.com/new-rare-editions-white-sailor-capri-set-with-matching-beret.html" "Mozilla/4.0 (compatible; MSIE 6.0; Windows NT 5.1; SV1; .NET CLR 1.1.4322; .NET CLR 2.0.50727; .NET CLR 1.0.3705)" "site.grammies-attic.com"
68.101.10.147 - - [12/Jul/2007:07:34:06 -0700] "GET /logo-files/images/logo-with-horizontal-nav-08.gif HTTP/1.1" 200 1958 "http://www.grammies-attic.com/diaper-covers.html" "Mozilla/4.0 (compatible; MSIE 7.0; Windows NT 6.0; SLCC1; .NET CLR 2.0.50727; Media Center PC 5.0; .NET CLR 3.0.04506)" "site.grammies-attic.com"
68.101.10.147 - - [12/Jul/2007:07:34:06 -0700] "GET /logo-files/images/logo-with-horizontal-nav-09.gif HTTP/1.1" 200 1012 "http://www.grammies-attic.com/diaper-covers.html" "Mozilla/4.0 (compatible; MSIE 7.0; Windows NT 6.0; SLCC1; .NET CLR 2.0.50727; Media Center PC 5.0; .NET CLR 3.0.04506)" "site.grammies-attic.com"
68.101.10.147 - - [12/Jul/2007:07:34:06 -0700] "GET /logo-files/images/logo-with-horizontal-nav-10.gif HTTP/1.1" 200 835 "http://www.grammies-attic.com/diaper-covers.html" "Mozilla/4.0 (compatible; MSIE 7.0; Windows NT 6.0; SLCC1; .NET CLR 2.0.50727; Media Center PC 5.0; .NET CLR 3.0.04506)" "site.grammies-attic.com"
68.101.10.147 - - [12/Jul/2007:07:34:06 -0700] "GET /logo-files/images/logo-with-horizontal-nav-11.gif HTTP/1.1" 200 1355 "http://www.grammies-attic.com/diaper-covers.html" "Mozilla/4.0 (compatible; MSIE 7.0; Windows NT 6.0; SLCC1; .NET CLR 2.0.50727; Media Center PC 5.0; .NET CLR 3.0.04506)" "site.grammies-attic.com"
68.101.10.147 - - [12/Jul/2007:07:34:06 -0700] "GET /logo-files/images/logo-with-horizontal-nav-12.gif HTTP/1.1" 200 853 "http://www.grammies-attic.com/diaper-covers.html" "Mozilla/4.0 (compatible; MSIE 7.0; Windows NT 6.0; SLCC1; .NET CLR 2.0.50727; Media Center PC 5.0; .NET CLR 3.0.04506)" "site.grammies-attic.com"
68.101.10.147 - - [12/Jul/2007:07:34:06 -0700] "GET /logo-files/images/logo-with-horizontal-nav-13.gif HTTP/1.1" 200 1051 "http://www.grammies-attic.com/diaper-covers.html" "Mozilla/4.0 (compatible; MSIE 7.0; Windows NT 6.0; SLCC1; .NET CLR 2.0.50727; Media Center PC 5.0; .NET CLR 3.0.04506)" "site.grammies-attic.com"
68.101.10.147 - - [12/Jul/2007:07:34:07 -0700] "GET /logo-files/images/logo-with-horizontal-nav-14.gif HTTP/1.1" 200 814 "http://www.grammies-attic.com/diaper-covers.html" "Mozilla/4.0 (compatible; MSIE 7.0; Windows NT 6.0; SLCC1; .NET CLR 2.0.50727; Media Center PC 5.0; .NET CLR 3.0.04506)" "site.grammies-attic.com"
68.101.10.147 - - [12/Jul/2007:07:34:07 -0700] "GET /logo-files/images/logo-with-horizontal-nav-15.gif HTTP/1.1" 200 815 "http://www.grammies-attic.com/diaper-covers.html" "Mozilla/4.0 (compatible; MSIE 7.0; Windows NT 6.0; SLCC1; .NET CLR 2.0.50727; Media Center PC 5.0; .NET CLR 3.0.04506)" "site.grammies-attic.com"
68.101.10.147 - - [12/Jul/2007:07:34:07 -0700] "GET /logo-files/images/logo-with-horizontal-nav-16.gif HTTP/1.1" 200 1303 "http://www.grammies-attic.com/diaper-covers.html" "Mozilla/4.0 (compatible; MSIE 7.0; Windows NT 6.0; SLCC1; .NET CLR 2.0.50727; Media Center PC 5.0; .NET CLR 3.0.04506)" "site.grammies-attic.com"
68.101.10.147 - - [12/Jul/2007:07:34:07 -0700] "GET /logo-files/images/logo-with-horizontal-nav-17.gif HTTP/1.1" 200 874 "http://www.grammies-attic.com/diaper-covers.html" "Mozilla/4.0 (compatible; MSIE 7.0; Windows NT 6.0; SLCC1; .NET CLR 2.0.50727; Media Center PC 5.0; .NET CLR 3.0.04506)" "site.grammies-attic.com"
68.101.10.147 - - [12/Jul/2007:07:34:07 -0700] "GET /logo-files/images/logo-with-horizontal-nav-18.gif HTTP/1.1" 200 815 "http://www.grammies-attic.com/diaper-covers.html" "Mozilla/4.0 (compatible; MSIE 7.0; Windows NT 6.0; SLCC1; .NET CLR 2.0.50727; Media Center PC 5.0; .NET CLR 3.0.04506)" "site.grammies-attic.com"
68.101.10.147 - - [12/Jul/2007:07:34:07 -0700] "GET /logo-files/images/logo-with-horizontal-nav-19.gif HTTP/1.1" 200 1477 "http://www.grammies-attic.com/diaper-covers.html" "Mozilla/4.0 (compatible; MSIE 7.0; Windows NT 6.0; SLCC1; .NET CLR 2.0.50727; Media Center PC 5.0; .NET CLR 3.0.04506)" "site.grammies-attic.com"
68.101.10.147 - - [12/Jul/2007:07:34:07 -0700] "GET /logo-files/images/logo-with-horizontal-nav-20.gif HTTP/1.1" 200 814 "http://www.grammies-attic.com/diaper-covers.html" "Mozilla/4.0 (compatible; MSIE 7.0; Windows NT 6.0; SLCC1; .NET CLR 2.0.50727; Media Center PC 5.0; .NET CLR 3.0.04506)" "site.grammies-attic.com"
68.101.10.147 - - [12/Jul/2007:07:34:07 -0700] "GET /logo-files/images/logo-with-horizontal-nav-21.gif HTTP/1.1" 200 1070 "http://www.grammies-attic.com/diaper-covers.html" "Mozilla/4.0 (compatible; MSIE 7.0; Windows NT 6.0; SLCC1; .NET CLR 2.0.50727; Media Center PC 5.0; .NET CLR 3.0.04506)" "site.grammies-attic.com"
68.101.10.147 - - [12/Jul/2007:07:34:08 -0700] "GET /logo-files/images/logo-with-horizontal-nav-22.gif HTTP/1.1" 200 835 "http://www.grammies-attic.com/diaper-covers.html" "Mozilla/4.0 (compatible; MSIE 7.0; Windows NT 6.0; SLCC1; .NET CLR 2.0.50727; Media Center PC 5.0; .NET CLR 3.0.04506)" "site.grammies-attic.com"
68.101.10.147 - - [12/Jul/2007:07:34:08 -0700] "GET /logo-files/images/logo-with-horizontal-nav-23.gif HTTP/1.1" 200 1308 "http://www.grammies-attic.com/diaper-covers.html" "Mozilla/4.0 (compatible; MSIE 7.0; Windows NT 6.0; SLCC1; .NET CLR 2.0.50727; Media Center PC 5.0; .NET CLR 3.0.04506)" "site.grammies-attic.com"
68.101.10.147 - - [12/Jul/2007:07:34:08 -0700] "GET /logo-files/images/logo-with-horizontal-nav-03.gif HTTP/1.1" 200 1009 "http://www.grammies-attic.com/diaper-covers.html" "Mozilla/4.0 (compatible; MSIE 7.0; Windows NT 6.0; SLCC1; .NET CLR 2.0.50727; Media Center PC 5.0; .NET CLR 3.0.04506)" "site.grammies-attic.com"
68.101.10.147 - - [12/Jul/2007:07:34:08 -0700] "GET /logo-files/images/logo-with-horizontal-nav-24.gif HTTP/1.1" 200 1102 "http://www.grammies-attic.com/diaper-covers.html" "Mozilla/4.0 (compatible; MSIE 7.0; Windows NT 6.0; SLCC1; .NET CLR 2.0.50727; Media Center PC 5.0; .NET CLR 3.0.04506)" "site.grammies-attic.com"
68.101.10.147 - - [12/Jul/2007:07:34:08 -0700] "GET /logo-files/images/logo-with-horizontal-nav-25.gif HTTP/1.1" 200 1677 "http://www.grammies-attic.com/diaper-covers.html" "Mozilla/4.0 (compatible; MSIE 7.0; Windows NT 6.0; SLCC1; .NET CLR 2.0.50727; Media Center PC 5.0; .NET CLR 3.0.04506)" "site.grammies-attic.com"
68.101.10.147 - - [12/Jul/2007:07:34:08 -0700] "GET /logo-files/images/logo-with-horizontal-nav-26.gif HTTP/1.1" 200 817 "http://www.grammies-attic.com/diaper-covers.html" "Mozilla/4.0 (compatible; MSIE 7.0; Windows NT 6.0; SLCC1; .NET CLR 2.0.50727; Media Center PC 5.0; .NET CLR 3.0.04506)" "site.grammies-attic.com"
68.101.10.147 - - [12/Jul/2007:07:34:08 -0700] "GET /logo-files/images/logo-with-horizontal-nav-27.gif HTTP/1.1" 200 1435 "http://www.grammies-attic.com/diaper-covers.html" "Mozilla/4.0 (compatible; MSIE 7.0; Windows NT 6.0; SLCC1; .NET CLR 2.0.50727; Media Center PC 5.0; .NET CLR 3.0.04506)" "site.grammies-attic.com"
68.101.10.147 - - [12/Jul/2007:07:34:08 -0700] "GET /logo-files/images/logo-with-horizontal-nav-28.gif HTTP/1.1" 200 1097 "http://www.grammies-attic.com/diaper-covers.html" "Mozilla/4.0 (compatible; MSIE 7.0; Windows NT 6.0; SLCC1; .NET CLR 2.0.50727; Media Center PC 5.0; .NET CLR 3.0.04506)" "site.grammies-attic.com"
68.101.10.147 - - [12/Jul/2007:07:34:09 -0700] "GET /logo-files/images/logo-with-horizontal-nav-29.gif HTTP/1.1" 200 920 "http://www.grammies-attic.com/diaper-covers.html" "Mozilla/4.0 (compatible; MSIE 7.0; Windows NT 6.0; SLCC1; .NET CLR 2.0.50727; Media Center PC 5.0; .NET CLR 3.0.04506)" "site.grammies-attic.com"
