63.150.243.90 - - [12/Jul/2007:07:17:34 -0700] "GET /credit-cards-5-copy.jpg HTTP/1.1" 200 39453 "http://www.grammies-attic.com/take-home-collection.html" "Mozilla/4.0 (compatible; MSIE 6.0; Windows NT 5.1; SV1; .NET CLR 1.1.4322; InfoPath.1)" "site.grammies-attic.com"
63.150.243.90 - - [12/Jul/2007:07:17:34 -0700] "GET /logo-files/images/logo-with-horizontal-nav-03.gif HTTP/1.1" 200 1009 "http://www.grammies-attic.com/take-home-collection.html" "Mozilla/4.0 (compatible; MSIE 6.0; Windows NT 5.1; SV1; .NET CLR 1.1.4322; InfoPath.1)" "site.grammies-attic.com"
63.150.243.90 - - [12/Jul/2007:07:17:34 -0700] "GET /logo-files/images/logo-with-horizontal-nav-ba.gif HTTP/1.1" 200 3521 "http://www.grammies-attic.com/take-home-collection.html" "Mozilla/4.0 (compatible; MSIE 6.0; Windows NT 5.1; SV1; .NET CLR 1.1.4322; InfoPath.1)" "site.grammies-attic.com"
63.150.243.90 - - [12/Jul/2007:07:17:34 -0700] "GET /logo-files/images/logo-with-horizontal-nav-12.gif HTTP/1.1" 200 853 "http://www.grammies-attic.com/take-home-collection.html" "Mozilla/4.0 (compatible; MSIE 6.0; Windows NT 5.1; SV1; .NET CLR 1.1.4322; InfoPath.1)" "site.grammies-attic.com"
63.150.243.90 - - [12/Jul/2007:07:17:34 -0700] "GET /logo-files/images/logo-with-horizontal-nav-14.gif HTTP/1.1" 200 814 "http://www.grammies-attic.com/take-home-collection.html" "Mozilla/4.0 (compatible; MSIE 6.0; Windows NT 5.1; SV1; .NET CLR 1.1.4322; InfoPath.1)" "site.grammies-attic.com"
63.150.243.90 - - [12/Jul/2007:07:17:34 -0700] "GET /logo-files/images/logo-with-horizontal-nav-15.gif HTTP/1.1" 200 815 "http://www.grammies-attic.com/take-home-collection.html" "Mozilla/4.0 (compatible; MSIE 6.0; Windows NT 5.1; SV1; .NET CLR 1.1.4322; InfoPath.1)" "site.grammies-attic.com"
63.150.243.90 - - [12/Jul/2007:07:17:34 -0700] "GET /logo-files/images/logo-with-horizontal-nav-16.gif HTTP/1.1" 200 1303 "http://www.grammies-attic.com/take-home-collection.html" "Mozilla/4.0 (compatible; MSIE 6.0; Windows NT 5.1; SV1; .NET CLR 1.1.4322; InfoPath.1)" "site.grammies-attic.com"
63.150.243.90 - - [12/Jul/2007:07:17:35 -0700] "GET /logo-files/images/logo-with-horizontal-nav-17.gif HTTP/1.1" 200 874 "http://www.grammies-attic.com/take-home-collection.html" "Mozilla/4.0 (compatible; MSIE 6.0; Windows NT 5.1; SV1; .NET CLR 1.1.4322; InfoPath.1)" "site.grammies-attic.com"
63.150.243.90 - - [12/Jul/2007:07:17:35 -0700] "GET /logo-files/images/logo-with-horizontal-nav-18.gif HTTP/1.1" 200 815 "http://www.grammies-attic.com/take-home-collection.html" "Mozilla/4.0 (compatible; MSIE 6.0; Windows NT 5.1; SV1; .NET CLR 1.1.4322; InfoPath.1)" "site.grammies-attic.com"
63.150.243.90 - - [12/Jul/2007:07:17:35 -0700] "GET /logo-files/images/logo-with-horizontal-nav-19.gif HTTP/1.1" 200 1477 "http://www.grammies-attic.com/take-home-collection.html" "Mozilla/4.0 (compatible; MSIE 6.0; Windows NT 5.1; SV1; .NET CLR 1.1.4322; InfoPath.1)" "site.grammies-attic.com"
63.150.243.90 - - [12/Jul/2007:07:17:35 -0700] "GET /logo-files/images/logo-with-horizontal-nav-20.gif HTTP/1.1" 200 814 "http://www.grammies-attic.com/take-home-collection.html" "Mozilla/4.0 (compatible; MSIE 6.0; Windows NT 5.1; SV1; .NET CLR 1.1.4322; InfoPath.1)" "site.grammies-attic.com"
63.150.243.90 - - [12/Jul/2007:07:17:35 -0700] "GET /logo-files/images/logo-with-horizontal-nav-21.gif HTTP/1.1" 200 1070 "http://www.grammies-attic.com/take-home-collection.html" "Mozilla/4.0 (compatible; MSIE 6.0; Windows NT 5.1; SV1; .NET CLR 1.1.4322; InfoPath.1)" "site.grammies-attic.com"
63.150.243.90 - - [12/Jul/2007:07:17:35 -0700] "GET /logo-files/images/logo-with-horizontal-nav-22.gif HTTP/1.1" 200 835 "http://www.grammies-attic.com/take-home-collection.html" "Mozilla/4.0 (compatible; MSIE 6.0; Windows NT 5.1; SV1; .NET CLR 1.1.4322; InfoPath.1)" "site.grammies-attic.com"
63.150.243.90 - - [12/Jul/2007:07:17:35 -0700] "GET /logo-files/images/logo-with-horizontal-nav-23.gif HTTP/1.1" 200 1308 "http://www.grammies-attic.com/take-home-collection.html" "Mozilla/4.0 (compatible; MSIE 6.0; Windows NT 5.1; SV1; .NET CLR 1.1.4322; InfoPath.1)" "site.grammies-attic.com"
63.150.243.90 - - [12/Jul/2007:07:17:35 -0700] "GET /logo-files/images/logo-with-horizontal-nav-24.gif HTTP/1.1" 200 1102 "http://www.grammies-attic.com/take-home-collection.html" "Mozilla/4.0 (compatible; MSIE 6.0; Windows NT 5.1; SV1; .NET CLR 1.1.4322; InfoPath.1)" "site.grammies-attic.com"
63.150.243.90 - - [12/Jul/2007:07:17:35 -0700] "GET /logo-files/images/logo-with-horizontal-nav-25.gif HTTP/1.1" 200 1677 "http://www.grammies-attic.com/take-home-collection.html" "Mozilla/4.0 (compatible; MSIE 6.0; Windows NT 5.1; SV1; .NET CLR 1.1.4322; InfoPath.1)" "site.grammies-attic.com"
63.150.243.90 - - [12/Jul/2007:07:17:35 -0700] "GET /logo-files/images/logo-with-horizontal-nav-26.gif HTTP/1.1" 200 817 "http://www.grammies-attic.com/take-home-collection.html" "Mozilla/4.0 (compatible; MSIE 6.0; Windows NT 5.1; SV1; .NET CLR 1.1.4322; InfoPath.1)" "site.grammies-attic.com"
63.150.243.90 - - [12/Jul/2007:07:17:35 -0700] "GET /logo-files/images/logo-with-horizontal-nav-27.gif HTTP/1.1" 200 1435 "http://www.grammies-attic.com/take-home-collection.html" "Mozilla/4.0 (compatible; MSIE 6.0; Windows NT 5.1; SV1; .NET CLR 1.1.4322; InfoPath.1)" "site.grammies-attic.com"
63.150.243.90 - - [12/Jul/2007:07:17:35 -0700] "GET /logo-files/images/logo-with-horizontal-nav-28.gif HTTP/1.1" 200 1097 "http://www.grammies-attic.com/take-home-collection.html" "Mozilla/4.0 (compatible; MSIE 6.0; Windows NT 5.1; SV1; .NET CLR 1.1.4322; InfoPath.1)" "site.grammies-attic.com"
63.150.243.90 - - [12/Jul/2007:07:17:35 -0700] "GET /logo-files/images/logo-with-horizontal-nav-29.gif HTTP/1.1" 200 920 "http://www.grammies-attic.com/take-home-collection.html" "Mozilla/4.0 (compatible; MSIE 6.0; Windows NT 5.1; SV1; .NET CLR 1.1.4322; InfoPath.1)" "site.grammies-attic.com"
63.150.243.90 - - [12/Jul/2007:07:17:36 -0700] "GET /logo-files/images/logo-with-horizontal-nav-30.gif HTTP/1.1" 200 837 "http://www.grammies-attic.com/take-home-collection.html" "Mozilla/4.0 (compatible; MSIE 6.0; Windows NT 5.1; SV1; .NET CLR 1.1.4322; InfoPath.1)" "site.grammies-attic.com"
63.150.243.90 - - [12/Jul/2007:07:17:37 -0700] "GET /images/blue-sold-1.gif HTTP/1.1" 200 1135 "http://www.grammies-attic.com/take-home-collection.html" "Mozilla/4.0 (compatible; MSIE 6.0; Windows NT 5.1; SV1; .NET CLR 1.1.4322; InfoPath.1)" "site.grammies-attic.com"
63.150.243.90 - - [12/Jul/2007:07:17:37 -0700] "GET /CROPPEDBAR.gif HTTP/1.1" 200 527 "http://www.grammies-attic.com/take-home-collection.html" "Mozilla/4.0 (compatible; MSIE 6.0; Windows NT 5.1; SV1; .NET CLR 1.1.4322; InfoPath.1)" "site.grammies-attic.com"
63.150.243.90 - - [12/Jul/2007:07:17:37 -0700] "GET /logo-files/images/logo-with-horizontal-nav-11.gif HTTP/1.1" 200 1355 "http://www.grammies-attic.com/take-home-collection.html" "Mozilla/4.0 (compatible; MSIE 6.0; Windows NT 5.1; SV1; .NET CLR 1.1.4322; InfoPath.1)" "site.grammies-attic.com"
63.150.243.90 - - [12/Jul/2007:07:17:37 -0700] "GET /logo-files/images/logo-with-horizontal-nav-10.gif HTTP/1.1" 200 835 "http://www.grammies-attic.com/take-home-collection.html" "Mozilla/4.0 (compatible; MSIE 6.0; Windows NT 5.1; SV1; .NET CLR 1.1.4322; InfoPath.1)" "site.grammies-attic.com"
63.150.243.90 - - [12/Jul/2007:07:17:37 -0700] "GET /logo-files/images/logo-with-horizontal-nav-13.gif HTTP/1.1" 200 1051 "http://www.grammies-attic.com/take-home-collection.html" "Mozilla/4.0 (compatible; MSIE 6.0; Windows NT 5.1; SV1; .NET CLR 1.1.4322; InfoPath.1)" "site.grammies-attic.com"
63.150.243.90 - - [12/Jul/2007:07:17:39 -0700] "GET /logo-files/images/logo-with-horizontal-nav-31.gif HTTP/1.1" 200 824 "http://www.grammies-attic.com/take-home-collection.html" "Mozilla/4.0 (compatible; MSIE 6.0; Windows NT 5.1; SV1; .NET CLR 1.1.4322; InfoPath.1)" "site.grammies-attic.com"
65.100.211.65 - - [12/Jul/2007:07:20:29 -0700] "GET /logo-files/images/logo-with-horizontal-nav-ba.gif HTTP/1.1" 200 3521 "http://www.grammies-attic.com/saco-sailor-suits-for-boys.html" "Mozilla/4.0 (compatible; MSIE 7.0; Windows NT 5.1; .NET CLR 1.1.4322)" "site.grammies-attic.com"
65.100.211.65 - - [12/Jul/2007:07:20:30 -0700] "GET /credit-cards-5-copy.jpg HTTP/1.1" 200 39453 "http://www.grammies-attic.com/saco-sailor-suits-for-boys.html" "Mozilla/4.0 (compatible; MSIE 7.0; Windows NT 5.1; .NET CLR 1.1.4322)" "site.grammies-attic.com"
65.100.211.65 - - [12/Jul/2007:07:20:30 -0700] "GET /logo-files/images/logo-with-horizontal-nav-04.gif HTTP/1.1" 200 6253 "http://www.grammies-attic.com/saco-sailor-suits-for-boys.html" "Mozilla/4.0 (compatible; MSIE 7.0; Windows NT 5.1; .NET CLR 1.1.4322)" "site.grammies-attic.com"
65.100.211.65 - - [12/Jul/2007:07:20:31 -0700] "GET /logo-files/images/logo-with-horizontal-nav-05.gif HTTP/1.1" 200 1209 "http://www.grammies-attic.com/saco-sailor-suits-for-boys.html" "Mozilla/4.0 (compatible; MSIE 7.0; Windows NT 5.1; .NET CLR 1.1.4322)" "site.grammies-attic.com"
65.100.211.65 - - [12/Jul/2007:07:20:31 -0700] "GET /index.html HTTP/1.1" 404 275 "http://www.grammies-attic.com/saco-sailor-suits-for-boys.html" "Mozilla/4.0 (compatible; MSIE 7.0; Windows NT 5.1; .NET CLR 1.1.4322)" "site.grammies-attic.com"
65.100.211.65 - - [12/Jul/2007:07:20:31 -0700] "GET /logo-files/images/logo-with-horizontal-nav-07.gif HTTP/1.1" 200 23079 "http://www.grammies-attic.com/saco-sailor-suits-for-boys.html" "Mozilla/4.0 (compatible; MSIE 7.0; Windows NT 5.1; .NET CLR 1.1.4322)" "site.grammies-attic.com"
65.100.211.65 - - [12/Jul/2007:07:20:31 -0700] "GET /logo-files/images/logo-with-horizontal-nav-08.gif HTTP/1.1" 200 1958 "http://www.grammies-attic.com/saco-sailor-suits-for-boys.html" "Mozilla/4.0 (compatible; MSIE 7.0; Windows NT 5.1; .NET CLR 1.1.4322)" "site.grammies-attic.com"
65.100.211.65 - - [12/Jul/2007:07:20:31 -0700] "GET /logo-files/images/logo-with-horizontal-nav-09.gif HTTP/1.1" 200 1012 "http://www.grammies-attic.com/saco-sailor-suits-for-boys.html" "Mozilla/4.0 (compatible; MSIE 7.0; Windows NT 5.1; .NET CLR 1.1.4322)" "site.grammies-attic.com"
65.100.211.65 - - [12/Jul/2007:07:20:31 -0700] "GET /logo-files/images/logo-with-horizontal-nav-10.gif HTTP/1.1" 200 835 "http://www.grammies-attic.com/saco-sailor-suits-for-boys.html" "Mozilla/4.0 (compatible; MSIE 7.0; Windows NT 5.1; .NET CLR 1.1.4322)" "site.grammies-attic.com"
65.100.211.65 - - [12/Jul/2007:07:20:31 -0700] "GET /logo-files/images/logo-with-horizontal-nav-11.gif HTTP/1.1" 200 1355 "http://www.grammies-attic.com/saco-sailor-suits-for-boys.html" "Mozilla/4.0 (compatible; MSIE 7.0; Windows NT 5.1; .NET CLR 1.1.4322)" "site.grammies-attic.com"
65.100.211.65 - - [12/Jul/2007:07:20:32 -0700] "GET /logo-files/images/logo-with-horizontal-nav-12.gif HTTP/1.1" 200 853 "http://www.grammies-attic.com/saco-sailor-suits-for-boys.html" "Mozilla/4.0 (compatible; MSIE 7.0; Windows NT 5.1; .NET CLR 1.1.4322)" "site.grammies-attic.com"
65.100.211.65 - - [12/Jul/2007:07:20:32 -0700] "GET /logo-files/images/logo-with-horizontal-nav-13.gif HTTP/1.1" 200 1051 "http://www.grammies-attic.com/saco-sailor-suits-for-boys.html" "Mozilla/4.0 (compatible; MSIE 7.0; Windows NT 5.1; .NET CLR 1.1.4322)" "site.grammies-attic.com"
65.100.211.65 - - [12/Jul/2007:07:20:32 -0700] "GET /logo-files/images/logo-with-horizontal-nav-15.gif HTTP/1.1" 200 815 "http://www.grammies-attic.com/saco-sailor-suits-for-boys.html" "Mozilla/4.0 (compatible; MSIE 7.0; Windows NT 5.1; .NET CLR 1.1.4322)" "site.grammies-attic.com"
65.100.211.65 - - [12/Jul/2007:07:20:32 -0700] "GET /logo-files/images/logo-with-horizontal-nav-14.gif HTTP/1.1" 200 814 "http://www.grammies-attic.com/saco-sailor-suits-for-boys.html" "Mozilla/4.0 (compatible; MSIE 7.0; Windows NT 5.1; .NET CLR 1.1.4322)" "site.grammies-attic.com"
65.100.211.65 - - [12/Jul/2007:07:20:32 -0700] "GET /logo-files/images/logo-with-horizontal-nav-16.gif HTTP/1.1" 200 1303 "http://www.grammies-attic.com/saco-sailor-suits-for-boys.html" "Mozilla/4.0 (compatible; MSIE 7.0; Windows NT 5.1; .NET CLR 1.1.4322)" "site.grammies-attic.com"
65.100.211.65 - - [12/Jul/2007:07:20:32 -0700] "GET /logo-files/images/logo-with-horizontal-nav-17.gif HTTP/1.1" 200 874 "http://www.grammies-attic.com/saco-sailor-suits-for-boys.html" "Mozilla/4.0 (compatible; MSIE 7.0; Windows NT 5.1; .NET CLR 1.1.4322)" "site.grammies-attic.com"
65.100.211.65 - - [12/Jul/2007:07:20:32 -0700] "GET /logo-files/images/logo-with-horizontal-nav-18.gif HTTP/1.1" 200 815 "http://www.grammies-attic.com/saco-sailor-suits-for-boys.html" "Mozilla/4.0 (compatible; MSIE 7.0; Windows NT 5.1; .NET CLR 1.1.4322)" "site.grammies-attic.com"
65.100.211.65 - - [12/Jul/2007:07:20:32 -0700] "GET /logo-files/images/logo-with-horizontal-nav-19.gif HTTP/1.1" 200 1477 "http://www.grammies-attic.com/saco-sailor-suits-for-boys.html" "Mozilla/4.0 (compatible; MSIE 7.0; Windows NT 5.1; .NET CLR 1.1.4322)" "site.grammies-attic.com"
65.100.211.65 - - [12/Jul/2007:07:20:32 -0700] "GET /logo-files/images/logo-with-horizontal-nav-20.gif HTTP/1.1" 200 814 "http://www.grammies-attic.com/saco-sailor-suits-for-boys.html" "Mozilla/4.0 (compatible; MSIE 7.0; Windows NT 5.1; .NET CLR 1.1.4322)" "site.grammies-attic.com"
65.100.211.65 - - [12/Jul/2007:07:20:32 -0700] "GET /logo-files/images/logo-with-horizontal-nav-21.gif HTTP/1.1" 200 1070 "http://www.grammies-attic.com/saco-sailor-suits-for-boys.html" "Mozilla/4.0 (compatible; MSIE 7.0; Windows NT 5.1; .NET CLR 1.1.4322)" "site.grammies-attic.com"
65.100.211.65 - - [12/Jul/2007:07:20:32 -0700] "GET /logo-files/images/logo-with-horizontal-nav-22.gif HTTP/1.1" 200 835 "http://www.grammies-attic.com/saco-sailor-suits-for-boys.html" "Mozilla/4.0 (compatible; MSIE 7.0; Windows NT 5.1; .NET CLR 1.1.4322)" "site.grammies-attic.com"
65.100.211.65 - - [12/Jul/2007:07:20:32 -0700] "GET /logo-files/images/logo-with-horizontal-nav-23.gif HTTP/1.1" 200 1308 "http://www.grammies-attic.com/saco-sailor-suits-for-boys.html" "Mozilla/4.0 (compatible; MSIE 7.0; Windows NT 5.1; .NET CLR 1.1.4322)" "site.grammies-attic.com"
65.100.211.65 - - [12/Jul/2007:07:20:33 -0700] "GET /logo-files/images/logo-with-horizontal-nav-24.gif HTTP/1.1" 200 1102 "http://www.grammies-attic.com/saco-sailor-suits-for-boys.html" "Mozilla/4.0 (compatible; MSIE 7.0; Windows NT 5.1; .NET CLR 1.1.4322)" "site.grammies-attic.com"
65.100.211.65 - - [12/Jul/2007:07:20:33 -0700] "GET /logo-files/images/logo-with-horizontal-nav-25.gif HTTP/1.1" 200 1677 "http://www.grammies-attic.com/saco-sailor-suits-for-boys.html" "Mozilla/4.0 (compatible; MSIE 7.0; Windows NT 5.1; .NET CLR 1.1.4322)" "site.grammies-attic.com"
65.100.211.65 - - [12/Jul/2007:07:20:33 -0700] "GET /logo-files/images/logo-with-horizontal-nav-26.gif HTTP/1.1" 200 817 "http://www.grammies-attic.com/saco-sailor-suits-for-boys.html" "Mozilla/4.0 (compatible; MSIE 7.0; Windows NT 5.1; .NET CLR 1.1.4322)" "site.grammies-attic.com"
65.100.211.65 - - [12/Jul/2007:07:20:33 -0700] "GET /logo-files/images/logo-with-horizontal-nav-27.gif HTTP/1.1" 200 1435 "http://www.grammies-attic.com/saco-sailor-suits-for-boys.html" "Mozilla/4.0 (compatible; MSIE 7.0; Windows NT 5.1; .NET CLR 1.1.4322)" "site.grammies-attic.com"
65.100.211.65 - - [12/Jul/2007:07:20:33 -0700] "GET /logo-files/images/logo-with-horizontal-nav-28.gif HTTP/1.1" 200 1097 "http://www.grammies-attic.com/saco-sailor-suits-for-boys.html" "Mozilla/4.0 (compatible; MSIE 7.0; Windows NT 5.1; .NET CLR 1.1.4322)" "site.grammies-attic.com"
65.100.211.65 - - [12/Jul/2007:07:20:33 -0700] "GET /logo-files/images/logo-with-horizontal-nav-29.gif HTTP/1.1" 200 920 "http://www.grammies-attic.com/saco-sailor-suits-for-boys.html" "Mozilla/4.0 (compatible; MSIE 7.0; Windows NT 5.1; .NET CLR 1.1.4322)" "site.grammies-attic.com"
65.100.211.65 - - [12/Jul/2007:07:20:33 -0700] "GET /logo-files/images/logo-with-horizontal-nav-30.gif HTTP/1.1" 200 837 "http://www.grammies-attic.com/saco-sailor-suits-for-boys.html" "Mozilla/4.0 (compatible; MSIE 7.0; Windows NT 5.1; .NET CLR 1.1.4322)" "site.grammies-attic.com"
65.100.211.65 - - [12/Jul/2007:07:20:33 -0700] "GET /logo-files/images/logo-with-horizontal-nav-31.gif HTTP/1.1" 200 824 "http://www.grammies-attic.com/saco-sailor-suits-for-boys.html" "Mozilla/4.0 (compatible; MSIE 7.0; Windows NT 5.1; .NET CLR 1.1.4322)" "site.grammies-attic.com"
65.100.211.65 - - [12/Jul/2007:07:20:33 -0700] "GET /CROPPEDBAR.gif HTTP/1.1" 200 527 "http://www.grammies-attic.com/saco-sailor-suits-for-boys.html" "Mozilla/4.0 (compatible; MSIE 7.0; Windows NT 5.1; .NET CLR 1.1.4322)" "site.grammies-attic.com"
65.100.211.65 - - [12/Jul/2007:07:20:41 -0700] "GET /index.html HTTP/1.1" 404 275 "http://www.grammies-attic.com/saco-sailor-suits-for-boys-all-sizes.html" "Mozilla/4.0 (compatible; MSIE 7.0; Windows NT 5.1; .NET CLR 1.1.4322)" "site.grammies-attic.com"
65.100.211.65 - - [12/Jul/2007:07:20:41 -0700] "GET /images/blue-sold-1.gif HTTP/1.1" 200 1135 "http://www.grammies-attic.com/saco-sailor-suits-for-boys-all-sizes.html" "Mozilla/4.0 (compatible; MSIE 7.0; Windows NT 5.1; .NET CLR 1.1.4322)" "site.grammies-attic.com"
65.100.211.65 - - [12/Jul/2007:07:22:51 -0700] "GET /index.html HTTP/1.1" 404 275 "http://www.grammies-attic.com/new-royal-child-navy-pique-smocked-shortall-with-anchor-embroidery.html" "Mozilla/4.0 (compatible; MSIE 7.0; Windows NT 5.1; .NET CLR 1.1.4322)" "site.grammies-attic.com"
65.100.211.65 - - [12/Jul/2007:07:22:51 -0700] "GET /images/Petit-Ami-logo.jpg HTTP/1.1" 200 10820 "http://www.grammies-attic.com/new-royal-child-navy-pique-smocked-shortall-with-anchor-embroidery.html" "Mozilla/4.0 (compatible; MSIE 7.0; Windows NT 5.1; .NET CLR 1.1.4322)" "site.grammies-attic.com"
65.100.211.65 - - [12/Jul/2007:07:23:22 -0700] "GET /index.html HTTP/1.1" 404 275 "http://www.grammies-attic.com/saco-sailor-suits-for-boys-all-sizes.html" "Mozilla/4.0 (compatible; MSIE 7.0; Windows NT 5.1; .NET CLR 1.1.4322)" "site.grammies-attic.com"
66.0.32.28 - - [12/Jul/2007:07:23:31 -0700] "GET /logo-files/images/logo-with-horizontal-nav-ba.gif HTTP/1.1" 200 3521 "http://store.grammies-attic.com/" "Mozilla/4.0 (compatible; MSIE 7.0; Windows NT 6.0; FunWebProducts; SLCC1; .NET CLR 2.0.50727; Media Center PC 5.0; .NET CLR 3.0.04506; .NET CLR 1.1.4322)" "site.grammies-attic.com"
66.0.32.28 - - [12/Jul/2007:07:23:31 -0700] "GET /credit-cards-5-copy.jpg HTTP/1.1" 200 39453 "http://store.grammies-attic.com/" "Mozilla/4.0 (compatible; MSIE 7.0; Windows NT 6.0; FunWebProducts; SLCC1; .NET CLR 2.0.50727; Media Center PC 5.0; .NET CLR 3.0.04506; .NET CLR 1.1.4322)" "site.grammies-attic.com"
66.0.32.28 - - [12/Jul/2007:07:23:32 -0700] "GET /logo-files/images/spacer.gif HTTP/1.1" 200 43 "http://store.grammies-attic.com/" "Mozilla/4.0 (compatible; MSIE 7.0; Windows NT 6.0; FunWebProducts; SLCC1; .NET CLR 2.0.50727; Media Center PC 5.0; .NET CLR 3.0.04506; .NET CLR 1.1.4322)" "site.grammies-attic.com"
66.0.32.28 - - [12/Jul/2007:07:23:32 -0700] "GET /logo-files/images/logo-with-horizontal-nav-03.gif HTTP/1.1" 200 1009 "http://store.grammies-attic.com/" "Mozilla/4.0 (compatible; MSIE 7.0; Windows NT 6.0; FunWebProducts; SLCC1; .NET CLR 2.0.50727; Media Center PC 5.0; .NET CLR 3.0.04506; .NET CLR 1.1.4322)" "site.grammies-attic.com"
24.149.198.244 - - [12/Jul/2007:07:23:32 -0700] "GET /credit-cards-5-copy.jpg HTTP/1.1" 200 39453 "http://www.grammies-attic.com/" "Mozilla/5.0 (Windows; U; Windows NT 5.1; en-US; rv:1.7.12) Gecko/20050915 Firefox/1.0.7" "site.grammies-attic.com"
24.149.198.244 - - [12/Jul/2007:07:23:32 -0700] "GET /logo-files/images/logo-with-horizontal-nav-ba.gif HTTP/1.1" 200 3521 "http://www.grammies-attic.com/" "Mozilla/5.0 (Windows; U; Windows NT 5.1; en-US; rv:1.7.12) Gecko/20050915 Firefox/1.0.7" "site.grammies-attic.com"
66.0.32.28 - - [12/Jul/2007:07:23:33 -0700] "GET /logo-files/images/logo-with-horizontal-nav-04.gif HTTP/1.1" 200 6253 "http://store.grammies-attic.com/" "Mozilla/4.0 (compatible; MSIE 7.0; Windows NT 6.0; FunWebProducts; SLCC1; .NET CLR 2.0.50727; Media Center PC 5.0; .NET CLR 3.0.04506; .NET CLR 1.1.4322)" "site.grammies-attic.com"
24.149.198.244 - - [12/Jul/2007:07:23:33 -0700] "GET /logo-files/images/spacer.gif HTTP/1.1" 200 43 "http://www.grammies-attic.com/" "Mozilla/5.0 (Windows; U; Windows NT 5.1; en-US; rv:1.7.12) Gecko/20050915 Firefox/1.0.7" "site.grammies-attic.com"
24.149.198.244 - - [12/Jul/2007:07:23:33 -0700] "GET /logo-files/images/logo-with-horizontal-nav-03.gif HTTP/1.1" 200 1009 "http://www.grammies-attic.com/" "Mozilla/5.0 (Windows; U; Windows NT 5.1; en-US; rv:1.7.12) Gecko/20050915 Firefox/1.0.7" "site.grammies-attic.com"
66.0.32.28 - - [12/Jul/2007:07:23:33 -0700] "GET /logo-files/images/logo-with-horizontal-nav-05.gif HTTP/1.1" 200 1209 "http://store.grammies-attic.com/" "Mozilla/4.0 (compatible; MSIE 7.0; Windows NT 6.0; FunWebProducts; SLCC1; .NET CLR 2.0.50727; Media Center PC 5.0; .NET CLR 3.0.04506; .NET CLR 1.1.4322)" "site.grammies-attic.com"
24.149.198.244 - - [12/Jul/2007:07:23:33 -0700] "GET /logo-files/images/logo-with-horizontal-nav-04.gif HTTP/1.1" 200 6253 "http://www.grammies-attic.com/" "Mozilla/5.0 (Windows; U; Windows NT 5.1; en-US; rv:1.7.12) Gecko/20050915 Firefox/1.0.7" "site.grammies-attic.com"
24.149.198.244 - - [12/Jul/2007:07:23:33 -0700] "GET /logo-files/images/logo-with-horizontal-nav-05.gif HTTP/1.1" 200 1209 "http://www.grammies-attic.com/" "Mozilla/5.0 (Windows; U; Windows NT 5.1; en-US; rv:1.7.12) Gecko/20050915 Firefox/1.0.7" "site.grammies-attic.com"
24.149.198.244 - - [12/Jul/2007:07:23:33 -0700] "GET /index.html HTTP/1.1" 404 275 "http://www.grammies-attic.com/" "Mozilla/5.0 (Windows; U; Windows NT 5.1; en-US; rv:1.7.12) Gecko/20050915 Firefox/1.0.7" "site.grammies-attic.com"
66.0.32.28 - - [12/Jul/2007:07:23:33 -0700] "GET /index.html HTTP/1.1" 404 275 "http://store.grammies-attic.com/" "Mozilla/4.0 (compatible; MSIE 7.0; Windows NT 6.0; FunWebProducts; SLCC1; .NET CLR 2.0.50727; Media Center PC 5.0; .NET CLR 3.0.04506; .NET CLR 1.1.4322)" "site.grammies-attic.com"
24.149.198.244 - - [12/Jul/2007:07:23:33 -0700] "GET /logo-files/images/logo-with-horizontal-nav-07.gif HTTP/1.1" 200 23079 "http://www.grammies-attic.com/" "Mozilla/5.0 (Windows; U; Windows NT 5.1; en-US; rv:1.7.12) Gecko/20050915 Firefox/1.0.7" "site.grammies-attic.com"
24.149.198.244 - - [12/Jul/2007:07:23:34 -0700] "GET /logo-files/images/logo-with-horizontal-nav-08.gif HTTP/1.1" 200 1958 "http://www.grammies-attic.com/" "Mozilla/5.0 (Windows; U; Windows NT 5.1; en-US; rv:1.7.12) Gecko/20050915 Firefox/1.0.7" "site.grammies-attic.com"
66.0.32.28 - - [12/Jul/2007:07:23:34 -0700] "GET /logo-files/images/logo-with-horizontal-nav-07.gif HTTP/1.1" 200 23079 "http://store.grammies-attic.com/" "Mozilla/4.0 (compatible; MSIE 7.0; Windows NT 6.0; FunWebProducts; SLCC1; .NET CLR 2.0.50727; Media Center PC 5.0; .NET CLR 3.0.04506; .NET CLR 1.1.4322)" "site.grammies-attic.com"
24.149.198.244 - - [12/Jul/2007:07:23:34 -0700] "GET /logo-files/images/logo-with-horizontal-nav-09.gif HTTP/1.1" 200 1012 "http://www.grammies-attic.com/" "Mozilla/5.0 (Windows; U; Windows NT 5.1; en-US; rv:1.7.12) Gecko/20050915 Firefox/1.0.7" "site.grammies-attic.com"
24.149.198.244 - - [12/Jul/2007:07:23:34 -0700] "GET /logo-files/images/logo-with-horizontal-nav-10.gif HTTP/1.1" 200 835 "http://www.grammies-attic.com/" "Mozilla/5.0 (Windows; U; Windows NT 5.1; en-US; rv:1.7.12) Gecko/20050915 Firefox/1.0.7" "site.grammies-attic.com"
24.149.198.244 - - [12/Jul/2007:07:23:34 -0700] "GET /logo-files/images/logo-with-horizontal-nav-11.gif HTTP/1.1" 200 1355 "http://www.grammies-attic.com/" "Mozilla/5.0 (Windows; U; Windows NT 5.1; en-US; rv:1.7.12) Gecko/20050915 Firefox/1.0.7" "site.grammies-attic.com"
24.149.198.244 - - [12/Jul/2007:07:23:34 -0700] "GET /logo-files/images/logo-with-horizontal-nav-12.gif HTTP/1.1" 200 853 "http://www.grammies-attic.com/" "Mozilla/5.0 (Windows; U; Windows NT 5.1; en-US; rv:1.7.12) Gecko/20050915 Firefox/1.0.7" "site.grammies-attic.com"
24.149.198.244 - - [12/Jul/2007:07:23:34 -0700] "GET /logo-files/images/logo-with-horizontal-nav-13.gif HTTP/1.1" 200 1051 "http://www.grammies-attic.com/" "Mozilla/5.0 (Windows; U; Windows NT 5.1; en-US; rv:1.7.12) Gecko/20050915 Firefox/1.0.7" "site.grammies-attic.com"
66.0.32.28 - - [12/Jul/2007:07:23:34 -0700] "GET /logo-files/images/logo-with-horizontal-nav-08.gif HTTP/1.1" 200 1958 "http://store.grammies-attic.com/" "Mozilla/4.0 (compatible; MSIE 7.0; Windows NT 6.0; FunWebProducts; SLCC1; .NET CLR 2.0.50727; Media Center PC 5.0; .NET CLR 3.0.04506; .NET CLR 1.1.4322)" "site.grammies-attic.com"
24.149.198.244 - - [12/Jul/2007:07:23:35 -0700] "GET /logo-files/images/logo-with-horizontal-nav-14.gif HTTP/1.1" 200 814 "http://www.grammies-attic.com/" "Mozilla/5.0 (Windows; U; Windows NT 5.1; en-US; rv:1.7.12) Gecko/20050915 Firefox/1.0.7" "site.grammies-attic.com"
24.149.198.244 - - [12/Jul/2007:07:23:35 -0700] "GET /logo-files/images/logo-with-horizontal-nav-15.gif HTTP/1.1" 200 815 "http://www.grammies-attic.com/" "Mozilla/5.0 (Windows; U; Windows NT 5.1; en-US; rv:1.7.12) Gecko/20050915 Firefox/1.0.7" "site.grammies-attic.com"
66.0.32.28 - - [12/Jul/2007:07:23:35 -0700] "GET /logo-files/images/logo-with-horizontal-nav-10.gif HTTP/1.1" 200 835 "http://store.grammies-attic.com/" "Mozilla/4.0 (compatible; MSIE 7.0; Windows NT 6.0; FunWebProducts; SLCC1; .NET CLR 2.0.50727; Media Center PC 5.0; .NET CLR 3.0.04506; .NET CLR 1.1.4322)" "site.grammies-attic.com"
24.149.198.244 - - [12/Jul/2007:07:23:35 -0700] "GET /logo-files/images/logo-with-horizontal-nav-16.gif HTTP/1.1" 200 1303 "http://www.grammies-attic.com/" "Mozilla/5.0 (Windows; U; Windows NT 5.1; en-US; rv:1.7.12) Gecko/20050915 Firefox/1.0.7" "site.grammies-attic.com"
66.0.32.28 - - [12/Jul/2007:07:23:35 -0700] "GET /logo-files/images/logo-with-horizontal-nav-11.gif HTTP/1.1" 200 1355 "http://store.grammies-attic.com/" "Mozilla/4.0 (compatible; MSIE 7.0; Windows NT 6.0; FunWebProducts; SLCC1; .NET CLR 2.0.50727; Media Center PC 5.0; .NET CLR 3.0.04506; .NET CLR 1.1.4322)" "site.grammies-attic.com"
24.149.198.244 - - [12/Jul/2007:07:23:35 -0700] "GET /logo-files/images/logo-with-horizontal-nav-17.gif HTTP/1.1" 200 874 "http://www.grammies-attic.com/" "Mozilla/5.0 (Windows; U; Windows NT 5.1; en-US; rv:1.7.12) Gecko/20050915 Firefox/1.0.7" "site.grammies-attic.com"
24.149.198.244 - - [12/Jul/2007:07:23:35 -0700] "GET /logo-files/images/logo-with-horizontal-nav-18.gif HTTP/1.1" 200 815 "http://www.grammies-attic.com/" "Mozilla/5.0 (Windows; U; Windows NT 5.1; en-US; rv:1.7.12) Gecko/20050915 Firefox/1.0.7" "site.grammies-attic.com"
24.149.198.244 - - [12/Jul/2007:07:23:35 -0700] "GET /logo-files/images/logo-with-horizontal-nav-19.gif HTTP/1.1" 200 1477 "http://www.grammies-attic.com/" "Mozilla/5.0 (Windows; U; Windows NT 5.1; en-US; rv:1.7.12) Gecko/20050915 Firefox/1.0.7" "site.grammies-attic.com"
66.0.32.28 - - [12/Jul/2007:07:23:35 -0700] "GET /logo-files/images/logo-with-horizontal-nav-12.gif HTTP/1.1" 200 853 "http://store.grammies-attic.com/" "Mozilla/4.0 (compatible; MSIE 7.0; Windows NT 6.0; FunWebProducts; SLCC1; .NET CLR 2.0.50727; Media Center PC 5.0; .NET CLR 3.0.04506; .NET CLR 1.1.4322)" "site.grammies-attic.com"
66.0.32.28 - - [12/Jul/2007:07:23:35 -0700] "GET /logo-files/images/logo-with-horizontal-nav-13.gif HTTP/1.1" 200 1051 "http://store.grammies-attic.com/" "Mozilla/4.0 (compatible; MSIE 7.0; Windows NT 6.0; FunWebProducts; SLCC1; .NET CLR 2.0.50727; Media Center PC 5.0; .NET CLR 3.0.04506; .NET CLR 1.1.4322)" "site.grammies-attic.com"
24.149.198.244 - - [12/Jul/2007:07:23:35 -0700] "GET /logo-files/images/logo-with-horizontal-nav-20.gif HTTP/1.1" 200 814 "http://www.grammies-attic.com/" "Mozilla/5.0 (Windows; U; Windows NT 5.1; en-US; rv:1.7.12) Gecko/20050915 Firefox/1.0.7" "site.grammies-attic.com"
24.149.198.244 - - [12/Jul/2007:07:23:35 -0700] "GET /logo-files/images/logo-with-horizontal-nav-21.gif HTTP/1.1" 200 1070 "http://www.grammies-attic.com/" "Mozilla/5.0 (Windows; U; Windows NT 5.1; en-US; rv:1.7.12) Gecko/20050915 Firefox/1.0.7" "site.grammies-attic.com"
66.0.32.28 - - [12/Jul/2007:07:23:35 -0700] "GET /logo-files/images/logo-with-horizontal-nav-14.gif HTTP/1.1" 200 814 "http://store.grammies-attic.com/" "Mozilla/4.0 (compatible; MSIE 7.0; Windows NT 6.0; FunWebProducts; SLCC1; .NET CLR 2.0.50727; Media Center PC 5.0; .NET CLR 3.0.04506; .NET CLR 1.1.4322)" "site.grammies-attic.com"
66.0.32.28 - - [12/Jul/2007:07:23:35 -0700] "GET /logo-files/images/logo-with-horizontal-nav-15.gif HTTP/1.1" 200 815 "http://store.grammies-attic.com/" "Mozilla/4.0 (compatible; MSIE 7.0; Windows NT 6.0; FunWebProducts; SLCC1; .NET CLR 2.0.50727; Media Center PC 5.0; .NET CLR 3.0.04506; .NET CLR 1.1.4322)" "site.grammies-attic.com"
24.149.198.244 - - [12/Jul/2007:07:23:36 -0700] "GET /logo-files/images/logo-with-horizontal-nav-22.gif HTTP/1.1" 200 835 "http://www.grammies-attic.com/" "Mozilla/5.0 (Windows; U; Windows NT 5.1; en-US; rv:1.7.12) Gecko/20050915 Firefox/1.0.7" "site.grammies-attic.com"
24.149.198.244 - - [12/Jul/2007:07:23:36 -0700] "GET /logo-files/images/logo-with-horizontal-nav-23.gif HTTP/1.1" 200 1308 "http://www.grammies-attic.com/" "Mozilla/5.0 (Windows; U; Windows NT 5.1; en-US; rv:1.7.12) Gecko/20050915 Firefox/1.0.7" "site.grammies-attic.com"
66.0.32.28 - - [12/Jul/2007:07:23:36 -0700] "GET /logo-files/images/logo-with-horizontal-nav-16.gif HTTP/1.1" 200 1303 "http://store.grammies-attic.com/" "Mozilla/4.0 (compatible; MSIE 7.0; Windows NT 6.0; FunWebProducts; SLCC1; .NET CLR 2.0.50727; Media Center PC 5.0; .NET CLR 3.0.04506; .NET CLR 1.1.4322)" "site.grammies-attic.com"
24.149.198.244 - - [12/Jul/2007:07:23:36 -0700] "GET /logo-files/images/logo-with-horizontal-nav-24.gif HTTP/1.1" 200 1102 "http://www.grammies-attic.com/" "Mozilla/5.0 (Windows; U; Windows NT 5.1; en-US; rv:1.7.12) Gecko/20050915 Firefox/1.0.7" "site.grammies-attic.com"
24.149.198.244 - - [12/Jul/2007:07:23:36 -0700] "GET /logo-files/images/logo-with-horizontal-nav-25.gif HTTP/1.1" 200 1677 "http://www.grammies-attic.com/" "Mozilla/5.0 (Windows; U; Windows NT 5.1; en-US; rv:1.7.12) Gecko/20050915 Firefox/1.0.7" "site.grammies-attic.com"
66.0.32.28 - - [12/Jul/2007:07:23:36 -0700] "GET /logo-files/images/logo-with-horizontal-nav-17.gif HTTP/1.1" 200 874 "http://store.grammies-attic.com/" "Mozilla/4.0 (compatible; MSIE 7.0; Windows NT 6.0; FunWebProducts; SLCC1; .NET CLR 2.0.50727; Media Center PC 5.0; .NET CLR 3.0.04506; .NET CLR 1.1.4322)" "site.grammies-attic.com"
24.149.198.244 - - [12/Jul/2007:07:23:36 -0700] "GET /logo-files/images/logo-with-horizontal-nav-26.gif HTTP/1.1" 200 817 "http://www.grammies-attic.com/" "Mozilla/5.0 (Windows; U; Windows NT 5.1; en-US; rv:1.7.12) Gecko/20050915 Firefox/1.0.7" "site.grammies-attic.com"
24.149.198.244 - - [12/Jul/2007:07:23:36 -0700] "GET /logo-files/images/logo-with-horizontal-nav-27.gif HTTP/1.1" 200 1435 "http://www.grammies-attic.com/" "Mozilla/5.0 (Windows; U; Windows NT 5.1; en-US; rv:1.7.12) Gecko/20050915 Firefox/1.0.7" "site.grammies-attic.com"
66.0.32.28 - - [12/Jul/2007:07:23:36 -0700] "GET /logo-files/images/logo-with-horizontal-nav-18.gif HTTP/1.1" 200 815 "http://store.grammies-attic.com/" "Mozilla/4.0 (compatible; MSIE 7.0; Windows NT 6.0; FunWebProducts; SLCC1; .NET CLR 2.0.50727; Media Center PC 5.0; .NET CLR 3.0.04506; .NET CLR 1.1.4322)" "site.grammies-attic.com"
66.0.32.28 - - [12/Jul/2007:07:23:36 -0700] "GET /logo-files/images/logo-with-horizontal-nav-19.gif HTTP/1.1" 200 1477 "http://store.grammies-attic.com/" "Mozilla/4.0 (compatible; MSIE 7.0; Windows NT 6.0; FunWebProducts; SLCC1; .NET CLR 2.0.50727; Media Center PC 5.0; .NET CLR 3.0.04506; .NET CLR 1.1.4322)" "site.grammies-attic.com"
24.149.198.244 - - [12/Jul/2007:07:23:36 -0700] "GET /logo-files/images/logo-with-horizontal-nav-28.gif HTTP/1.1" 200 1097 "http://www.grammies-attic.com/" "Mozilla/5.0 (Windows; U; Windows NT 5.1; en-US; rv:1.7.12) Gecko/20050915 Firefox/1.0.7" "site.grammies-attic.com"
24.149.198.244 - - [12/Jul/2007:07:23:36 -0700] "GET /logo-files/images/logo-with-horizontal-nav-29.gif HTTP/1.1" 200 920 "http://www.grammies-attic.com/" "Mozilla/5.0 (Windows; U; Windows NT 5.1; en-US; rv:1.7.12) Gecko/20050915 Firefox/1.0.7" "site.grammies-attic.com"
66.0.32.28 - - [12/Jul/2007:07:23:36 -0700] "GET /logo-files/images/logo-with-horizontal-nav-20.gif HTTP/1.1" 200 814 "http://store.grammies-attic.com/" "Mozilla/4.0 (compatible; MSIE 7.0; Windows NT 6.0; FunWebProducts; SLCC1; .NET CLR 2.0.50727; Media Center PC 5.0; .NET CLR 3.0.04506; .NET CLR 1.1.4322)" "site.grammies-attic.com"
24.149.198.244 - - [12/Jul/2007:07:23:36 -0700] "GET /logo-files/images/logo-with-horizontal-nav-30.gif HTTP/1.1" 200 837 "http://www.grammies-attic.com/" "Mozilla/5.0 (Windows; U; Windows NT 5.1; en-US; rv:1.7.12) Gecko/20050915 Firefox/1.0.7" "site.grammies-attic.com"
24.149.198.244 - - [12/Jul/2007:07:23:36 -0700] "GET /logo-files/images/logo-with-horizontal-nav-31.gif HTTP/1.1" 200 824 "http://www.grammies-attic.com/" "Mozilla/5.0 (Windows; U; Windows NT 5.1; en-US; rv:1.7.12) Gecko/20050915 Firefox/1.0.7" "site.grammies-attic.com"
66.0.32.28 - - [12/Jul/2007:07:23:36 -0700] "GET /logo-files/images/logo-with-horizontal-nav-21.gif HTTP/1.1" 200 1070 "http://store.grammies-attic.com/" "Mozilla/4.0 (compatible; MSIE 7.0; Windows NT 6.0; FunWebProducts; SLCC1; .NET CLR 2.0.50727; Media Center PC 5.0; .NET CLR 3.0.04506; .NET CLR 1.1.4322)" "site.grammies-attic.com"
65.100.211.65 - - [12/Jul/2007:07:23:36 -0700] "GET /index.html HTTP/1.1" 404 275 "http://www.grammies-attic.com/saco-sailor-suits-for-boys-all-sizes.html" "Mozilla/4.0 (compatible; MSIE 7.0; Windows NT 5.1; .NET CLR 1.1.4322)" "site.grammies-attic.com"
24.149.198.244 - - [12/Jul/2007:07:23:37 -0700] "GET /images/Sarah-Louise-smallest.jpg HTTP/1.1" 200 12832 "http://www.grammies-attic.com/" "Mozilla/5.0 (Windows; U; Windows NT 5.1; en-US; rv:1.7.12) Gecko/20050915 Firefox/1.0.7" "site.grammies-attic.com"
24.149.198.244 - - [12/Jul/2007:07:23:37 -0700] "GET /images/blue-birds-pink-bow2.gif HTTP/1.1" 200 4858 "http://www.grammies-attic.com/" "Mozilla/5.0 (Windows; U; Windows NT 5.1; en-US; rv:1.7.12) Gecko/20050915 Firefox/1.0.7" "site.grammies-attic.com"
66.0.32.28 - - [12/Jul/2007:07:23:37 -0700] "GET /logo-files/images/logo-with-horizontal-nav-22.gif HTTP/1.1" 200 835 "http://store.grammies-attic.com/" "Mozilla/4.0 (compatible; MSIE 7.0; Windows NT 6.0; FunWebProducts; SLCC1; .NET CLR 2.0.50727; Media Center PC 5.0; .NET CLR 3.0.04506; .NET CLR 1.1.4322)" "site.grammies-attic.com"
66.0.32.28 - - [12/Jul/2007:07:23:37 -0700] "GET /logo-files/images/logo-with-horizontal-nav-23.gif HTTP/1.1" 200 1308 "http://store.grammies-attic.com/" "Mozilla/4.0 (compatible; MSIE 7.0; Windows NT 6.0; FunWebProducts; SLCC1; .NET CLR 2.0.50727; Media Center PC 5.0; .NET CLR 3.0.04506; .NET CLR 1.1.4322)" "site.grammies-attic.com"
24.149.198.244 - - [12/Jul/2007:07:23:37 -0700] "GET /images/Feltman-Brothers.jpg HTTP/1.1" 200 13751 "http://www.grammies-attic.com/" "Mozilla/5.0 (Windows; U; Windows NT 5.1; en-US; rv:1.7.12) Gecko/20050915 Firefox/1.0.7" "site.grammies-attic.com"
66.0.32.28 - - [12/Jul/2007:07:23:37 -0700] "GET /logo-files/images/logo-with-horizontal-nav-24.gif HTTP/1.1" 200 1102 "http://store.grammies-attic.com/" "Mozilla/4.0 (compatible; MSIE 7.0; Windows NT 6.0; FunWebProducts; SLCC1; .NET CLR 2.0.50727; Media Center PC 5.0; .NET CLR 3.0.04506; .NET CLR 1.1.4322)" "site.grammies-attic.com"
24.149.198.244 - - [12/Jul/2007:07:23:37 -0700] "GET /images/polly-flinders-yellow.jpg HTTP/1.1" 200 18560 "http://www.grammies-attic.com/" "Mozilla/5.0 (Windows; U; Windows NT 5.1; en-US; rv:1.7.12) Gecko/20050915 Firefox/1.0.7" "site.grammies-attic.com"
66.0.32.28 - - [12/Jul/2007:07:23:37 -0700] "GET /logo-files/images/logo-with-horizontal-nav-09.gif HTTP/1.1" 200 1012 "http://store.grammies-attic.com/" "Mozilla/4.0 (compatible; MSIE 7.0; Windows NT 6.0; FunWebProducts; SLCC1; .NET CLR 2.0.50727; Media Center PC 5.0; .NET CLR 3.0.04506; .NET CLR 1.1.4322)" "site.grammies-attic.com"
66.0.32.28 - - [12/Jul/2007:07:23:37 -0700] "GET /logo-files/images/logo-with-horizontal-nav-25.gif HTTP/1.1" 200 1677 "http://store.grammies-attic.com/" "Mozilla/4.0 (compatible; MSIE 7.0; Windows NT 6.0; FunWebProducts; SLCC1; .NET CLR 2.0.50727; Media Center PC 5.0; .NET CLR 3.0.04506; .NET CLR 1.1.4322)" "site.grammies-attic.com"
24.149.198.244 - - [12/Jul/2007:07:23:37 -0700] "GET /willbethlogo-smallest.gif HTTP/1.1" 200 1520 "http://www.grammies-attic.com/" "Mozilla/5.0 (Windows; U; Windows NT 5.1; en-US; rv:1.7.12) Gecko/20050915 Firefox/1.0.7" "site.grammies-attic.com"
66.0.32.28 - - [12/Jul/2007:07:23:37 -0700] "GET /logo-files/images/logo-with-horizontal-nav-26.gif HTTP/1.1" 200 817 "http://store.grammies-attic.com/" "Mozilla/4.0 (compatible; MSIE 7.0; Windows NT 6.0; FunWebProducts; SLCC1; .NET CLR 2.0.50727; Media Center PC 5.0; .NET CLR 3.0.04506; .NET CLR 1.1.4322)" "site.grammies-attic.com"
24.149.198.244 - - [12/Jul/2007:07:23:38 -0700] "GET /images/blue-bird.gif HTTP/1.1" 200 1577 "http://www.grammies-attic.com/" "Mozilla/5.0 (Windows; U; Windows NT 5.1; en-US; rv:1.7.12) Gecko/20050915 Firefox/1.0.7" "site.grammies-attic.com"
24.149.198.244 - - [12/Jul/2007:07:23:38 -0700] "GET /CROPPEDBAR.gif HTTP/1.1" 200 527 "http://www.grammies-attic.com/" "Mozilla/5.0 (Windows; U; Windows NT 5.1; en-US; rv:1.7.12) Gecko/20050915 Firefox/1.0.7" "site.grammies-attic.com"
66.0.32.28 - - [12/Jul/2007:07:23:38 -0700] "GET /logo-files/images/logo-with-horizontal-nav-27.gif HTTP/1.1" 200 1435 "http://store.grammies-attic.com/" "Mozilla/4.0 (compatible; MSIE 7.0; Windows NT 6.0; FunWebProducts; SLCC1; .NET CLR 2.0.50727; Media Center PC 5.0; .NET CLR 3.0.04506; .NET CLR 1.1.4322)" "site.grammies-attic.com"
66.0.32.28 - - [12/Jul/2007:07:23:38 -0700] "GET /logo-files/images/logo-with-horizontal-nav-29.gif HTTP/1.1" 200 920 "http://store.grammies-attic.com/" "Mozilla/4.0 (compatible; MSIE 7.0; Windows NT 6.0; FunWebProducts; SLCC1; .NET CLR 2.0.50727; Media Center PC 5.0; .NET CLR 3.0.04506; .NET CLR 1.1.4322)" "site.grammies-attic.com"
24.149.198.244 - - [12/Jul/2007:07:23:38 -0700] "GET /the-purple-book.gif HTTP/1.1" 200 2696 "http://www.grammies-attic.com/" "Mozilla/5.0 (Windows; U; Windows NT 5.1; en-US; rv:1.7.12) Gecko/20050915 Firefox/1.0.7" "site.grammies-attic.com"
66.0.32.28 - - [12/Jul/2007:07:23:38 -0700] "GET /logo-files/images/logo-with-horizontal-nav-30.gif HTTP/1.1" 200 837 "http://store.grammies-attic.com/" "Mozilla/4.0 (compatible; MSIE 7.0; Windows NT 6.0; FunWebProducts; SLCC1; .NET CLR 2.0.50727; Media Center PC 5.0; .NET CLR 3.0.04506; .NET CLR 1.1.4322)" "site.grammies-attic.com"
66.0.32.28 - - [12/Jul/2007:07:23:38 -0700] "GET /logo-files/images/logo-with-horizontal-nav-31.gif HTTP/1.1" 200 824 "http://store.grammies-attic.com/" "Mozilla/4.0 (compatible; MSIE 7.0; Windows NT 6.0; FunWebProducts; SLCC1; .NET CLR 2.0.50727; Media Center PC 5.0; .NET CLR 3.0.04506; .NET CLR 1.1.4322)" "site.grammies-attic.com"
66.0.32.28 - - [12/Jul/2007:07:23:38 -0700] "GET /images/blue-birds-pink-bow2.gif HTTP/1.1" 200 4858 "http://store.grammies-attic.com/" "Mozilla/4.0 (compatible; MSIE 7.0; Windows NT 6.0; FunWebProducts; SLCC1; .NET CLR 2.0.50727; Media Center PC 5.0; .NET CLR 3.0.04506; .NET CLR 1.1.4322)" "site.grammies-attic.com"
66.0.32.28 - - [12/Jul/2007:07:23:38 -0700] "GET /logo-files/images/logo-with-horizontal-nav-28.gif HTTP/1.1" 200 1097 "http://store.grammies-attic.com/" "Mozilla/4.0 (compatible; MSIE 7.0; Windows NT 6.0; FunWebProducts; SLCC1; .NET CLR 2.0.50727; Media Center PC 5.0; .NET CLR 3.0.04506; .NET CLR 1.1.4322)" "site.grammies-attic.com"
66.0.32.28 - - [12/Jul/2007:07:23:40 -0700] "GET /index.html HTTP/1.1" 404 275 "http://www.grammies-attic.com/girls-take-home.html" "Mozilla/4.0 (compatible; MSIE 7.0; Windows NT 6.0; FunWebProducts; SLCC1; .NET CLR 2.0.50727; Media Center PC 5.0; .NET CLR 3.0.04506; .NET CLR 1.1.4322)" "site.grammies-attic.com"
66.0.32.28 - - [12/Jul/2007:07:23:40 -0700] "GET /images/blue-sold-1.gif HTTP/1.1" 200 1135 "http://www.grammies-attic.com/girls-take-home.html" "Mozilla/4.0 (compatible; MSIE 7.0; Windows NT 6.0; FunWebProducts; SLCC1; .NET CLR 2.0.50727; Media Center PC 5.0; .NET CLR 3.0.04506; .NET CLR 1.1.4322)" "site.grammies-attic.com"
66.0.32.28 - - [12/Jul/2007:07:23:40 -0700] "GET /CROPPEDBAR.gif HTTP/1.1" 200 527 "http://www.grammies-attic.com/girls-take-home.html" "Mozilla/4.0 (compatible; MSIE 7.0; Windows NT 6.0; FunWebProducts; SLCC1; .NET CLR 2.0.50727; Media Center PC 5.0; .NET CLR 3.0.04506; .NET CLR 1.1.4322)" "site.grammies-attic.com"
65.100.211.65 - - [12/Jul/2007:07:23:41 -0700] "GET /index.html HTTP/1.1" 404 275 "http://www.grammies-attic.com/good-lad-navy-velour-sailor-romper-with-white-satin-tie-sz3-6mo.html" "Mozilla/4.0 (compatible; MSIE 7.0; Windows NT 5.1; .NET CLR 1.1.4322)" "site.grammies-attic.com"
24.149.198.244 - - [12/Jul/2007:07:23:54 -0700] "GET /index.html HTTP/1.1" 404 275 "http://www.grammies-attic.com/clco-willbeth.html" "Mozilla/5.0 (Windows; U; Windows NT 5.1; en-US; rv:1.7.12) Gecko/20050915 Firefox/1.0.7" "site.grammies-attic.com"
24.149.198.244 - - [12/Jul/2007:07:23:54 -0700] "GET /images/blue-sold-1.gif HTTP/1.1" 200 1135 "http://www.grammies-attic.com/clco-willbeth.html" "Mozilla/5.0 (Windows; U; Windows NT 5.1; en-US; rv:1.7.12) Gecko/20050915 Firefox/1.0.7" "site.grammies-attic.com"
65.100.211.65 - - [12/Jul/2007:07:23:55 -0700] "GET /index.html HTTP/1.1" 404 275 "http://www.grammies-attic.com/saco-sailor-suits-for-boys-all-sizes.html" "Mozilla/4.0 (compatible; MSIE 7.0; Windows NT 5.1; .NET CLR 1.1.4322)" "site.grammies-attic.com"
24.149.198.244 - - [12/Jul/2007:07:24:01 -0700] "GET /index.html HTTP/1.1" 404 275 "http://www.grammies-attic.com/" "Mozilla/5.0 (Windows; U; Windows NT 5.1; en-US; rv:1.7.12) Gecko/20050915 Firefox/1.0.7" "site.grammies-attic.com"
66.0.32.28 - - [12/Jul/2007:07:24:10 -0700] "GET /index.html HTTP/1.1" 404 275 "http://www.grammies-attic.com/nightgowns-and-pajamas.html" "Mozilla/4.0 (compatible; MSIE 7.0; Windows NT 6.0; FunWebProducts; SLCC1; .NET CLR 2.0.50727; Media Center PC 5.0; .NET CLR 3.0.04506; .NET CLR 1.1.4322)" "site.grammies-attic.com"
66.0.32.28 - - [12/Jul/2007:07:24:17 -0700] "GET /index.html HTTP/1.1" 404 275 "http://www.grammies-attic.com/portrait-wear.html" "Mozilla/4.0 (compatible; MSIE 7.0; Windows NT 6.0; FunWebProducts; SLCC1; .NET CLR 2.0.50727; Media Center PC 5.0; .NET CLR 3.0.04506; .NET CLR 1.1.4322)" "site.grammies-attic.com"
66.0.32.28 - - [12/Jul/2007:07:24:17 -0700] "GET /images/nightshirt2.jpg HTTP/1.1" 200 17740 "http://www.grammies-attic.com/portrait-wear.html" "Mozilla/4.0 (compatible; MSIE 7.0; Windows NT 6.0; FunWebProducts; SLCC1; .NET CLR 2.0.50727; Media Center PC 5.0; .NET CLR 3.0.04506; .NET CLR 1.1.4322)" "site.grammies-attic.com"
66.0.32.28 - - [12/Jul/2007:07:24:18 -0700] "GET /images/white-nightgown.jpg HTTP/1.1" 200 16590 "http://www.grammies-attic.com/portrait-wear.html" "Mozilla/4.0 (compatible; MSIE 7.0; Windows NT 6.0; FunWebProducts; SLCC1; .NET CLR 2.0.50727; Media Center PC 5.0; .NET CLR 3.0.04506; .NET CLR 1.1.4322)" "site.grammies-attic.com"
66.0.32.28 - - [12/Jul/2007:07:24:18 -0700] "GET /images/night-hat.jpg HTTP/1.1" 200 11241 "http://www.grammies-attic.com/portrait-wear.html" "Mozilla/4.0 (compatible; MSIE 7.0; Windows NT 6.0; FunWebProducts; SLCC1; .NET CLR 2.0.50727; Media Center PC 5.0; .NET CLR 3.0.04506; .NET CLR 1.1.4322)" "site.grammies-attic.com"
66.0.32.28 - - [12/Jul/2007:07:24:26 -0700] "GET /index.html HTTP/1.1" 404 275 "http://www.grammies-attic.com/special-occasion.html" "Mozilla/4.0 (compatible; MSIE 7.0; Windows NT 6.0; FunWebProducts; SLCC1; .NET CLR 2.0.50727; Media Center PC 5.0; .NET CLR 3.0.04506; .NET CLR 1.1.4322)" "site.grammies-attic.com"
66.0.32.28 - - [12/Jul/2007:07:24:44 -0700] "GET /index.html HTTP/1.1" 404 275 "http://www.grammies-attic.com/laco.html" "Mozilla/4.0 (compatible; MSIE 7.0; Windows NT 6.0; FunWebProducts; SLCC1; .NET CLR 2.0.50727; Media Center PC 5.0; .NET CLR 3.0.04506; .NET CLR 1.1.4322)" "site.grammies-attic.com"
65.100.211.65 - - [12/Jul/2007:07:24:51 -0700] "GET /index.html HTTP/1.1" 404 275 "http://www.grammies-attic.com/new-rare-editions-navy-sailor-shortall-with-white-trim-and-matching-sailor-hat.html" "Mozilla/4.0 (compatible; MSIE 7.0; Windows NT 5.1; .NET CLR 1.1.4322)" "site.grammies-attic.com"
138.88.206.125 - - [12/Jul/2007:07:24:55 -0700] "GET /credit-cards-5-copy.jpg HTTP/1.1" 304 - "http://www.grammies-attic.com/" "Mozilla/4.0 (compatible; MSIE 7.0; Windows NT 6.0; SLCC1; .NET CLR 2.0.50727; Media Center PC 5.0; .NET CLR 3.0.04506; InfoPath.2)" "site.grammies-attic.com"
138.88.206.125 - - [12/Jul/2007:07:24:55 -0700] "GET /logo-files/images/logo-with-horizontal-nav-ba.gif HTTP/1.1" 304 - "http://www.grammies-attic.com/" "Mozilla/4.0 (compatible; MSIE 7.0; Windows NT 6.0; SLCC1; .NET CLR 2.0.50727; Media Center PC 5.0; .NET CLR 3.0.04506; InfoPath.2)" "site.grammies-attic.com"
138.88.206.125 - - [12/Jul/2007:07:24:55 -0700] "GET /logo-files/images/spacer.gif HTTP/1.1" 304 - "http://www.grammies-attic.com/" "Mozilla/4.0 (compatible; MSIE 7.0; Windows NT 6.0; SLCC1; .NET CLR 2.0.50727; Media Center PC 5.0; .NET CLR 3.0.04506; InfoPath.2)" "site.grammies-attic.com"
138.88.206.125 - - [12/Jul/2007:07:24:55 -0700] "GET /logo-files/images/logo-with-horizontal-nav-03.gif HTTP/1.1" 304 - "http://www.grammies-attic.com/" "Mozilla/4.0 (compatible; MSIE 7.0; Windows NT 6.0; SLCC1; .NET CLR 2.0.50727; Media Center PC 5.0; .NET CLR 3.0.04506; InfoPath.2)" "site.grammies-attic.com"
138.88.206.125 - - [12/Jul/2007:07:24:55 -0700] "GET /logo-files/images/logo-with-horizontal-nav-04.gif HTTP/1.1" 304 - "http://www.grammies-attic.com/" "Mozilla/4.0 (compatible; MSIE 7.0; Windows NT 6.0; SLCC1; .NET CLR 2.0.50727; Media Center PC 5.0; .NET CLR 3.0.04506; InfoPath.2)" "site.grammies-attic.com"
138.88.206.125 - - [12/Jul/2007:07:24:55 -0700] "GET /logo-files/images/logo-with-horizontal-nav-05.gif HTTP/1.1" 304 - "http://www.grammies-attic.com/" "Mozilla/4.0 (compatible; MSIE 7.0; Windows NT 6.0; SLCC1; .NET CLR 2.0.50727; Media Center PC 5.0; .NET CLR 3.0.04506; InfoPath.2)" "site.grammies-attic.com"
138.88.206.125 - - [12/Jul/2007:07:24:55 -0700] "GET /index.html HTTP/1.1" 404 275 "http://www.grammies-attic.com/" "Mozilla/4.0 (compatible; MSIE 7.0; Windows NT 6.0; SLCC1; .NET CLR 2.0.50727; Media Center PC 5.0; .NET CLR 3.0.04506; InfoPath.2)" "site.grammies-attic.com"
138.88.206.125 - - [12/Jul/2007:07:24:56 -0700] "GET /logo-files/images/logo-with-horizontal-nav-07.gif HTTP/1.1" 304 - "http://www.grammies-attic.com/" "Mozilla/4.0 (compatible; MSIE 7.0; Windows NT 6.0; SLCC1; .NET CLR 2.0.50727; Media Center PC 5.0; .NET CLR 3.0.04506; InfoPath.2)" "site.grammies-attic.com"
138.88.206.125 - - [12/Jul/2007:07:24:56 -0700] "GET /logo-files/images/logo-with-horizontal-nav-08.gif HTTP/1.1" 304 - "http://www.grammies-attic.com/" "Mozilla/4.0 (compatible; MSIE 7.0; Windows NT 6.0; SLCC1; .NET CLR 2.0.50727; Media Center PC 5.0; .NET CLR 3.0.04506; InfoPath.2)" "site.grammies-attic.com"
138.88.206.125 - - [12/Jul/2007:07:24:56 -0700] "GET /logo-files/images/logo-with-horizontal-nav-09.gif HTTP/1.1" 304 - "http://www.grammies-attic.com/" "Mozilla/4.0 (compatible; MSIE 7.0; Windows NT 6.0; SLCC1; .NET CLR 2.0.50727; Media Center PC 5.0; .NET CLR 3.0.04506; InfoPath.2)" "site.grammies-attic.com"
138.88.206.125 - - [12/Jul/2007:07:24:56 -0700] "GET /logo-files/images/logo-with-horizontal-nav-10.gif HTTP/1.1" 304 - "http://www.grammies-attic.com/" "Mozilla/4.0 (compatible; MSIE 7.0; Windows NT 6.0; SLCC1; .NET CLR 2.0.50727; Media Center PC 5.0; .NET CLR 3.0.04506; InfoPath.2)" "site.grammies-attic.com"
138.88.206.125 - - [12/Jul/2007:07:24:56 -0700] "GET /logo-files/images/logo-with-horizontal-nav-11.gif HTTP/1.1" 304 - "http://www.grammies-attic.com/" "Mozilla/4.0 (compatible; MSIE 7.0; Windows NT 6.0; SLCC1; .NET CLR 2.0.50727; Media Center PC 5.0; .NET CLR 3.0.04506; InfoPath.2)" "site.grammies-attic.com"
138.88.206.125 - - [12/Jul/2007:07:24:56 -0700] "GET /logo-files/images/logo-with-horizontal-nav-12.gif HTTP/1.1" 304 - "http://www.grammies-attic.com/" "Mozilla/4.0 (compatible; MSIE 7.0; Windows NT 6.0; SLCC1; .NET CLR 2.0.50727; Media Center PC 5.0; .NET CLR 3.0.04506; InfoPath.2)" "site.grammies-attic.com"
138.88.206.125 - - [12/Jul/2007:07:24:56 -0700] "GET /logo-files/images/logo-with-horizontal-nav-13.gif HTTP/1.1" 304 - "http://www.grammies-attic.com/" "Mozilla/4.0 (compatible; MSIE 7.0; Windows NT 6.0; SLCC1; .NET CLR 2.0.50727; Media Center PC 5.0; .NET CLR 3.0.04506; InfoPath.2)" "site.grammies-attic.com"
138.88.206.125 - - [12/Jul/2007:07:24:56 -0700] "GET /logo-files/images/logo-with-horizontal-nav-14.gif HTTP/1.1" 304 - "http://www.grammies-attic.com/" "Mozilla/4.0 (compatible; MSIE 7.0; Windows NT 6.0; SLCC1; .NET CLR 2.0.50727; Media Center PC 5.0; .NET CLR 3.0.04506; InfoPath.2)" "site.grammies-attic.com"
138.88.206.125 - - [12/Jul/2007:07:24:57 -0700] "GET /logo-files/images/logo-with-horizontal-nav-15.gif HTTP/1.1" 304 - "http://www.grammies-attic.com/" "Mozilla/4.0 (compatible; MSIE 7.0; Windows NT 6.0; SLCC1; .NET CLR 2.0.50727; Media Center PC 5.0; .NET CLR 3.0.04506; InfoPath.2)" "site.grammies-attic.com"
138.88.206.125 - - [12/Jul/2007:07:24:57 -0700] "GET /logo-files/images/logo-with-horizontal-nav-16.gif HTTP/1.1" 304 - "http://www.grammies-attic.com/" "Mozilla/4.0 (compatible; MSIE 7.0; Windows NT 6.0; SLCC1; .NET CLR 2.0.50727; Media Center PC 5.0; .NET CLR 3.0.04506; InfoPath.2)" "site.grammies-attic.com"
