65.210.158.162 - - [12/Jul/2007:07:50:10 -0700] "GET /index.html HTTP/1.1" 404 275 "http://www.grammies-attic.com/boys-christening-sizes-newborn-to-6-months.html" "Mozilla/4.0 (compatible; MSIE 7.0; Windows NT 5.1; .NET CLR 1.1.4322; .NET CLR 2.0.50727; .NET CLR 3.0.04506.30)" "site.grammies-attic.com"
65.210.158.162 - - [12/Jul/2007:07:50:14 -0700] "GET /index.html HTTP/1.1" 404 275 "http://www.grammies-attic.com/new-willbeth-white-smocked-linen-romper.html" "Mozilla/4.0 (compatible; MSIE 7.0; Windows NT 5.1; .NET CLR 1.1.4322; .NET CLR 2.0.50727; .NET CLR 3.0.04506.30)" "site.grammies-attic.com"
172.188.139.181 - - [12/Jul/2007:07:50:21 -0700] "GET /images/Petit-Ami-logo.jpg HTTP/1.1" 200 10820 "http://www.grammies-attic.com/new-petit-ami-white-diaper-cover-with-baby-lamb-embroidery.html" "Mozilla/4.0 (compatible; MSIE 7.0; Windows NT 5.1; .NET CLR 2.0.50727; .NET CLR 1.1.4322)" "site.grammies-attic.com"
65.210.158.162 - - [12/Jul/2007:07:50:23 -0700] "GET /index.html HTTP/1.1" 404 275 "http://www.grammies-attic.com/new-willbeth-white-smocked-linen-romper.html" "Mozilla/4.0 (compatible; MSIE 7.0; Windows NT 5.1; .NET CLR 1.1.4322; .NET CLR 2.0.50727; .NET CLR 3.0.04506.30)" "site.grammies-attic.com"
65.210.158.162 - - [12/Jul/2007:07:50:24 -0700] "GET /index.html HTTP/1.1" 404 275 "http://www.grammies-attic.com/boys-christening-sizes-newborn-to-6-months.html" "Mozilla/4.0 (compatible; MSIE 7.0; Windows NT 5.1; .NET CLR 1.1.4322; .NET CLR 2.0.50727; .NET CLR 3.0.04506.30)" "site.grammies-attic.com"
65.210.158.162 - - [12/Jul/2007:07:50:30 -0700] "GET /index.html HTTP/1.1" 404 275 "http://www.grammies-attic.com/new-willbeth-white-pintucked-romper-with-lace-insertion.html" "Mozilla/4.0 (compatible; MSIE 7.0; Windows NT 5.1; .NET CLR 1.1.4322; .NET CLR 2.0.50727; .NET CLR 3.0.04506.30)" "site.grammies-attic.com"
172.188.139.181 - - [12/Jul/2007:07:50:35 -0700] "GET /index.html HTTP/1.1" 404 275 "http://www.grammies-attic.com/special-occasion-for-girls.html" "Mozilla/4.0 (compatible; MSIE 7.0; Windows NT 5.1; .NET CLR 2.0.50727; .NET CLR 1.1.4322)" "site.grammies-attic.com"
65.210.158.162 - - [12/Jul/2007:07:50:40 -0700] "GET /index.html HTTP/1.1" 404 275 "http://www.grammies-attic.com/new-willbeth-white-pintucked-romper-with-lace-insertion.html" "Mozilla/4.0 (compatible; MSIE 7.0; Windows NT 5.1; .NET CLR 1.1.4322; .NET CLR 2.0.50727; .NET CLR 3.0.04506.30)" "site.grammies-attic.com"
172.188.139.181 - - [12/Jul/2007:07:50:56 -0700] "GET /index.html HTTP/1.1" 404 275 "http://www.grammies-attic.com/justforboys.html" "Mozilla/4.0 (compatible; MSIE 7.0; Windows NT 5.1; .NET CLR 2.0.50727; .NET CLR 1.1.4322)" "site.grammies-attic.com"
172.188.139.181 - - [12/Jul/2007:07:51:02 -0700] "GET /index.html HTTP/1.1" 404 275 "http://www.grammies-attic.com/clcoforbosi2.html" "Mozilla/4.0 (compatible; MSIE 7.0; Windows NT 5.1; .NET CLR 2.0.50727; .NET CLR 1.1.4322)" "site.grammies-attic.com"
65.210.158.162 - - [12/Jul/2007:07:51:10 -0700] "GET /index.html HTTP/1.1" 404 275 "http://www.grammies-attic.com/new-willbeth-white-pintucked-romper-with-lace-insertion.html" "Mozilla/4.0 (compatible; MSIE 7.0; Windows NT 5.1; .NET CLR 1.1.4322; .NET CLR 2.0.50727; .NET CLR 3.0.04506.30)" "site.grammies-attic.com"
65.210.158.162 - - [12/Jul/2007:07:51:11 -0700] "GET /index.html HTTP/1.1" 404 275 "http://www.grammies-attic.com/boys-christening-sizes-newborn-to-6-months.html" "Mozilla/4.0 (compatible; MSIE 7.0; Windows NT 5.1; .NET CLR 1.1.4322; .NET CLR 2.0.50727; .NET CLR 3.0.04506.30)" "site.grammies-attic.com"
65.210.158.162 - - [12/Jul/2007:07:51:21 -0700] "GET /index.html HTTP/1.1" 404 0 "http://www.grammies-attic.com/new-rosalina-white-linen-button-on-shorts-set-with-openwork-embroidery.html" "Mozilla/4.0 (compatible; MSIE 7.0; Windows NT 5.1; .NET CLR 1.1.4322; .NET CLR 2.0.50727; .NET CLR 3.0.04506.30)" "site.grammies-attic.com"
65.210.158.162 - - [12/Jul/2007:07:51:21 -0700] "GET /index.html HTTP/1.1" 404 275 "http://www.grammies-attic.com/boys-christening-sizes-newborn-to-6-months.html" "Mozilla/4.0 (compatible; MSIE 7.0; Windows NT 5.1; .NET CLR 1.1.4322; .NET CLR 2.0.50727; .NET CLR 3.0.04506.30)" "site.grammies-attic.com"
172.188.139.181 - - [12/Jul/2007:07:51:22 -0700] "GET /index.html HTTP/1.1" 404 275 "http://www.grammies-attic.com/justforboys.html" "Mozilla/4.0 (compatible; MSIE 7.0; Windows NT 5.1; .NET CLR 2.0.50727; .NET CLR 1.1.4322)" "site.grammies-attic.com"
65.210.158.162 - - [12/Jul/2007:07:51:23 -0700] "GET /index.html HTTP/1.1" 404 275 "http://www.grammies-attic.com/new-chabre-white-linen-shortall.html" "Mozilla/4.0 (compatible; MSIE 7.0; Windows NT 5.1; .NET CLR 1.1.4322; .NET CLR 2.0.50727; .NET CLR 3.0.04506.30)" "site.grammies-attic.com"
65.210.158.162 - - [12/Jul/2007:07:51:23 -0700] "GET /images/bailey-babies.bmp HTTP/1.1" 200 10846 "http://www.grammies-attic.com/new-chabre-white-linen-shortall.html" "Mozilla/4.0 (compatible; MSIE 7.0; Windows NT 5.1; .NET CLR 1.1.4322; .NET CLR 2.0.50727; .NET CLR 3.0.04506.30)" "site.grammies-attic.com"
172.188.139.181 - - [12/Jul/2007:07:51:25 -0700] "GET /index.html HTTP/1.1" 404 275 "http://www.grammies-attic.com/clcoforbosi1.html" "Mozilla/4.0 (compatible; MSIE 7.0; Windows NT 5.1; .NET CLR 2.0.50727; .NET CLR 1.1.4322)" "site.grammies-attic.com"
65.210.158.162 - - [12/Jul/2007:07:51:34 -0700] "GET /index.html HTTP/1.1" 404 275 "http://www.grammies-attic.com/new-chabre-white-linen-shortall.html" "Mozilla/4.0 (compatible; MSIE 7.0; Windows NT 5.1; .NET CLR 1.1.4322; .NET CLR 2.0.50727; .NET CLR 3.0.04506.30)" "site.grammies-attic.com"
65.210.158.162 - - [12/Jul/2007:07:51:38 -0700] "GET /index.html HTTP/1.1" 404 275 "http://www.grammies-attic.com/new-chabre-white-linen-shortall.html" "Mozilla/4.0 (compatible; MSIE 7.0; Windows NT 5.1; .NET CLR 1.1.4322; .NET CLR 2.0.50727; .NET CLR 3.0.04506.30)" "site.grammies-attic.com"
172.188.139.181 - - [12/Jul/2007:07:51:38 -0700] "GET /index.html HTTP/1.1" 404 275 "http://www.grammies-attic.com/new-sophie-dess-white-pintucked-romper.html" "Mozilla/4.0 (compatible; MSIE 7.0; Windows NT 5.1; .NET CLR 2.0.50727; .NET CLR 1.1.4322)" "site.grammies-attic.com"
172.188.139.181 - - [12/Jul/2007:07:51:38 -0700] "GET /images/Sophie-Dess-smallest.jpg HTTP/1.1" 200 8235 "http://www.grammies-attic.com/new-sophie-dess-white-pintucked-romper.html" "Mozilla/4.0 (compatible; MSIE 7.0; Windows NT 5.1; .NET CLR 2.0.50727; .NET CLR 1.1.4322)" "site.grammies-attic.com"
65.210.158.162 - - [12/Jul/2007:07:51:40 -0700] "GET /index.html HTTP/1.1" 404 275 "http://www.grammies-attic.com/boys-christening-sizes-newborn-to-6-months.html" "Mozilla/4.0 (compatible; MSIE 7.0; Windows NT 5.1; .NET CLR 1.1.4322; .NET CLR 2.0.50727; .NET CLR 3.0.04506.30)" "site.grammies-attic.com"
65.210.158.162 - - [12/Jul/2007:07:51:49 -0700] "GET /index.html HTTP/1.1" 404 275 "http://www.grammies-attic.com/boys-christening.html" "Mozilla/4.0 (compatible; MSIE 7.0; Windows NT 5.1; .NET CLR 1.1.4322; .NET CLR 2.0.50727; .NET CLR 3.0.04506.30)" "site.grammies-attic.com"
172.188.139.181 - - [12/Jul/2007:07:51:54 -0700] "GET /index.html HTTP/1.1" 404 275 "http://www.grammies-attic.com/clcoforbosi1.html" "Mozilla/4.0 (compatible; MSIE 7.0; Windows NT 5.1; .NET CLR 2.0.50727; .NET CLR 1.1.4322)" "site.grammies-attic.com"
65.210.158.162 - - [12/Jul/2007:07:52:02 -0700] "GET /index.html HTTP/1.1" 404 275 "http://store.grammies-attic.com/bopaeflsmshw.html" "Mozilla/4.0 (compatible; MSIE 7.0; Windows NT 5.1; .NET CLR 1.1.4322; .NET CLR 2.0.50727; .NET CLR 3.0.04506.30)" "site.grammies-attic.com"
65.210.158.162 - - [12/Jul/2007:07:52:02 -0700] "GET /images/polly-flinders-yellow.jpg HTTP/1.1" 200 18560 "http://store.grammies-attic.com/bopaeflsmshw.html" "Mozilla/4.0 (compatible; MSIE 7.0; Windows NT 5.1; .NET CLR 1.1.4322; .NET CLR 2.0.50727; .NET CLR 3.0.04506.30)" "site.grammies-attic.com"
66.218.76.48 - - [12/Jul/2007:07:52:06 -0700] "GET /@grammies-attic.com/ HTTP/1.1" 200 5741 "-" "-" "p.hostingprod.com"
69.227.152.201 - - [12/Jul/2007:07:52:35 -0700] "GET /credit-cards-5-copy.jpg HTTP/1.1" 200 39453 "http://www.grammies-attic.com/new-white-pinafore-with-eyelet-trim-and-white-satin-ribbon-tie-for-toddlers.html" "Mozilla/4.0 (compatible; MSIE 7.0; Windows NT 5.1; YPC 3.0.1; .NET CLR 1.1.4322; InfoPath.1)" "site.grammies-attic.com"
69.227.152.201 - - [12/Jul/2007:07:52:35 -0700] "GET /logo-files/images/logo-with-horizontal-nav-ba.gif HTTP/1.1" 200 3521 "http://www.grammies-attic.com/new-white-pinafore-with-eyelet-trim-and-white-satin-ribbon-tie-for-toddlers.html" "Mozilla/4.0 (compatible; MSIE 7.0; Windows NT 5.1; YPC 3.0.1; .NET CLR 1.1.4322; InfoPath.1)" "site.grammies-attic.com"
69.227.152.201 - - [12/Jul/2007:07:52:36 -0700] "GET /logo-files/images/spacer.gif HTTP/1.1" 200 43 "http://www.grammies-attic.com/new-white-pinafore-with-eyelet-trim-and-white-satin-ribbon-tie-for-toddlers.html" "Mozilla/4.0 (compatible; MSIE 7.0; Windows NT 5.1; YPC 3.0.1; .NET CLR 1.1.4322; InfoPath.1)" "site.grammies-attic.com"
69.227.152.201 - - [12/Jul/2007:07:52:36 -0700] "GET /logo-files/images/logo-with-horizontal-nav-03.gif HTTP/1.1" 200 1009 "http://www.grammies-attic.com/new-white-pinafore-with-eyelet-trim-and-white-satin-ribbon-tie-for-toddlers.html" "Mozilla/4.0 (compatible; MSIE 7.0; Windows NT 5.1; YPC 3.0.1; .NET CLR 1.1.4322; InfoPath.1)" "site.grammies-attic.com"
69.227.152.201 - - [12/Jul/2007:07:52:36 -0700] "GET /logo-files/images/logo-with-horizontal-nav-04.gif HTTP/1.1" 200 6253 "http://www.grammies-attic.com/new-white-pinafore-with-eyelet-trim-and-white-satin-ribbon-tie-for-toddlers.html" "Mozilla/4.0 (compatible; MSIE 7.0; Windows NT 5.1; YPC 3.0.1; .NET CLR 1.1.4322; InfoPath.1)" "site.grammies-attic.com"
69.227.152.201 - - [12/Jul/2007:07:52:36 -0700] "GET /logo-files/images/logo-with-horizontal-nav-05.gif HTTP/1.1" 200 1209 "http://www.grammies-attic.com/new-white-pinafore-with-eyelet-trim-and-white-satin-ribbon-tie-for-toddlers.html" "Mozilla/4.0 (compatible; MSIE 7.0; Windows NT 5.1; YPC 3.0.1; .NET CLR 1.1.4322; InfoPath.1)" "site.grammies-attic.com"
69.227.152.201 - - [12/Jul/2007:07:52:36 -0700] "GET /index.html HTTP/1.1" 404 275 "http://www.grammies-attic.com/new-white-pinafore-with-eyelet-trim-and-white-satin-ribbon-tie-for-toddlers.html" "Mozilla/4.0 (compatible; MSIE 7.0; Windows NT 5.1; YPC 3.0.1; .NET CLR 1.1.4322; InfoPath.1)" "site.grammies-attic.com"
69.227.152.201 - - [12/Jul/2007:07:52:36 -0700] "GET /logo-files/images/logo-with-horizontal-nav-07.gif HTTP/1.1" 200 23079 "http://www.grammies-attic.com/new-white-pinafore-with-eyelet-trim-and-white-satin-ribbon-tie-for-toddlers.html" "Mozilla/4.0 (compatible; MSIE 7.0; Windows NT 5.1; YPC 3.0.1; .NET CLR 1.1.4322; InfoPath.1)" "site.grammies-attic.com"
69.227.152.201 - - [12/Jul/2007:07:52:36 -0700] "GET /logo-files/images/logo-with-horizontal-nav-08.gif HTTP/1.1" 200 1958 "http://www.grammies-attic.com/new-white-pinafore-with-eyelet-trim-and-white-satin-ribbon-tie-for-toddlers.html" "Mozilla/4.0 (compatible; MSIE 7.0; Windows NT 5.1; YPC 3.0.1; .NET CLR 1.1.4322; InfoPath.1)" "site.grammies-attic.com"
69.227.152.201 - - [12/Jul/2007:07:52:37 -0700] "GET /logo-files/images/logo-with-horizontal-nav-09.gif HTTP/1.1" 200 1012 "http://www.grammies-attic.com/new-white-pinafore-with-eyelet-trim-and-white-satin-ribbon-tie-for-toddlers.html" "Mozilla/4.0 (compatible; MSIE 7.0; Windows NT 5.1; YPC 3.0.1; .NET CLR 1.1.4322; InfoPath.1)" "site.grammies-attic.com"
69.227.152.201 - - [12/Jul/2007:07:52:37 -0700] "GET /logo-files/images/logo-with-horizontal-nav-10.gif HTTP/1.1" 200 835 "http://www.grammies-attic.com/new-white-pinafore-with-eyelet-trim-and-white-satin-ribbon-tie-for-toddlers.html" "Mozilla/4.0 (compatible; MSIE 7.0; Windows NT 5.1; YPC 3.0.1; .NET CLR 1.1.4322; InfoPath.1)" "site.grammies-attic.com"
69.227.152.201 - - [12/Jul/2007:07:52:37 -0700] "GET /logo-files/images/logo-with-horizontal-nav-11.gif HTTP/1.1" 200 1355 "http://www.grammies-attic.com/new-white-pinafore-with-eyelet-trim-and-white-satin-ribbon-tie-for-toddlers.html" "Mozilla/4.0 (compatible; MSIE 7.0; Windows NT 5.1; YPC 3.0.1; .NET CLR 1.1.4322; InfoPath.1)" "site.grammies-attic.com"
69.227.152.201 - - [12/Jul/2007:07:52:37 -0700] "GET /logo-files/images/logo-with-horizontal-nav-12.gif HTTP/1.1" 200 853 "http://www.grammies-attic.com/new-white-pinafore-with-eyelet-trim-and-white-satin-ribbon-tie-for-toddlers.html" "Mozilla/4.0 (compatible; MSIE 7.0; Windows NT 5.1; YPC 3.0.1; .NET CLR 1.1.4322; InfoPath.1)" "site.grammies-attic.com"
69.227.152.201 - - [12/Jul/2007:07:52:37 -0700] "GET /logo-files/images/logo-with-horizontal-nav-13.gif HTTP/1.1" 200 1051 "http://www.grammies-attic.com/new-white-pinafore-with-eyelet-trim-and-white-satin-ribbon-tie-for-toddlers.html" "Mozilla/4.0 (compatible; MSIE 7.0; Windows NT 5.1; YPC 3.0.1; .NET CLR 1.1.4322; InfoPath.1)" "site.grammies-attic.com"
69.227.152.201 - - [12/Jul/2007:07:52:37 -0700] "GET /logo-files/images/logo-with-horizontal-nav-14.gif HTTP/1.1" 200 814 "http://www.grammies-attic.com/new-white-pinafore-with-eyelet-trim-and-white-satin-ribbon-tie-for-toddlers.html" "Mozilla/4.0 (compatible; MSIE 7.0; Windows NT 5.1; YPC 3.0.1; .NET CLR 1.1.4322; InfoPath.1)" "site.grammies-attic.com"
69.227.152.201 - - [12/Jul/2007:07:52:37 -0700] "GET /logo-files/images/logo-with-horizontal-nav-15.gif HTTP/1.1" 200 815 "http://www.grammies-attic.com/new-white-pinafore-with-eyelet-trim-and-white-satin-ribbon-tie-for-toddlers.html" "Mozilla/4.0 (compatible; MSIE 7.0; Windows NT 5.1; YPC 3.0.1; .NET CLR 1.1.4322; InfoPath.1)" "site.grammies-attic.com"
69.227.152.201 - - [12/Jul/2007:07:52:37 -0700] "GET /logo-files/images/logo-with-horizontal-nav-16.gif HTTP/1.1" 200 1303 "http://www.grammies-attic.com/new-white-pinafore-with-eyelet-trim-and-white-satin-ribbon-tie-for-toddlers.html" "Mozilla/4.0 (compatible; MSIE 7.0; Windows NT 5.1; YPC 3.0.1; .NET CLR 1.1.4322; InfoPath.1)" "site.grammies-attic.com"
69.227.152.201 - - [12/Jul/2007:07:52:37 -0700] "GET /logo-files/images/logo-with-horizontal-nav-17.gif HTTP/1.1" 200 874 "http://www.grammies-attic.com/new-white-pinafore-with-eyelet-trim-and-white-satin-ribbon-tie-for-toddlers.html" "Mozilla/4.0 (compatible; MSIE 7.0; Windows NT 5.1; YPC 3.0.1; .NET CLR 1.1.4322; InfoPath.1)" "site.grammies-attic.com"
69.227.152.201 - - [12/Jul/2007:07:52:37 -0700] "GET /logo-files/images/logo-with-horizontal-nav-18.gif HTTP/1.1" 200 815 "http://www.grammies-attic.com/new-white-pinafore-with-eyelet-trim-and-white-satin-ribbon-tie-for-toddlers.html" "Mozilla/4.0 (compatible; MSIE 7.0; Windows NT 5.1; YPC 3.0.1; .NET CLR 1.1.4322; InfoPath.1)" "site.grammies-attic.com"
69.227.152.201 - - [12/Jul/2007:07:52:37 -0700] "GET /logo-files/images/logo-with-horizontal-nav-19.gif HTTP/1.1" 200 1477 "http://www.grammies-attic.com/new-white-pinafore-with-eyelet-trim-and-white-satin-ribbon-tie-for-toddlers.html" "Mozilla/4.0 (compatible; MSIE 7.0; Windows NT 5.1; YPC 3.0.1; .NET CLR 1.1.4322; InfoPath.1)" "site.grammies-attic.com"
69.227.152.201 - - [12/Jul/2007:07:52:37 -0700] "GET /logo-files/images/logo-with-horizontal-nav-20.gif HTTP/1.1" 200 814 "http://www.grammies-attic.com/new-white-pinafore-with-eyelet-trim-and-white-satin-ribbon-tie-for-toddlers.html" "Mozilla/4.0 (compatible; MSIE 7.0; Windows NT 5.1; YPC 3.0.1; .NET CLR 1.1.4322; InfoPath.1)" "site.grammies-attic.com"
69.227.152.201 - - [12/Jul/2007:07:52:37 -0700] "GET /logo-files/images/logo-with-horizontal-nav-21.gif HTTP/1.1" 200 1070 "http://www.grammies-attic.com/new-white-pinafore-with-eyelet-trim-and-white-satin-ribbon-tie-for-toddlers.html" "Mozilla/4.0 (compatible; MSIE 7.0; Windows NT 5.1; YPC 3.0.1; .NET CLR 1.1.4322; InfoPath.1)" "site.grammies-attic.com"
69.227.152.201 - - [12/Jul/2007:07:52:37 -0700] "GET /logo-files/images/logo-with-horizontal-nav-22.gif HTTP/1.1" 200 835 "http://www.grammies-attic.com/new-white-pinafore-with-eyelet-trim-and-white-satin-ribbon-tie-for-toddlers.html" "Mozilla/4.0 (compatible; MSIE 7.0; Windows NT 5.1; YPC 3.0.1; .NET CLR 1.1.4322; InfoPath.1)" "site.grammies-attic.com"
69.227.152.201 - - [12/Jul/2007:07:52:38 -0700] "GET /logo-files/images/logo-with-horizontal-nav-23.gif HTTP/1.1" 200 1308 "http://www.grammies-attic.com/new-white-pinafore-with-eyelet-trim-and-white-satin-ribbon-tie-for-toddlers.html" "Mozilla/4.0 (compatible; MSIE 7.0; Windows NT 5.1; YPC 3.0.1; .NET CLR 1.1.4322; InfoPath.1)" "site.grammies-attic.com"
69.227.152.201 - - [12/Jul/2007:07:52:38 -0700] "GET /logo-files/images/logo-with-horizontal-nav-24.gif HTTP/1.1" 200 1102 "http://www.grammies-attic.com/new-white-pinafore-with-eyelet-trim-and-white-satin-ribbon-tie-for-toddlers.html" "Mozilla/4.0 (compatible; MSIE 7.0; Windows NT 5.1; YPC 3.0.1; .NET CLR 1.1.4322; InfoPath.1)" "site.grammies-attic.com"
69.227.152.201 - - [12/Jul/2007:07:52:38 -0700] "GET /logo-files/images/logo-with-horizontal-nav-25.gif HTTP/1.1" 200 1677 "http://www.grammies-attic.com/new-white-pinafore-with-eyelet-trim-and-white-satin-ribbon-tie-for-toddlers.html" "Mozilla/4.0 (compatible; MSIE 7.0; Windows NT 5.1; YPC 3.0.1; .NET CLR 1.1.4322; InfoPath.1)" "site.grammies-attic.com"
69.227.152.201 - - [12/Jul/2007:07:52:38 -0700] "GET /logo-files/images/logo-with-horizontal-nav-26.gif HTTP/1.1" 200 817 "http://www.grammies-attic.com/new-white-pinafore-with-eyelet-trim-and-white-satin-ribbon-tie-for-toddlers.html" "Mozilla/4.0 (compatible; MSIE 7.0; Windows NT 5.1; YPC 3.0.1; .NET CLR 1.1.4322; InfoPath.1)" "site.grammies-attic.com"
69.227.152.201 - - [12/Jul/2007:07:52:38 -0700] "GET /logo-files/images/logo-with-horizontal-nav-27.gif HTTP/1.1" 200 1435 "http://www.grammies-attic.com/new-white-pinafore-with-eyelet-trim-and-white-satin-ribbon-tie-for-toddlers.html" "Mozilla/4.0 (compatible; MSIE 7.0; Windows NT 5.1; YPC 3.0.1; .NET CLR 1.1.4322; InfoPath.1)" "site.grammies-attic.com"
69.227.152.201 - - [12/Jul/2007:07:52:38 -0700] "GET /logo-files/images/logo-with-horizontal-nav-28.gif HTTP/1.1" 200 1097 "http://www.grammies-attic.com/new-white-pinafore-with-eyelet-trim-and-white-satin-ribbon-tie-for-toddlers.html" "Mozilla/4.0 (compatible; MSIE 7.0; Windows NT 5.1; YPC 3.0.1; .NET CLR 1.1.4322; InfoPath.1)" "site.grammies-attic.com"
69.227.152.201 - - [12/Jul/2007:07:52:38 -0700] "GET /logo-files/images/logo-with-horizontal-nav-29.gif HTTP/1.1" 200 920 "http://www.grammies-attic.com/new-white-pinafore-with-eyelet-trim-and-white-satin-ribbon-tie-for-toddlers.html" "Mozilla/4.0 (compatible; MSIE 7.0; Windows NT 5.1; YPC 3.0.1; .NET CLR 1.1.4322; InfoPath.1)" "site.grammies-attic.com"
69.227.152.201 - - [12/Jul/2007:07:52:38 -0700] "GET /logo-files/images/logo-with-horizontal-nav-30.gif HTTP/1.1" 200 837 "http://www.grammies-attic.com/new-white-pinafore-with-eyelet-trim-and-white-satin-ribbon-tie-for-toddlers.html" "Mozilla/4.0 (compatible; MSIE 7.0; Windows NT 5.1; YPC 3.0.1; .NET CLR 1.1.4322; InfoPath.1)" "site.grammies-attic.com"
69.227.152.201 - - [12/Jul/2007:07:52:38 -0700] "GET /logo-files/images/logo-with-horizontal-nav-31.gif HTTP/1.1" 200 824 "http://www.grammies-attic.com/new-white-pinafore-with-eyelet-trim-and-white-satin-ribbon-tie-for-toddlers.html" "Mozilla/4.0 (compatible; MSIE 7.0; Windows NT 5.1; YPC 3.0.1; .NET CLR 1.1.4322; InfoPath.1)" "site.grammies-attic.com"
69.227.152.201 - - [12/Jul/2007:07:52:38 -0700] "GET /CROPPEDBAR.gif HTTP/1.1" 200 527 "http://www.grammies-attic.com/new-white-pinafore-with-eyelet-trim-and-white-satin-ribbon-tie-for-toddlers.html" "Mozilla/4.0 (compatible; MSIE 7.0; Windows NT 5.1; YPC 3.0.1; .NET CLR 1.1.4322; InfoPath.1)" "site.grammies-attic.com"
172.188.139.181 - - [12/Jul/2007:07:52:45 -0700] "GET /index.html HTTP/1.1" 404 275 "http://www.grammies-attic.com/clco-royal-child.html" "Mozilla/4.0 (compatible; MSIE 7.0; Windows NT 5.1; .NET CLR 2.0.50727; .NET CLR 1.1.4322)" "site.grammies-attic.com"
172.188.139.181 - - [12/Jul/2007:07:53:07 -0700] "GET /index.html HTTP/1.1" 404 275 "http://www.grammies-attic.com/girls-christening.html" "Mozilla/4.0 (compatible; MSIE 7.0; Windows NT 5.1; .NET CLR 2.0.50727; .NET CLR 1.1.4322)" "site.grammies-attic.com"
172.188.139.181 - - [12/Jul/2007:07:53:15 -0700] "GET /index.html HTTP/1.1" 404 275 "http://www.grammies-attic.com/girls-christening-sizes-4-to-6x.html" "Mozilla/4.0 (compatible; MSIE 7.0; Windows NT 5.1; .NET CLR 2.0.50727; .NET CLR 1.1.4322)" "site.grammies-attic.com"
172.188.139.181 - - [12/Jul/2007:07:53:31 -0700] "GET /index.html HTTP/1.1" 404 275 "http://www.grammies-attic.com/new-chabre-white-linen-dress-with-organza-ribbon-sash.html" "Mozilla/4.0 (compatible; MSIE 7.0; Windows NT 5.1; .NET CLR 2.0.50727; .NET CLR 1.1.4322)" "site.grammies-attic.com"
172.188.139.181 - - [12/Jul/2007:07:53:41 -0700] "GET /index.html HTTP/1.1" 404 275 "http://www.grammies-attic.com/gallery.html" "Mozilla/4.0 (compatible; MSIE 7.0; Windows NT 5.1; .NET CLR 2.0.50727; .NET CLR 1.1.4322)" "site.grammies-attic.com"
64.12.116.7 - - [12/Jul/2007:07:54:42 -0700] "GET /credit-cards-5-copy.jpg HTTP/1.1" 200 39453 "http://www.grammies-attic.com/sunsuit-collection.html" "Mozilla/4.0 (compatible; MSIE 6.0; AOL 9.0; Windows NT 5.1; SV1; .NET CLR 1.1.4322)" "site.grammies-attic.com"
64.12.116.15 - - [12/Jul/2007:07:54:42 -0700] "GET /logo-files/images/spacer.gif HTTP/1.1" 200 43 "http://www.grammies-attic.com/sunsuit-collection.html" "Mozilla/4.0 (compatible; MSIE 6.0; AOL 9.0; Windows NT 5.1; SV1; .NET CLR 1.1.4322)" "site.grammies-attic.com"
64.12.116.144 - - [12/Jul/2007:07:54:42 -0700] "GET /logo-files/images/logo-with-horizontal-nav-ba.gif HTTP/1.1" 200 3521 "http://www.grammies-attic.com/sunsuit-collection.html" "Mozilla/4.0 (compatible; MSIE 6.0; AOL 9.0; Windows NT 5.1; SV1; .NET CLR 1.1.4322)" "site.grammies-attic.com"
64.12.116.79 - - [12/Jul/2007:07:54:42 -0700] "GET /logo-files/images/logo-with-horizontal-nav-03.gif HTTP/1.1" 200 1009 "http://www.grammies-attic.com/sunsuit-collection.html" "Mozilla/4.0 (compatible; MSIE 6.0; AOL 9.0; Windows NT 5.1; SV1; .NET CLR 1.1.4322)" "site.grammies-attic.com"
64.12.116.134 - - [12/Jul/2007:07:54:43 -0700] "GET /logo-files/images/logo-with-horizontal-nav-05.gif HTTP/1.1" 200 1209 "http://www.grammies-attic.com/sunsuit-collection.html" "Mozilla/4.0 (compatible; MSIE 6.0; AOL 9.0; Windows NT 5.1; SV1; .NET CLR 1.1.4322)" "site.grammies-attic.com"
64.12.117.16 - - [12/Jul/2007:07:54:43 -0700] "GET /index.html HTTP/1.1" 404 275 "http://www.grammies-attic.com/sunsuit-collection.html" "Mozilla/4.0 (compatible; MSIE 6.0; AOL 9.0; Windows NT 5.1; SV1; .NET CLR 1.1.4322)" "site.grammies-attic.com"
64.12.116.132 - - [12/Jul/2007:07:54:43 -0700] "GET /logo-files/images/logo-with-horizontal-nav-07.gif HTTP/1.1" 200 23079 "http://www.grammies-attic.com/sunsuit-collection.html" "Mozilla/4.0 (compatible; MSIE 6.0; AOL 9.0; Windows NT 5.1; SV1; .NET CLR 1.1.4322)" "site.grammies-attic.com"
64.12.116.11 - - [12/Jul/2007:07:54:43 -0700] "GET /logo-files/images/logo-with-horizontal-nav-08.gif HTTP/1.1" 200 1958 "http://www.grammies-attic.com/sunsuit-collection.html" "Mozilla/4.0 (compatible; MSIE 6.0; AOL 9.0; Windows NT 5.1; SV1; .NET CLR 1.1.4322)" "site.grammies-attic.com"
64.12.116.134 - - [12/Jul/2007:07:54:43 -0700] "GET /logo-files/images/logo-with-horizontal-nav-09.gif HTTP/1.1" 200 1012 "http://www.grammies-attic.com/sunsuit-collection.html" "Mozilla/4.0 (compatible; MSIE 6.0; AOL 9.0; Windows NT 5.1; SV1; .NET CLR 1.1.4322)" "site.grammies-attic.com"
64.12.116.77 - - [12/Jul/2007:07:54:43 -0700] "GET /logo-files/images/logo-with-horizontal-nav-10.gif HTTP/1.1" 200 835 "http://www.grammies-attic.com/sunsuit-collection.html" "Mozilla/4.0 (compatible; MSIE 6.0; AOL 9.0; Windows NT 5.1; SV1; .NET CLR 1.1.4322)" "site.grammies-attic.com"
64.12.116.78 - - [12/Jul/2007:07:54:43 -0700] "GET /logo-files/images/logo-with-horizontal-nav-11.gif HTTP/1.1" 200 1355 "http://www.grammies-attic.com/sunsuit-collection.html" "Mozilla/4.0 (compatible; MSIE 6.0; AOL 9.0; Windows NT 5.1; SV1; .NET CLR 1.1.4322)" "site.grammies-attic.com"
64.12.116.80 - - [12/Jul/2007:07:54:43 -0700] "GET /logo-files/images/logo-with-horizontal-nav-13.gif HTTP/1.1" 200 1051 "http://www.grammies-attic.com/sunsuit-collection.html" "Mozilla/4.0 (compatible; MSIE 6.0; AOL 9.0; Windows NT 5.1; SV1; .NET CLR 1.1.4322)" "site.grammies-attic.com"
64.12.116.79 - - [12/Jul/2007:07:54:43 -0700] "GET /logo-files/images/logo-with-horizontal-nav-12.gif HTTP/1.1" 200 853 "http://www.grammies-attic.com/sunsuit-collection.html" "Mozilla/4.0 (compatible; MSIE 6.0; AOL 9.0; Windows NT 5.1; SV1; .NET CLR 1.1.4322)" "site.grammies-attic.com"
64.12.116.134 - - [12/Jul/2007:07:54:43 -0700] "GET /logo-files/images/logo-with-horizontal-nav-14.gif HTTP/1.1" 200 814 "http://www.grammies-attic.com/sunsuit-collection.html" "Mozilla/4.0 (compatible; MSIE 6.0; AOL 9.0; Windows NT 5.1; SV1; .NET CLR 1.1.4322)" "site.grammies-attic.com"
64.12.116.131 - - [12/Jul/2007:07:54:43 -0700] "GET /logo-files/images/logo-with-horizontal-nav-15.gif HTTP/1.1" 200 815 "http://www.grammies-attic.com/sunsuit-collection.html" "Mozilla/4.0 (compatible; MSIE 6.0; AOL 9.0; Windows NT 5.1; SV1; .NET CLR 1.1.4322)" "site.grammies-attic.com"
64.12.116.11 - - [12/Jul/2007:07:54:43 -0700] "GET /logo-files/images/logo-with-horizontal-nav-17.gif HTTP/1.1" 200 874 "http://www.grammies-attic.com/sunsuit-collection.html" "Mozilla/4.0 (compatible; MSIE 6.0; AOL 9.0; Windows NT 5.1; SV1; .NET CLR 1.1.4322)" "site.grammies-attic.com"
64.12.116.132 - - [12/Jul/2007:07:54:43 -0700] "GET /logo-files/images/logo-with-horizontal-nav-16.gif HTTP/1.1" 200 1303 "http://www.grammies-attic.com/sunsuit-collection.html" "Mozilla/4.0 (compatible; MSIE 6.0; AOL 9.0; Windows NT 5.1; SV1; .NET CLR 1.1.4322)" "site.grammies-attic.com"
64.12.116.134 - - [12/Jul/2007:07:54:44 -0700] "GET /logo-files/images/logo-with-horizontal-nav-18.gif HTTP/1.1" 200 815 "http://www.grammies-attic.com/sunsuit-collection.html" "Mozilla/4.0 (compatible; MSIE 6.0; AOL 9.0; Windows NT 5.1; SV1; .NET CLR 1.1.4322)" "site.grammies-attic.com"
64.12.116.135 - - [12/Jul/2007:07:54:44 -0700] "GET /logo-files/images/logo-with-horizontal-nav-19.gif HTTP/1.1" 200 1477 "http://www.grammies-attic.com/sunsuit-collection.html" "Mozilla/4.0 (compatible; MSIE 6.0; AOL 9.0; Windows NT 5.1; SV1; .NET CLR 1.1.4322)" "site.grammies-attic.com"
64.12.116.79 - - [12/Jul/2007:07:54:44 -0700] "GET /logo-files/images/logo-with-horizontal-nav-21.gif HTTP/1.1" 200 1070 "http://www.grammies-attic.com/sunsuit-collection.html" "Mozilla/4.0 (compatible; MSIE 6.0; AOL 9.0; Windows NT 5.1; SV1; .NET CLR 1.1.4322)" "site.grammies-attic.com"
64.12.116.78 - - [12/Jul/2007:07:54:44 -0700] "GET /logo-files/images/logo-with-horizontal-nav-20.gif HTTP/1.1" 200 814 "http://www.grammies-attic.com/sunsuit-collection.html" "Mozilla/4.0 (compatible; MSIE 6.0; AOL 9.0; Windows NT 5.1; SV1; .NET CLR 1.1.4322)" "site.grammies-attic.com"
64.12.116.80 - - [12/Jul/2007:07:54:44 -0700] "GET /logo-files/images/logo-with-horizontal-nav-22.gif HTTP/1.1" 200 835 "http://www.grammies-attic.com/sunsuit-collection.html" "Mozilla/4.0 (compatible; MSIE 6.0; AOL 9.0; Windows NT 5.1; SV1; .NET CLR 1.1.4322)" "site.grammies-attic.com"
71.16.201.154 - - [12/Jul/2007:07:54:44 -0700] "GET /index.html HTTP/1.1" 404 275 "http://store.grammies-attic.com/new-willbeth-white-smocked-bishop-dress-with-red-and-green-embroidery.html" "Mozilla/4.0 (compatible; MSIE 6.0; Windows NT 5.1; SV1; SummationScript:2.6.1; .NET CLR 1.1.4322; .NET CLR 2.0.50727)" "site.grammies-attic.com"
64.12.116.134 - - [12/Jul/2007:07:54:44 -0700] "GET /logo-files/images/logo-with-horizontal-nav-23.gif HTTP/1.1" 200 1308 "http://www.grammies-attic.com/sunsuit-collection.html" "Mozilla/4.0 (compatible; MSIE 6.0; AOL 9.0; Windows NT 5.1; SV1; .NET CLR 1.1.4322)" "site.grammies-attic.com"
64.12.116.131 - - [12/Jul/2007:07:54:44 -0700] "GET /logo-files/images/logo-with-horizontal-nav-24.gif HTTP/1.1" 200 1102 "http://www.grammies-attic.com/sunsuit-collection.html" "Mozilla/4.0 (compatible; MSIE 6.0; AOL 9.0; Windows NT 5.1; SV1; .NET CLR 1.1.4322)" "site.grammies-attic.com"
64.12.116.132 - - [12/Jul/2007:07:54:44 -0700] "GET /logo-files/images/logo-with-horizontal-nav-25.gif HTTP/1.1" 200 1677 "http://www.grammies-attic.com/sunsuit-collection.html" "Mozilla/4.0 (compatible; MSIE 6.0; AOL 9.0; Windows NT 5.1; SV1; .NET CLR 1.1.4322)" "site.grammies-attic.com"
64.12.116.11 - - [12/Jul/2007:07:54:44 -0700] "GET /logo-files/images/logo-with-horizontal-nav-26.gif HTTP/1.1" 200 817 "http://www.grammies-attic.com/sunsuit-collection.html" "Mozilla/4.0 (compatible; MSIE 6.0; AOL 9.0; Windows NT 5.1; SV1; .NET CLR 1.1.4322)" "site.grammies-attic.com"
64.12.116.134 - - [12/Jul/2007:07:54:44 -0700] "GET /logo-files/images/logo-with-horizontal-nav-27.gif HTTP/1.1" 200 1435 "http://www.grammies-attic.com/sunsuit-collection.html" "Mozilla/4.0 (compatible; MSIE 6.0; AOL 9.0; Windows NT 5.1; SV1; .NET CLR 1.1.4322)" "site.grammies-attic.com"
64.12.116.135 - - [12/Jul/2007:07:54:44 -0700] "GET /logo-files/images/logo-with-horizontal-nav-28.gif HTTP/1.1" 200 1097 "http://www.grammies-attic.com/sunsuit-collection.html" "Mozilla/4.0 (compatible; MSIE 6.0; AOL 9.0; Windows NT 5.1; SV1; .NET CLR 1.1.4322)" "site.grammies-attic.com"
64.12.116.11 - - [12/Jul/2007:07:54:44 -0700] "GET /logo-files/images/logo-with-horizontal-nav-29.gif HTTP/1.1" 200 920 "http://www.grammies-attic.com/sunsuit-collection.html" "Mozilla/4.0 (compatible; MSIE 6.0; AOL 9.0; Windows NT 5.1; SV1; .NET CLR 1.1.4322)" "site.grammies-attic.com"
64.12.116.79 - - [12/Jul/2007:07:54:44 -0700] "GET /logo-files/images/logo-with-horizontal-nav-30.gif HTTP/1.1" 200 837 "http://www.grammies-attic.com/sunsuit-collection.html" "Mozilla/4.0 (compatible; MSIE 6.0; AOL 9.0; Windows NT 5.1; SV1; .NET CLR 1.1.4322)" "site.grammies-attic.com"
64.12.116.80 - - [12/Jul/2007:07:54:45 -0700] "GET /logo-files/images/logo-with-horizontal-nav-31.gif HTTP/1.1" 200 824 "http://www.grammies-attic.com/sunsuit-collection.html" "Mozilla/4.0 (compatible; MSIE 6.0; AOL 9.0; Windows NT 5.1; SV1; .NET CLR 1.1.4322)" "site.grammies-attic.com"
64.12.116.136 - - [12/Jul/2007:07:54:45 -0700] "GET /images/blue-sold-1.gif HTTP/1.1" 200 1135 "http://www.grammies-attic.com/sunsuit-collection.html" "Mozilla/4.0 (compatible; MSIE 6.0; AOL 9.0; Windows NT 5.1; SV1; .NET CLR 1.1.4322)" "site.grammies-attic.com"
64.12.116.18 - - [12/Jul/2007:07:54:46 -0700] "GET /CROPPEDBAR.gif HTTP/1.1" 200 527 "http://www.grammies-attic.com/sunsuit-collection.html" "Mozilla/4.0 (compatible; MSIE 6.0; AOL 9.0; Windows NT 5.1; SV1; .NET CLR 1.1.4322)" "site.grammies-attic.com"
72.195.180.26 - - [12/Jul/2007:07:55:01 -0700] "GET /logo-files/images/logo-with-horizontal-nav-ba.gif HTTP/1.1" 200 3521 "http://www.grammies-attic.com/girls-christening-sizes-9-to-12-months.html" "Mozilla/5.0 (Windows; U; Windows NT 5.1; en-US; rv:1.8.1.4) Gecko/20070515 Firefox/2.0.0.4" "site.grammies-attic.com"
72.195.180.26 - - [12/Jul/2007:07:55:01 -0700] "GET /credit-cards-5-copy.jpg HTTP/1.1" 200 39453 "http://www.grammies-attic.com/girls-christening-sizes-9-to-12-months.html" "Mozilla/5.0 (Windows; U; Windows NT 5.1; en-US; rv:1.8.1.4) Gecko/20070515 Firefox/2.0.0.4" "site.grammies-attic.com"
72.195.180.26 - - [12/Jul/2007:07:55:01 -0700] "GET /logo-files/images/spacer.gif HTTP/1.1" 200 43 "http://www.grammies-attic.com/girls-christening-sizes-9-to-12-months.html" "Mozilla/5.0 (Windows; U; Windows NT 5.1; en-US; rv:1.8.1.4) Gecko/20070515 Firefox/2.0.0.4" "site.grammies-attic.com"
72.195.180.26 - - [12/Jul/2007:07:55:01 -0700] "GET /logo-files/images/logo-with-horizontal-nav-03.gif HTTP/1.1" 200 1009 "http://www.grammies-attic.com/girls-christening-sizes-9-to-12-months.html" "Mozilla/5.0 (Windows; U; Windows NT 5.1; en-US; rv:1.8.1.4) Gecko/20070515 Firefox/2.0.0.4" "site.grammies-attic.com"
72.195.180.26 - - [12/Jul/2007:07:55:01 -0700] "GET /logo-files/images/logo-with-horizontal-nav-04.gif HTTP/1.1" 200 6253 "http://www.grammies-attic.com/girls-christening-sizes-9-to-12-months.html" "Mozilla/5.0 (Windows; U; Windows NT 5.1; en-US; rv:1.8.1.4) Gecko/20070515 Firefox/2.0.0.4" "site.grammies-attic.com"
72.195.180.26 - - [12/Jul/2007:07:55:01 -0700] "GET /logo-files/images/logo-with-horizontal-nav-05.gif HTTP/1.1" 200 1209 "http://www.grammies-attic.com/girls-christening-sizes-9-to-12-months.html" "Mozilla/5.0 (Windows; U; Windows NT 5.1; en-US; rv:1.8.1.4) Gecko/20070515 Firefox/2.0.0.4" "site.grammies-attic.com"
72.195.180.26 - - [12/Jul/2007:07:55:02 -0700] "GET /index.html HTTP/1.1" 404 275 "http://www.grammies-attic.com/girls-christening-sizes-9-to-12-months.html" "Mozilla/5.0 (Windows; U; Windows NT 5.1; en-US; rv:1.8.1.4) Gecko/20070515 Firefox/2.0.0.4" "site.grammies-attic.com"
72.195.180.26 - - [12/Jul/2007:07:55:02 -0700] "GET /logo-files/images/logo-with-horizontal-nav-07.gif HTTP/1.1" 200 23079 "http://www.grammies-attic.com/girls-christening-sizes-9-to-12-months.html" "Mozilla/5.0 (Windows; U; Windows NT 5.1; en-US; rv:1.8.1.4) Gecko/20070515 Firefox/2.0.0.4" "site.grammies-attic.com"
72.195.180.26 - - [12/Jul/2007:07:55:02 -0700] "GET /logo-files/images/logo-with-horizontal-nav-08.gif HTTP/1.1" 200 1958 "http://www.grammies-attic.com/girls-christening-sizes-9-to-12-months.html" "Mozilla/5.0 (Windows; U; Windows NT 5.1; en-US; rv:1.8.1.4) Gecko/20070515 Firefox/2.0.0.4" "site.grammies-attic.com"
72.195.180.26 - - [12/Jul/2007:07:55:02 -0700] "GET /logo-files/images/logo-with-horizontal-nav-09.gif HTTP/1.1" 200 1012 "http://www.grammies-attic.com/girls-christening-sizes-9-to-12-months.html" "Mozilla/5.0 (Windows; U; Windows NT 5.1; en-US; rv:1.8.1.4) Gecko/20070515 Firefox/2.0.0.4" "site.grammies-attic.com"
72.195.180.26 - - [12/Jul/2007:07:55:02 -0700] "GET /logo-files/images/logo-with-horizontal-nav-10.gif HTTP/1.1" 200 835 "http://www.grammies-attic.com/girls-christening-sizes-9-to-12-months.html" "Mozilla/5.0 (Windows; U; Windows NT 5.1; en-US; rv:1.8.1.4) Gecko/20070515 Firefox/2.0.0.4" "site.grammies-attic.com"
72.195.180.26 - - [12/Jul/2007:07:55:02 -0700] "GET /logo-files/images/logo-with-horizontal-nav-11.gif HTTP/1.1" 200 1355 "http://www.grammies-attic.com/girls-christening-sizes-9-to-12-months.html" "Mozilla/5.0 (Windows; U; Windows NT 5.1; en-US; rv:1.8.1.4) Gecko/20070515 Firefox/2.0.0.4" "site.grammies-attic.com"
72.195.180.26 - - [12/Jul/2007:07:55:02 -0700] "GET /logo-files/images/logo-with-horizontal-nav-12.gif HTTP/1.1" 200 853 "http://www.grammies-attic.com/girls-christening-sizes-9-to-12-months.html" "Mozilla/5.0 (Windows; U; Windows NT 5.1; en-US; rv:1.8.1.4) Gecko/20070515 Firefox/2.0.0.4" "site.grammies-attic.com"
72.195.180.26 - - [12/Jul/2007:07:55:02 -0700] "GET /logo-files/images/logo-with-horizontal-nav-13.gif HTTP/1.1" 200 1051 "http://www.grammies-attic.com/girls-christening-sizes-9-to-12-months.html" "Mozilla/5.0 (Windows; U; Windows NT 5.1; en-US; rv:1.8.1.4) Gecko/20070515 Firefox/2.0.0.4" "site.grammies-attic.com"
72.195.180.26 - - [12/Jul/2007:07:55:03 -0700] "GET /logo-files/images/logo-with-horizontal-nav-14.gif HTTP/1.1" 200 814 "http://www.grammies-attic.com/girls-christening-sizes-9-to-12-months.html" "Mozilla/5.0 (Windows; U; Windows NT 5.1; en-US; rv:1.8.1.4) Gecko/20070515 Firefox/2.0.0.4" "site.grammies-attic.com"
72.195.180.26 - - [12/Jul/2007:07:55:03 -0700] "GET /logo-files/images/logo-with-horizontal-nav-15.gif HTTP/1.1" 200 815 "http://www.grammies-attic.com/girls-christening-sizes-9-to-12-months.html" "Mozilla/5.0 (Windows; U; Windows NT 5.1; en-US; rv:1.8.1.4) Gecko/20070515 Firefox/2.0.0.4" "site.grammies-attic.com"
72.195.180.26 - - [12/Jul/2007:07:55:03 -0700] "GET /logo-files/images/logo-with-horizontal-nav-16.gif HTTP/1.1" 200 1303 "http://www.grammies-attic.com/girls-christening-sizes-9-to-12-months.html" "Mozilla/5.0 (Windows; U; Windows NT 5.1; en-US; rv:1.8.1.4) Gecko/20070515 Firefox/2.0.0.4" "site.grammies-attic.com"
72.195.180.26 - - [12/Jul/2007:07:55:03 -0700] "GET /logo-files/images/logo-with-horizontal-nav-17.gif HTTP/1.1" 200 874 "http://www.grammies-attic.com/girls-christening-sizes-9-to-12-months.html" "Mozilla/5.0 (Windows; U; Windows NT 5.1; en-US; rv:1.8.1.4) Gecko/20070515 Firefox/2.0.0.4" "site.grammies-attic.com"
72.195.180.26 - - [12/Jul/2007:07:55:03 -0700] "GET /logo-files/images/logo-with-horizontal-nav-18.gif HTTP/1.1" 200 815 "http://www.grammies-attic.com/girls-christening-sizes-9-to-12-months.html" "Mozilla/5.0 (Windows; U; Windows NT 5.1; en-US; rv:1.8.1.4) Gecko/20070515 Firefox/2.0.0.4" "site.grammies-attic.com"
72.195.180.26 - - [12/Jul/2007:07:55:03 -0700] "GET /logo-files/images/logo-with-horizontal-nav-20.gif HTTP/1.1" 200 814 "http://www.grammies-attic.com/girls-christening-sizes-9-to-12-months.html" "Mozilla/5.0 (Windows; U; Windows NT 5.1; en-US; rv:1.8.1.4) Gecko/20070515 Firefox/2.0.0.4" "site.grammies-attic.com"
72.195.180.26 - - [12/Jul/2007:07:55:03 -0700] "GET /logo-files/images/logo-with-horizontal-nav-21.gif HTTP/1.1" 200 1070 "http://www.grammies-attic.com/girls-christening-sizes-9-to-12-months.html" "Mozilla/5.0 (Windows; U; Windows NT 5.1; en-US; rv:1.8.1.4) Gecko/20070515 Firefox/2.0.0.4" "site.grammies-attic.com"
72.195.180.26 - - [12/Jul/2007:07:55:04 -0700] "GET /logo-files/images/logo-with-horizontal-nav-24.gif HTTP/1.1" 200 1102 "http://www.grammies-attic.com/girls-christening-sizes-9-to-12-months.html" "Mozilla/5.0 (Windows; U; Windows NT 5.1; en-US; rv:1.8.1.4) Gecko/20070515 Firefox/2.0.0.4" "site.grammies-attic.com"
72.195.180.26 - - [12/Jul/2007:07:55:04 -0700] "GET /logo-files/images/logo-with-horizontal-nav-25.gif HTTP/1.1" 200 1677 "http://www.grammies-attic.com/girls-christening-sizes-9-to-12-months.html" "Mozilla/5.0 (Windows; U; Windows NT 5.1; en-US; rv:1.8.1.4) Gecko/20070515 Firefox/2.0.0.4" "site.grammies-attic.com"
72.195.180.26 - - [12/Jul/2007:07:55:04 -0700] "GET /logo-files/images/logo-with-horizontal-nav-26.gif HTTP/1.1" 200 817 "http://www.grammies-attic.com/girls-christening-sizes-9-to-12-months.html" "Mozilla/5.0 (Windows; U; Windows NT 5.1; en-US; rv:1.8.1.4) Gecko/20070515 Firefox/2.0.0.4" "site.grammies-attic.com"
72.195.180.26 - - [12/Jul/2007:07:55:04 -0700] "GET /logo-files/images/logo-with-horizontal-nav-27.gif HTTP/1.1" 200 1435 "http://www.grammies-attic.com/girls-christening-sizes-9-to-12-months.html" "Mozilla/5.0 (Windows; U; Windows NT 5.1; en-US; rv:1.8.1.4) Gecko/20070515 Firefox/2.0.0.4" "site.grammies-attic.com"
72.195.180.26 - - [12/Jul/2007:07:55:04 -0700] "GET /logo-files/images/logo-with-horizontal-nav-28.gif HTTP/1.1" 200 1097 "http://www.grammies-attic.com/girls-christening-sizes-9-to-12-months.html" "Mozilla/5.0 (Windows; U; Windows NT 5.1; en-US; rv:1.8.1.4) Gecko/20070515 Firefox/2.0.0.4" "site.grammies-attic.com"
72.195.180.26 - - [12/Jul/2007:07:55:04 -0700] "GET /logo-files/images/logo-with-horizontal-nav-29.gif HTTP/1.1" 200 920 "http://www.grammies-attic.com/girls-christening-sizes-9-to-12-months.html" "Mozilla/5.0 (Windows; U; Windows NT 5.1; en-US; rv:1.8.1.4) Gecko/20070515 Firefox/2.0.0.4" "site.grammies-attic.com"
72.195.180.26 - - [12/Jul/2007:07:55:04 -0700] "GET /logo-files/images/logo-with-horizontal-nav-30.gif HTTP/1.1" 200 837 "http://www.grammies-attic.com/girls-christening-sizes-9-to-12-months.html" "Mozilla/5.0 (Windows; U; Windows NT 5.1; en-US; rv:1.8.1.4) Gecko/20070515 Firefox/2.0.0.4" "site.grammies-attic.com"
72.195.180.26 - - [12/Jul/2007:07:55:04 -0700] "GET /logo-files/images/logo-with-horizontal-nav-31.gif HTTP/1.1" 200 824 "http://www.grammies-attic.com/girls-christening-sizes-9-to-12-months.html" "Mozilla/5.0 (Windows; U; Windows NT 5.1; en-US; rv:1.8.1.4) Gecko/20070515 Firefox/2.0.0.4" "site.grammies-attic.com"
72.195.180.26 - - [12/Jul/2007:07:55:05 -0700] "GET /images/blue-sold-1.gif HTTP/1.1" 200 1135 "http://www.grammies-attic.com/girls-christening-sizes-9-to-12-months.html" "Mozilla/5.0 (Windows; U; Windows NT 5.1; en-US; rv:1.8.1.4) Gecko/20070515 Firefox/2.0.0.4" "site.grammies-attic.com"
72.195.180.26 - - [12/Jul/2007:07:55:05 -0700] "GET /CROPPEDBAR.gif HTTP/1.1" 200 527 "http://www.grammies-attic.com/girls-christening-sizes-9-to-12-months.html" "Mozilla/5.0 (Windows; U; Windows NT 5.1; en-US; rv:1.8.1.4) Gecko/20070515 Firefox/2.0.0.4" "site.grammies-attic.com"
69.132.109.243 - - [12/Jul/2007:07:59:24 -0700] "GET /logo-files/images/spacer.gif HTTP/1.1" 304 - "http://www.grammies-attic.com/laco-kimonos.html" "Mozilla/4.0 (compatible; MSIE 7.0; Windows NT 5.1; .NET CLR 1.1.4322)" "site.grammies-attic.com"
69.132.109.243 - - [12/Jul/2007:07:59:24 -0700] "GET /logo-files/images/logo-with-horizontal-nav-12.gif HTTP/1.1" 304 - "http://www.grammies-attic.com/laco-kimonos.html" "Mozilla/4.0 (compatible; MSIE 7.0; Windows NT 5.1; .NET CLR 1.1.4322)" "site.grammies-attic.com"
69.132.109.243 - - [12/Jul/2007:07:59:24 -0700] "GET /logo-files/images/logo-with-horizontal-nav-04.gif HTTP/1.1" 304 - "http://www.grammies-attic.com/laco-kimonos.html" "Mozilla/4.0 (compatible; MSIE 7.0; Windows NT 5.1; .NET CLR 1.1.4322)" "site.grammies-attic.com"
76.188.188.63 - - [12/Jul/2007:07:59:24 -0700] "GET /logo-files/images/logo-with-horizontal-nav-ba.gif HTTP/1.1" 200 3521 "http://www.grammies-attic.com/bibsbonnets-bonnets.html" "Mozilla/4.0 (compatible; MSIE 6.0; Windows NT 5.1; SV1; .NET CLR 1.1.4322)" "site.grammies-attic.com"
76.188.188.63 - - [12/Jul/2007:07:59:24 -0700] "GET /credit-cards-5-copy.jpg HTTP/1.1" 200 39453 "http://www.grammies-attic.com/bibsbonnets-bonnets.html" "Mozilla/4.0 (compatible; MSIE 6.0; Windows NT 5.1; SV1; .NET CLR 1.1.4322)" "site.grammies-attic.com"
69.132.109.243 - - [12/Jul/2007:07:59:24 -0700] "GET /logo-files/images/logo-with-horizontal-nav-07.gif HTTP/1.1" 304 - "http://www.grammies-attic.com/laco-kimonos.html" "Mozilla/4.0 (compatible; MSIE 7.0; Windows NT 5.1; .NET CLR 1.1.4322)" "site.grammies-attic.com"
69.132.109.243 - - [12/Jul/2007:07:59:24 -0700] "GET /index.html HTTP/1.1" 404 275 "http://www.grammies-attic.com/laco-kimonos.html" "Mozilla/4.0 (compatible; MSIE 7.0; Windows NT 5.1; .NET CLR 1.1.4322)" "site.grammies-attic.com"
76.188.188.63 - - [12/Jul/2007:07:59:24 -0700] "GET /logo-files/images/spacer.gif HTTP/1.1" 200 43 "http://www.grammies-attic.com/bibsbonnets-bonnets.html" "Mozilla/4.0 (compatible; MSIE 6.0; Windows NT 5.1; SV1; .NET CLR 1.1.4322)" "site.grammies-attic.com"
69.132.109.243 - - [12/Jul/2007:07:59:24 -0700] "GET /logo-files/images/logo-with-horizontal-nav-08.gif HTTP/1.1" 304 - "http://www.grammies-attic.com/laco-kimonos.html" "Mozilla/4.0 (compatible; MSIE 7.0; Windows NT 5.1; .NET CLR 1.1.4322)" "site.grammies-attic.com"
69.132.109.243 - - [12/Jul/2007:07:59:25 -0700] "GET /logo-files/images/logo-with-horizontal-nav-10.gif HTTP/1.1" 304 - "http://www.grammies-attic.com/laco-kimonos.html" "Mozilla/4.0 (compatible; MSIE 7.0; Windows NT 5.1; .NET CLR 1.1.4322)" "site.grammies-attic.com"
69.132.109.243 - - [12/Jul/2007:07:59:25 -0700] "GET /logo-files/images/logo-with-horizontal-nav-11.gif HTTP/1.1" 304 - "http://www.grammies-attic.com/laco-kimonos.html" "Mozilla/4.0 (compatible; MSIE 7.0; Windows NT 5.1; .NET CLR 1.1.4322)" "site.grammies-attic.com"
76.188.188.63 - - [12/Jul/2007:07:59:25 -0700] "GET /logo-files/images/logo-with-horizontal-nav-04.gif HTTP/1.1" 200 6253 "http://www.grammies-attic.com/bibsbonnets-bonnets.html" "Mozilla/4.0 (compatible; MSIE 6.0; Windows NT 5.1; SV1; .NET CLR 1.1.4322)" "site.grammies-attic.com"
69.132.109.243 - - [12/Jul/2007:07:59:25 -0700] "GET /logo-files/images/logo-with-horizontal-nav-05.gif HTTP/1.1" 304 - "http://www.grammies-attic.com/laco-kimonos.html" "Mozilla/4.0 (compatible; MSIE 7.0; Windows NT 5.1; .NET CLR 1.1.4322)" "site.grammies-attic.com"
69.132.109.243 - - [12/Jul/2007:07:59:25 -0700] "GET /logo-files/images/logo-with-horizontal-nav-13.gif HTTP/1.1" 304 - "http://www.grammies-attic.com/laco-kimonos.html" "Mozilla/4.0 (compatible; MSIE 7.0; Windows NT 5.1; .NET CLR 1.1.4322)" "site.grammies-attic.com"
76.188.188.63 - - [12/Jul/2007:07:59:25 -0700] "GET /logo-files/images/logo-with-horizontal-nav-05.gif HTTP/1.1" 200 1209 "http://www.grammies-attic.com/bibsbonnets-bonnets.html" "Mozilla/4.0 (compatible; MSIE 6.0; Windows NT 5.1; SV1; .NET CLR 1.1.4322)" "site.grammies-attic.com"
69.132.109.243 - - [12/Jul/2007:07:59:25 -0700] "GET /logo-files/images/logo-with-horizontal-nav-14.gif HTTP/1.1" 304 - "http://www.grammies-attic.com/laco-kimonos.html" "Mozilla/4.0 (compatible; MSIE 7.0; Windows NT 5.1; .NET CLR 1.1.4322)" "site.grammies-attic.com"
69.132.109.243 - - [12/Jul/2007:07:59:25 -0700] "GET /logo-files/images/logo-with-horizontal-nav-15.gif HTTP/1.1" 304 - "http://www.grammies-attic.com/laco-kimonos.html" "Mozilla/4.0 (compatible; MSIE 7.0; Windows NT 5.1; .NET CLR 1.1.4322)" "site.grammies-attic.com"
69.132.109.243 - - [12/Jul/2007:07:59:25 -0700] "GET /logo-files/images/logo-with-horizontal-nav-16.gif HTTP/1.1" 304 - "http://www.grammies-attic.com/laco-kimonos.html" "Mozilla/4.0 (compatible; MSIE 7.0; Windows NT 5.1; .NET CLR 1.1.4322)" "site.grammies-attic.com"
69.132.109.243 - - [12/Jul/2007:07:59:25 -0700] "GET /logo-files/images/logo-with-horizontal-nav-17.gif HTTP/1.1" 304 - "http://www.grammies-attic.com/laco-kimonos.html" "Mozilla/4.0 (compatible; MSIE 7.0; Windows NT 5.1; .NET CLR 1.1.4322)" "site.grammies-attic.com"
76.188.188.63 - - [12/Jul/2007:07:59:25 -0700] "GET /logo-files/images/logo-with-horizontal-nav-08.gif HTTP/1.1" 200 1958 "http://www.grammies-attic.com/bibsbonnets-bonnets.html" "Mozilla/4.0 (compatible; MSIE 6.0; Windows NT 5.1; SV1; .NET CLR 1.1.4322)" "site.grammies-attic.com"
69.132.109.243 - - [12/Jul/2007:07:59:25 -0700] "GET /logo-files/images/logo-with-horizontal-nav-18.gif HTTP/1.1" 304 - "http://www.grammies-attic.com/laco-kimonos.html" "Mozilla/4.0 (compatible; MSIE 7.0; Windows NT 5.1; .NET CLR 1.1.4322)" "site.grammies-attic.com"
69.132.109.243 - - [12/Jul/2007:07:59:25 -0700] "GET /logo-files/images/logo-with-horizontal-nav-19.gif HTTP/1.1" 304 - "http://www.grammies-attic.com/laco-kimonos.html" "Mozilla/4.0 (compatible; MSIE 7.0; Windows NT 5.1; .NET CLR 1.1.4322)" "site.grammies-attic.com"
76.188.188.63 - - [12/Jul/2007:07:59:26 -0700] "GET /logo-files/images/logo-with-horizontal-nav-09.gif HTTP/1.1" 200 1012 "http://www.grammies-attic.com/bibsbonnets-bonnets.html" "Mozilla/4.0 (compatible; MSIE 6.0; Windows NT 5.1; SV1; .NET CLR 1.1.4322)" "site.grammies-attic.com"
69.132.109.243 - - [12/Jul/2007:07:59:26 -0700] "GET /logo-files/images/logo-with-horizontal-nav-20.gif HTTP/1.1" 304 - "http://www.grammies-attic.com/laco-kimonos.html" "Mozilla/4.0 (compatible; MSIE 7.0; Windows NT 5.1; .NET CLR 1.1.4322)" "site.grammies-attic.com"
76.188.188.63 - - [12/Jul/2007:07:59:26 -0700] "GET /logo-files/images/logo-with-horizontal-nav-11.gif HTTP/1.1" 200 1355 "http://www.grammies-attic.com/bibsbonnets-bonnets.html" "Mozilla/4.0 (compatible; MSIE 6.0; Windows NT 5.1; SV1; .NET CLR 1.1.4322)" "site.grammies-attic.com"
69.132.109.243 - - [12/Jul/2007:07:59:26 -0700] "GET /logo-files/images/logo-with-horizontal-nav-22.gif HTTP/1.1" 304 - "http://www.grammies-attic.com/laco-kimonos.html" "Mozilla/4.0 (compatible; MSIE 7.0; Windows NT 5.1; .NET CLR 1.1.4322)" "site.grammies-attic.com"
69.132.109.243 - - [12/Jul/2007:07:59:26 -0700] "GET /logo-files/images/logo-with-horizontal-nav-23.gif HTTP/1.1" 304 - "http://www.grammies-attic.com/laco-kimonos.html" "Mozilla/4.0 (compatible; MSIE 7.0; Windows NT 5.1; .NET CLR 1.1.4322)" "site.grammies-attic.com"
69.132.109.243 - - [12/Jul/2007:07:59:26 -0700] "GET /logo-files/images/logo-with-horizontal-nav-24.gif HTTP/1.1" 304 - "http://www.grammies-attic.com/laco-kimonos.html" "Mozilla/4.0 (compatible; MSIE 7.0; Windows NT 5.1; .NET CLR 1.1.4322)" "site.grammies-attic.com"
69.132.109.243 - - [12/Jul/2007:07:59:26 -0700] "GET /logo-files/images/logo-with-horizontal-nav-25.gif HTTP/1.1" 304 - "http://www.grammies-attic.com/laco-kimonos.html" "Mozilla/4.0 (compatible; MSIE 7.0; Windows NT 5.1; .NET CLR 1.1.4322)" "site.grammies-attic.com"
69.132.109.243 - - [12/Jul/2007:07:59:26 -0700] "GET /logo-files/images/logo-with-horizontal-nav-26.gif HTTP/1.1" 304 - "http://www.grammies-attic.com/laco-kimonos.html" "Mozilla/4.0 (compatible; MSIE 7.0; Windows NT 5.1; .NET CLR 1.1.4322)" "site.grammies-attic.com"
69.132.109.243 - - [12/Jul/2007:07:59:26 -0700] "GET /logo-files/images/logo-with-horizontal-nav-27.gif HTTP/1.1" 304 - "http://www.grammies-attic.com/laco-kimonos.html" "Mozilla/4.0 (compatible; MSIE 7.0; Windows NT 5.1; .NET CLR 1.1.4322)" "site.grammies-attic.com"
69.132.109.243 - - [12/Jul/2007:07:59:26 -0700] "GET /logo-files/images/logo-with-horizontal-nav-28.gif HTTP/1.1" 304 - "http://www.grammies-attic.com/laco-kimonos.html" "Mozilla/4.0 (compatible; MSIE 7.0; Windows NT 5.1; .NET CLR 1.1.4322)" "site.grammies-attic.com"
69.132.109.243 - - [12/Jul/2007:07:59:26 -0700] "GET /logo-files/images/logo-with-horizontal-nav-29.gif HTTP/1.1" 304 - "http://www.grammies-attic.com/laco-kimonos.html" "Mozilla/4.0 (compatible; MSIE 7.0; Windows NT 5.1; .NET CLR 1.1.4322)" "site.grammies-attic.com"
69.132.109.243 - - [12/Jul/2007:07:59:27 -0700] "GET /logo-files/images/logo-with-horizontal-nav-30.gif HTTP/1.1" 304 - "http://www.grammies-attic.com/laco-kimonos.html" "Mozilla/4.0 (compatible; MSIE 7.0; Windows NT 5.1; .NET CLR 1.1.4322)" "site.grammies-attic.com"
69.132.109.243 - - [12/Jul/2007:07:59:27 -0700] "GET /logo-files/images/logo-with-horizontal-nav-31.gif HTTP/1.1" 304 - "http://www.grammies-attic.com/laco-kimonos.html" "Mozilla/4.0 (compatible; MSIE 7.0; Windows NT 5.1; .NET CLR 1.1.4322)" "site.grammies-attic.com"
69.132.109.243 - - [12/Jul/2007:07:59:27 -0700] "GET /images/blue-sold-1.gif HTTP/1.1" 304 - "http://www.grammies-attic.com/laco-kimonos.html" "Mozilla/4.0 (compatible; MSIE 7.0; Windows NT 5.1; .NET CLR 1.1.4322)" "site.grammies-attic.com"
